{"id":96641,"date":"2023-05-18T13:37:34","date_gmt":"2023-05-18T17:37:34","guid":{"rendered":"https:\/\/panm360.com\/?post_type=agenda&#038;p=96641"},"modified":"2023-05-18T13:48:49","modified_gmt":"2023-05-18T17:48:49","slug":"fredy-guzman-a-la-casa-del-popolo","status":"publish","type":"agenda","link":"https:\/\/panm360.com\/en\/agenda\/fredy-guzman-a-la-casa-del-popolo\/","title":{"rendered":"Fredy Guzman \u00e0 la Casa del Popolo"},"content":{"rendered":"\n<p class=\"wp-block-paragraph\">Fredy Guzman est n\u00e9 \u00e0 la fin des ann\u00e9es 80 \u00e0 Lima, au P\u00e9rou. Il a commenc\u00e9 \u00e0 jouer du violon \u00e0 l&#8217;\u00e2ge de cinq ans et, peu apr\u00e8s, a donn\u00e9 des r\u00e9citals au Newton College, impressionnant ses professeurs. Quelques ann\u00e9es plus tard, il passe \u00e0 la mandoline, puis \u00e0 la guitare, avec laquelle il excelle. En 2007, Fredy a obtenu une bourse pour aller au Berklee College of Music \u00e0 Boston. Pendant ses quatre ann\u00e9es au Berklee, il a \u00e9tudi\u00e9 avec Tim Miller, David Gilmore et Ed Tomassi.<\/p>\n\n\n\n<p class=\"wp-block-paragraph\">Fredy Guzman was born in the late eighties in Lima, Peru. He began playing violin at age five and soon after gave recitals at Newton College leaving his teachers impressed. After a few years, he moved onto mandolin and then to guitar, with which he excelled. In 2007, Fredy won a scholarship to attend Berklee College of Music in Boston and during his four years at Berklee, he studied under Tim Miller, David Gilmore and Ed Tomassi.<\/p>\n\n\n\n<p class=\"wp-block-paragraph\"><strong><a href=\"https:\/\/lepointdevente.com\/billets\/czz230518001\" target=\"_blank\" rel=\"noreferrer noopener\">POUR ACHETER VOTRE BILLET, C\u2019EST ICI!<\/a><\/strong><\/p>\n\n\n\n<iframe style=\"border-radius:12px\" src=\"https:\/\/open.spotify.com\/embed\/album\/4EGqkIHc7afjuTsAfNVjZY?utm_source=generator\" width=\"100%\" height=\"352\" frameBorder=\"0\" allowfullscreen=\"\" allow=\"autoplay; clipboard-write; encrypted-media; fullscreen; picture-in-picture\" loading=\"lazy\"><\/iframe>\n\n\n\n<p class=\"wp-block-paragraph\"><strong><em>Ce contenu provient de Fredy Guzman et est adapt\u00e9 par PAN M 360.<\/em><\/strong><\/p>\n","protected":false},"excerpt":{"rendered":"<p>Fredy Guzman est n\u00e9 \u00e0 la fin des ann\u00e9es 80 \u00e0 Lima, au P\u00e9rou. Il a commenc\u00e9 \u00e0 jouer du violon \u00e0 l&#8217;\u00e2ge de cinq ans et, peu apr\u00e8s, a donn\u00e9 des r\u00e9citals au Newton College, impressionnant ses professeurs. Quelques ann\u00e9es plus tard, il passe \u00e0 la mandoline, puis \u00e0 la guitare, avec laquelle il [&hellip;]<\/p>\n","protected":false},"author":936,"featured_media":0,"menu_order":0,"template":"","format":"standard","meta":{"_acf_changed":false,"_crdt_document":""},"categories":[4322],"tags":[],"generale":[3814],"genre":[4162],"pays":[4948],"salle":[7027],"ville":[7246],"class_list":["post-96641","agenda","type-agenda","status-publish","format-standard","hentry","category-listings-360","generale-lire-en","genre-jazz-en-2","pays-peru","salle-casa-del-popolo-en","ville-montreal-en"],"acf":[],"yoast_head":"<!-- This site is optimized with the Yoast SEO plugin v27.4 - https:\/\/yoast.com\/product\/yoast-seo-wordpress\/ -->\n<title>Fredy Guzman \u00e0 la Casa del Popolo - PAN M 360<\/title>\n<meta name=\"robots\" content=\"index, follow, max-snippet:-1, max-image-preview:large, max-video-preview:-1\" \/>\n<link rel=\"canonical\" href=\"https:\/\/panm360.com\/en\/agenda\/fredy-guzman-a-la-casa-del-popolo\/\" \/>\n<meta property=\"og:locale\" content=\"en_US\" \/>\n<meta property=\"og:type\" content=\"article\" \/>\n<meta property=\"og:title\" content=\"Fredy Guzman \u00e0 la Casa del Popolo - PAN M 360\" \/>\n<meta property=\"og:description\" content=\"Fredy Guzman est n\u00e9 \u00e0 la fin des ann\u00e9es 80 \u00e0 Lima, au P\u00e9rou. Il a commenc\u00e9 \u00e0 jouer du violon \u00e0 l&#8217;\u00e2ge de cinq ans et, peu apr\u00e8s, a donn\u00e9 des r\u00e9citals au Newton College, impressionnant ses professeurs. Quelques ann\u00e9es plus tard, il passe \u00e0 la mandoline, puis \u00e0 la guitare, avec laquelle il [&hellip;]\" \/>\n<meta property=\"og:url\" content=\"https:\/\/panm360.com\/en\/agenda\/fredy-guzman-a-la-casa-del-popolo\/\" \/>\n<meta property=\"og:site_name\" content=\"PAN M 360\" \/>\n<meta property=\"article:publisher\" content=\"https:\/\/www.facebook.com\/panm360\/\" \/>\n<meta property=\"article:modified_time\" content=\"2023-05-18T17:48:49+00:00\" \/>\n<meta property=\"og:image\" content=\"https:\/\/panm360.com\/wp-content\/uploads\/2023\/05\/FredyGuzman.jpg\" \/>\n\t<meta property=\"og:image:width\" content=\"600\" \/>\n\t<meta property=\"og:image:height\" content=\"450\" \/>\n\t<meta property=\"og:image:type\" content=\"image\/jpeg\" \/>\n<meta name=\"twitter:card\" content=\"summary_large_image\" \/>\n<meta name=\"twitter:site\" content=\"@PANM360\" \/>\n<meta name=\"twitter:label1\" content=\"Est. reading time\" \/>\n\t<meta name=\"twitter:data1\" content=\"1 minute\" \/>\n<script type=\"application\/ld+json\" class=\"yoast-schema-graph\">{\"@context\":\"https:\\\/\\\/schema.org\",\"@graph\":[{\"@type\":\"WebPage\",\"@id\":\"https:\\\/\\\/panm360.com\\\/en\\\/agenda\\\/fredy-guzman-a-la-casa-del-popolo\\\/\",\"url\":\"https:\\\/\\\/panm360.com\\\/en\\\/agenda\\\/fredy-guzman-a-la-casa-del-popolo\\\/\",\"name\":\"Fredy Guzman \u00e0 la Casa del Popolo - PAN M 360\",\"isPartOf\":{\"@id\":\"https:\\\/\\\/panm360.com\\\/en\\\/#website\"},\"datePublished\":\"2023-05-18T17:37:34+00:00\",\"dateModified\":\"2023-05-18T17:48:49+00:00\",\"breadcrumb\":{\"@id\":\"https:\\\/\\\/panm360.com\\\/en\\\/agenda\\\/fredy-guzman-a-la-casa-del-popolo\\\/#breadcrumb\"},\"inLanguage\":\"en-US\",\"potentialAction\":[{\"@type\":\"ReadAction\",\"target\":[\"https:\\\/\\\/panm360.com\\\/en\\\/agenda\\\/fredy-guzman-a-la-casa-del-popolo\\\/\"]}]},{\"@type\":\"BreadcrumbList\",\"@id\":\"https:\\\/\\\/panm360.com\\\/en\\\/agenda\\\/fredy-guzman-a-la-casa-del-popolo\\\/#breadcrumb\",\"itemListElement\":[{\"@type\":\"ListItem\",\"position\":1,\"name\":\"Accueil\",\"item\":\"https:\\\/\\\/panm360.com\\\/en\\\/\"},{\"@type\":\"ListItem\",\"position\":2,\"name\":\"Listings\",\"item\":\"https:\\\/\\\/panm360.com\\\/en\\\/agenda\\\/\"},{\"@type\":\"ListItem\",\"position\":3,\"name\":\"Fredy Guzman \u00e0 la Casa del Popolo\"}]},{\"@type\":\"WebSite\",\"@id\":\"https:\\\/\\\/panm360.com\\\/en\\\/#website\",\"url\":\"https:\\\/\\\/panm360.com\\\/en\\\/\",\"name\":\"PAN M 360\",\"description\":\"Le m\u00e9dia num\u00e9rique de la musique !\",\"publisher\":{\"@id\":\"https:\\\/\\\/panm360.com\\\/en\\\/#organization\"},\"potentialAction\":[{\"@type\":\"SearchAction\",\"target\":{\"@type\":\"EntryPoint\",\"urlTemplate\":\"https:\\\/\\\/panm360.com\\\/en\\\/?s={search_term_string}\"},\"query-input\":{\"@type\":\"PropertyValueSpecification\",\"valueRequired\":true,\"valueName\":\"search_term_string\"}}],\"inLanguage\":\"en-US\"},{\"@type\":\"Organization\",\"@id\":\"https:\\\/\\\/panm360.com\\\/en\\\/#organization\",\"name\":\"PAN M 360\",\"url\":\"https:\\\/\\\/panm360.com\\\/en\\\/\",\"logo\":{\"@type\":\"ImageObject\",\"inLanguage\":\"en-US\",\"@id\":\"https:\\\/\\\/panm360.com\\\/en\\\/#\\\/schema\\\/logo\\\/image\\\/\",\"url\":\"https:\\\/\\\/panm360.com\\\/wp-content\\\/uploads\\\/2019\\\/12\\\/PAN-M360_Logo_RGB.jpg\",\"contentUrl\":\"https:\\\/\\\/panm360.com\\\/wp-content\\\/uploads\\\/2019\\\/12\\\/PAN-M360_Logo_RGB.jpg\",\"width\":1663,\"height\":631,\"caption\":\"PAN M 360\"},\"image\":{\"@id\":\"https:\\\/\\\/panm360.com\\\/en\\\/#\\\/schema\\\/logo\\\/image\\\/\"},\"sameAs\":[\"https:\\\/\\\/www.facebook.com\\\/panm360\\\/\",\"https:\\\/\\\/x.com\\\/PANM360\",\"https:\\\/\\\/www.instagram.com\\\/panm360\\\/\",\"https:\\\/\\\/www.linkedin.com\\\/company\\\/panm360\\\/\",\"https:\\\/\\\/www.youtube.com\\\/channel\\\/UCHEFHd3UhIrV6EJ3ltzVKOA?view_as=subscriber\"]}]}<\/script>\n<!-- \/ Yoast SEO plugin. -->","yoast_head_json":{"title":"Fredy Guzman \u00e0 la Casa del Popolo - PAN M 360","robots":{"index":"index","follow":"follow","max-snippet":"max-snippet:-1","max-image-preview":"max-image-preview:large","max-video-preview":"max-video-preview:-1"},"canonical":"https:\/\/panm360.com\/en\/agenda\/fredy-guzman-a-la-casa-del-popolo\/","og_locale":"en_US","og_type":"article","og_title":"Fredy Guzman \u00e0 la Casa del Popolo - PAN M 360","og_description":"Fredy Guzman est n\u00e9 \u00e0 la fin des ann\u00e9es 80 \u00e0 Lima, au P\u00e9rou. Il a commenc\u00e9 \u00e0 jouer du violon \u00e0 l&#8217;\u00e2ge de cinq ans et, peu apr\u00e8s, a donn\u00e9 des r\u00e9citals au Newton College, impressionnant ses professeurs. Quelques ann\u00e9es plus tard, il passe \u00e0 la mandoline, puis \u00e0 la guitare, avec laquelle il [&hellip;]","og_url":"https:\/\/panm360.com\/en\/agenda\/fredy-guzman-a-la-casa-del-popolo\/","og_site_name":"PAN M 360","article_publisher":"https:\/\/www.facebook.com\/panm360\/","article_modified_time":"2023-05-18T17:48:49+00:00","og_image":[{"width":600,"height":450,"url":"https:\/\/panm360.com\/wp-content\/uploads\/2023\/05\/FredyGuzman.jpg","type":"image\/jpeg"}],"twitter_card":"summary_large_image","twitter_site":"@PANM360","twitter_misc":{"Est. reading time":"1 minute"},"schema":{"@context":"https:\/\/schema.org","@graph":[{"@type":"WebPage","@id":"https:\/\/panm360.com\/en\/agenda\/fredy-guzman-a-la-casa-del-popolo\/","url":"https:\/\/panm360.com\/en\/agenda\/fredy-guzman-a-la-casa-del-popolo\/","name":"Fredy Guzman \u00e0 la Casa del Popolo - PAN M 360","isPartOf":{"@id":"https:\/\/panm360.com\/en\/#website"},"datePublished":"2023-05-18T17:37:34+00:00","dateModified":"2023-05-18T17:48:49+00:00","breadcrumb":{"@id":"https:\/\/panm360.com\/en\/agenda\/fredy-guzman-a-la-casa-del-popolo\/#breadcrumb"},"inLanguage":"en-US","potentialAction":[{"@type":"ReadAction","target":["https:\/\/panm360.com\/en\/agenda\/fredy-guzman-a-la-casa-del-popolo\/"]}]},{"@type":"BreadcrumbList","@id":"https:\/\/panm360.com\/en\/agenda\/fredy-guzman-a-la-casa-del-popolo\/#breadcrumb","itemListElement":[{"@type":"ListItem","position":1,"name":"Accueil","item":"https:\/\/panm360.com\/en\/"},{"@type":"ListItem","position":2,"name":"Listings","item":"https:\/\/panm360.com\/en\/agenda\/"},{"@type":"ListItem","position":3,"name":"Fredy Guzman \u00e0 la Casa del Popolo"}]},{"@type":"WebSite","@id":"https:\/\/panm360.com\/en\/#website","url":"https:\/\/panm360.com\/en\/","name":"PAN M 360","description":"Le m\u00e9dia num\u00e9rique de la musique !","publisher":{"@id":"https:\/\/panm360.com\/en\/#organization"},"potentialAction":[{"@type":"SearchAction","target":{"@type":"EntryPoint","urlTemplate":"https:\/\/panm360.com\/en\/?s={search_term_string}"},"query-input":{"@type":"PropertyValueSpecification","valueRequired":true,"valueName":"search_term_string"}}],"inLanguage":"en-US"},{"@type":"Organization","@id":"https:\/\/panm360.com\/en\/#organization","name":"PAN M 360","url":"https:\/\/panm360.com\/en\/","logo":{"@type":"ImageObject","inLanguage":"en-US","@id":"https:\/\/panm360.com\/en\/#\/schema\/logo\/image\/","url":"https:\/\/panm360.com\/wp-content\/uploads\/2019\/12\/PAN-M360_Logo_RGB.jpg","contentUrl":"https:\/\/panm360.com\/wp-content\/uploads\/2019\/12\/PAN-M360_Logo_RGB.jpg","width":1663,"height":631,"caption":"PAN M 360"},"image":{"@id":"https:\/\/panm360.com\/en\/#\/schema\/logo\/image\/"},"sameAs":["https:\/\/www.facebook.com\/panm360\/","https:\/\/x.com\/PANM360","https:\/\/www.instagram.com\/panm360\/","https:\/\/www.linkedin.com\/company\/panm360\/","https:\/\/www.youtube.com\/channel\/UCHEFHd3UhIrV6EJ3ltzVKOA?view_as=subscriber"]}]}},"_links":{"self":[{"href":"https:\/\/panm360.com\/en\/wp-json\/wp\/v2\/agenda\/96641","targetHints":{"allow":["GET"]}}],"collection":[{"href":"https:\/\/panm360.com\/en\/wp-json\/wp\/v2\/agenda"}],"about":[{"href":"https:\/\/panm360.com\/en\/wp-json\/wp\/v2\/types\/agenda"}],"author":[{"embeddable":true,"href":"https:\/\/panm360.com\/en\/wp-json\/wp\/v2\/users\/936"}],"wp:attachment":[{"href":"https:\/\/panm360.com\/en\/wp-json\/wp\/v2\/media?parent=96641"}],"wp:term":[{"taxonomy":"category","embeddable":true,"href":"https:\/\/panm360.com\/en\/wp-json\/wp\/v2\/categories?post=96641"},{"taxonomy":"post_tag","embeddable":true,"href":"https:\/\/panm360.com\/en\/wp-json\/wp\/v2\/tags?post=96641"},{"taxonomy":"generale","embeddable":true,"href":"https:\/\/panm360.com\/en\/wp-json\/wp\/v2\/generale?post=96641"},{"taxonomy":"genre","embeddable":true,"href":"https:\/\/panm360.com\/en\/wp-json\/wp\/v2\/genre?post=96641"},{"taxonomy":"pays","embeddable":true,"href":"https:\/\/panm360.com\/en\/wp-json\/wp\/v2\/pays?post=96641"},{"taxonomy":"salle","embeddable":true,"href":"https:\/\/panm360.com\/en\/wp-json\/wp\/v2\/salle?post=96641"},{"taxonomy":"ville","embeddable":true,"href":"https:\/\/panm360.com\/en\/wp-json\/wp\/v2\/ville?post=96641"}],"curies":[{"name":"wp","href":"https:\/\/api.w.org\/{rel}","templated":true}]}}

Fredy Guzman à la Casa del Popolo

<p class="wp-block-paragraph">Fredy Guzman est né à la fin des années 80 à Lima, au Pérou. Il a commencé à jouer du violon à l&#8217;âge de cinq ans et, peu après, a donné des récitals au Newton College, impressionnant ses professeurs. Quelques années plus tard, il passe à la mandoline, puis à la guitare, avec laquelle il excelle. En 2007, Fredy a obtenu une bourse pour aller au Berklee College of Music à Boston. Pendant ses quatre années au Berklee, il a étudié avec Tim Miller, David Gilmore et Ed Tomassi.</p>



<p class="wp-block-paragraph">Fredy Guzman was born in the late eighties in Lima, Peru. He began playing violin at age five and soon after gave recitals at Newton College leaving his teachers impressed. After a few years, he moved onto mandolin and then to guitar, with which he excelled. In 2007, Fredy won a scholarship to attend Berklee College of Music in Boston and during his four years at Berklee, he studied under Tim Miller, David Gilmore and Ed Tomassi.</p>



<p class="wp-block-paragraph"><strong><a href="https://lepointdevente.com/billets/czz230518001" target="_blank" rel="noreferrer noopener">POUR ACHETER VOTRE BILLET, C’EST ICI!</a></strong></p>



<iframe style="border-radius:12px" src="https://open.spotify.com/embed/album/4EGqkIHc7afjuTsAfNVjZY?utm_source=generator" width="100%" height="352" frameBorder="0" allowfullscreen="" allow="autoplay; clipboard-write; encrypted-media; fullscreen; picture-in-picture" loading="lazy"></iframe>



<p class="wp-block-paragraph"><strong><em>Ce contenu provient de Fredy Guzman et est adapté par PAN M 360.</em></strong></p>

<p>Fredy Guzman est né à la fin des années 80 à Lima, au Pérou. Il a commencé à jouer du violon à l&#8217;âge de cinq ans et, peu après, a donné des récitals au Newton College, impressionnant ses professeurs. Quelques années plus tard, il passe à la mandoline, puis à la guitare, avec laquelle il [&hellip;]</p>

<!-- This site is optimized with the Yoast SEO plugin v27.4 - https://yoast.com/product/yoast-seo-wordpress/ -->
<title>Fredy Guzman à la Casa del Popolo - PAN M 360</title>
<meta name="robots" content="index, follow, max-snippet:-1, max-image-preview:large, max-video-preview:-1" />
<link rel="canonical" href="https://panm360.com/en/agenda/fredy-guzman-a-la-casa-del-popolo/" />
<meta property="og:locale" content="en_US" />
<meta property="og:type" content="article" />
<meta property="og:title" content="Fredy Guzman à la Casa del Popolo - PAN M 360" />
<meta property="og:description" content="Fredy Guzman est né à la fin des années 80 à Lima, au Pérou. Il a commencé à jouer du violon à l&#8217;âge de cinq ans et, peu après, a donné des récitals au Newton College, impressionnant ses professeurs. Quelques années plus tard, il passe à la mandoline, puis à la guitare, avec laquelle il [&hellip;]" />
<meta property="og:url" content="https://panm360.com/en/agenda/fredy-guzman-a-la-casa-del-popolo/" />
<meta property="og:site_name" content="PAN M 360" />
<meta property="article:publisher" content="https://www.facebook.com/panm360/" />
<meta property="article:modified_time" content="2023-05-18T17:48:49+00:00" />
<meta property="og:image" content="https://panm360.com/wp-content/uploads/2023/05/FredyGuzman.jpg" />
	<meta property="og:image:width" content="600" />
	<meta property="og:image:height" content="450" />
	<meta property="og:image:type" content="image/jpeg" />
<meta name="twitter:card" content="summary_large_image" />
<meta name="twitter:site" content="@PANM360" />
<meta name="twitter:label1" content="Est. reading time" />
	<meta name="twitter:data1" content="1 minute" />
<script type="application/ld+json" class="yoast-schema-graph">{"@context":"https:\/\/schema.org","@graph":[{"@type":"WebPage","@id":"https:\/\/panm360.com\/en\/agenda\/fredy-guzman-a-la-casa-del-popolo\/","url":"https:\/\/panm360.com\/en\/agenda\/fredy-guzman-a-la-casa-del-popolo\/","name":"Fredy Guzman à la Casa del Popolo - PAN M 360","isPartOf":{"@id":"https:\/\/panm360.com\/en\/#website"},"datePublished":"2023-05-18T17:37:34+00:00","dateModified":"2023-05-18T17:48:49+00:00","breadcrumb":{"@id":"https:\/\/panm360.com\/en\/agenda\/fredy-guzman-a-la-casa-del-popolo\/#breadcrumb"},"inLanguage":"en-US","potentialAction":[{"@type":"ReadAction","target":["https:\/\/panm360.com\/en\/agenda\/fredy-guzman-a-la-casa-del-popolo\/"]}]},{"@type":"BreadcrumbList","@id":"https:\/\/panm360.com\/en\/agenda\/fredy-guzman-a-la-casa-del-popolo\/#breadcrumb","itemListElement":[{"@type":"ListItem","position":1,"name":"Accueil","item":"https:\/\/panm360.com\/en\/"},{"@type":"ListItem","position":2,"name":"Listings","item":"https:\/\/panm360.com\/en\/agenda\/"},{"@type":"ListItem","position":3,"name":"Fredy Guzman à la Casa del Popolo"}]},{"@type":"WebSite","@id":"https:\/\/panm360.com\/en\/#website","url":"https:\/\/panm360.com\/en\/","name":"PAN M 360","description":"Le média numérique de la musique !","publisher":{"@id":"https:\/\/panm360.com\/en\/#organization"},"potentialAction":[{"@type":"SearchAction","target":{"@type":"EntryPoint","urlTemplate":"https:\/\/panm360.com\/en\/?s={search_term_string}"},"query-input":{"@type":"PropertyValueSpecification","valueRequired":true,"valueName":"search_term_string"}}],"inLanguage":"en-US"},{"@type":"Organization","@id":"https:\/\/panm360.com\/en\/#organization","name":"PAN M 360","url":"https:\/\/panm360.com\/en\/","logo":{"@type":"ImageObject","inLanguage":"en-US","@id":"https:\/\/panm360.com\/en\/#\/schema\/logo\/image\/","url":"https:\/\/panm360.com\/wp-content\/uploads\/2019\/12\/PAN-M360_Logo_RGB.jpg","contentUrl":"https:\/\/panm360.com\/wp-content\/uploads\/2019\/12\/PAN-M360_Logo_RGB.jpg","width":1663,"height":631,"caption":"PAN M 360"},"image":{"@id":"https:\/\/panm360.com\/en\/#\/schema\/logo\/image\/"},"sameAs":["https:\/\/www.facebook.com\/panm360\/","https:\/\/x.com\/PANM360","https:\/\/www.instagram.com\/panm360\/","https:\/\/www.linkedin.com\/company\/panm360\/","https:\/\/www.youtube.com\/channel\/UCHEFHd3UhIrV6EJ3ltzVKOA?view_as=subscriber"]}]}</script>
<!-- / Yoast SEO plugin. -->

Fredy Guzman à la Casa del Popolo - PAN M 360

Fredy Guzman est né à la fin des années 80 à Lima, au Pérou. Il a commencé à jouer du violon à l&#8217;âge de cinq ans et, peu après, a donné des récitals au Newton College, impressionnant ses professeurs. Quelques années plus tard, il passe à la mandoline, puis à la guitare, avec laquelle il [&hellip;]

Le média numérique de la musique !
