{"id":90033,"date":"2023-02-21T06:50:00","date_gmt":"2023-02-21T11:50:00","guid":{"rendered":"https:\/\/panm360.com\/?post_type=agenda&#038;p=90033"},"modified":"2023-02-21T07:46:32","modified_gmt":"2023-02-21T12:46:32","slug":"mykalle-bielinski-presente-warm-up","status":"publish","type":"agenda","link":"https:\/\/panm360.com\/en\/agenda\/mykalle-bielinski-presente-warm-up\/","title":{"rendered":"Mykalle Bielinski pr\u00e9sente Warm up"},"content":{"rendered":"\n<p class=\"wp-block-paragraph\">Sur un v\u00e9lo branch\u00e9 \u00e0 une batterie, Mykalle p\u00e9dale pour chanter. Mais l\u2019\u00e9puisement de son corps est corr\u00e9latif \u00e0 celui de la plan\u00e8te et l\u2019artiste doit questionner sa surconsommation pour \u00e9viter la surchauffe.<\/p>\n\n\n\n<p class=\"wp-block-paragraph\">Performance sportive, manifeste, concert et m\u00e9ditation, Warm up explore les d\u00e9croissances n\u00e9cessaires pour reconstruire le sacr\u00e9 de notre lien \u00e0 la nature et \u00e0 l\u2019\u00e9nergie.<\/p>\n\n\n\n<p class=\"wp-block-paragraph\">Dans les chants et les gestes rituels, le spectacle r\u00e9v\u00e8le le r\u00f4le cl\u00e9 que peuvent jouer les artistes pour sensibiliser l\u2019auditoire aux enjeux environnementaux et politiques actuels.<\/p>\n\n\n\n<p class=\"wp-block-paragraph\">Faced with climate change, a challenge: do without natural resources and use her body to produce the electricity for her show.<\/p>\n\n\n\n<p class=\"wp-block-paragraph\">On a bicycle attached to a battery, Mykalle pedals to sing. But her exhaustion mirrors the planet\u2019s and the artist must question her overconsumption to avoid overheating.<\/p>\n\n\n\n<p class=\"wp-block-paragraph\">Athletic performance, manifesto, concert and meditation, Warm up explores the degrowth required to rebuild our connection to nature and energy.<\/p>\n\n\n\n<p class=\"wp-block-paragraph\">The piece invites us to come together and offers a reflection on the deeper meaning of commitment, living together and the role of the artist.<\/p>\n\n\n\n<p class=\"wp-block-paragraph\"><strong><a href=\"https:\/\/st-laurent.tuxedobillet.com\/Salle%20emile-Legault\/warm-up\" target=\"_blank\" rel=\"noreferrer noopener\">POUR R\u00c9SERVER VOTRE PLACE, C\u2019EST ICI!<\/a><\/strong><\/p>\n\n\n\n<iframe loading=\"lazy\" width=\"668\" height=\"376\" src=\"https:\/\/www.youtube.com\/embed\/mnbyD7qMaqQ\" title=\"WARM UP_Bande annonce_Une performance \u00e9cologique\" frameborder=\"0\" allow=\"accelerometer; autoplay; clipboard-write; encrypted-media; gyroscope; picture-in-picture; web-share\" allowfullscreen=\"\"><\/iframe>\n\n\n\n<p class=\"wp-block-paragraph\"><strong><em>Ce contenu provient de la ville de Montr\u00e9al et est adapt\u00e9 par PAN M 360.<\/em><\/strong><\/p>\n","protected":false},"excerpt":{"rendered":"<p>Sur un v\u00e9lo branch\u00e9 \u00e0 une batterie, Mykalle p\u00e9dale pour chanter. Mais l\u2019\u00e9puisement de son corps est corr\u00e9latif \u00e0 celui de la plan\u00e8te et l\u2019artiste doit questionner sa surconsommation pour \u00e9viter la surchauffe. Performance sportive, manifeste, concert et m\u00e9ditation, Warm up explore les d\u00e9croissances n\u00e9cessaires pour reconstruire le sacr\u00e9 de notre lien \u00e0 la nature [&hellip;]<\/p>\n","protected":false},"author":936,"featured_media":0,"menu_order":0,"template":"","format":"standard","meta":{"_acf_changed":false,"_crdt_document":""},"categories":[4322],"tags":[],"generale":[3814],"genre":[3245],"pays":[3861],"salle":[8317],"ville":[7246],"class_list":["post-90033","agenda","type-agenda","status-publish","format-standard","hentry","category-listings-360","generale-lire-en","genre-pop-2","pays-quebec-en","salle-salle-emile-legault-en","ville-montreal-en"],"acf":[],"yoast_head":"<!-- This site is optimized with the Yoast SEO plugin v27.4 - https:\/\/yoast.com\/product\/yoast-seo-wordpress\/ -->\n<title>Mykalle Bielinski pr\u00e9sente Warm up - PAN M 360<\/title>\n<meta name=\"robots\" content=\"index, follow, max-snippet:-1, max-image-preview:large, max-video-preview:-1\" \/>\n<link rel=\"canonical\" href=\"https:\/\/panm360.com\/en\/agenda\/mykalle-bielinski-presente-warm-up\/\" \/>\n<meta property=\"og:locale\" content=\"en_US\" \/>\n<meta property=\"og:type\" content=\"article\" \/>\n<meta property=\"og:title\" content=\"Mykalle Bielinski pr\u00e9sente Warm up - PAN M 360\" \/>\n<meta property=\"og:description\" content=\"Sur un v\u00e9lo branch\u00e9 \u00e0 une batterie, Mykalle p\u00e9dale pour chanter. Mais l\u2019\u00e9puisement de son corps est corr\u00e9latif \u00e0 celui de la plan\u00e8te et l\u2019artiste doit questionner sa surconsommation pour \u00e9viter la surchauffe. Performance sportive, manifeste, concert et m\u00e9ditation, Warm up explore les d\u00e9croissances n\u00e9cessaires pour reconstruire le sacr\u00e9 de notre lien \u00e0 la nature [&hellip;]\" \/>\n<meta property=\"og:url\" content=\"https:\/\/panm360.com\/en\/agenda\/mykalle-bielinski-presente-warm-up\/\" \/>\n<meta property=\"og:site_name\" content=\"PAN M 360\" \/>\n<meta property=\"article:publisher\" content=\"https:\/\/www.facebook.com\/panm360\/\" \/>\n<meta property=\"article:modified_time\" content=\"2023-02-21T12:46:32+00:00\" \/>\n<meta property=\"og:image\" content=\"https:\/\/panm360.com\/wp-content\/uploads\/2023\/02\/warm-up-maxime-cote-5.jpg\" \/>\n\t<meta property=\"og:image:width\" content=\"1440\" \/>\n\t<meta property=\"og:image:height\" content=\"958\" \/>\n\t<meta property=\"og:image:type\" content=\"image\/jpeg\" \/>\n<meta name=\"twitter:card\" content=\"summary_large_image\" \/>\n<meta name=\"twitter:site\" content=\"@PANM360\" \/>\n<meta name=\"twitter:label1\" content=\"Est. reading time\" \/>\n\t<meta name=\"twitter:data1\" content=\"2 minutes\" \/>\n<script type=\"application\/ld+json\" class=\"yoast-schema-graph\">{\"@context\":\"https:\\\/\\\/schema.org\",\"@graph\":[{\"@type\":\"WebPage\",\"@id\":\"https:\\\/\\\/panm360.com\\\/en\\\/agenda\\\/mykalle-bielinski-presente-warm-up\\\/\",\"url\":\"https:\\\/\\\/panm360.com\\\/en\\\/agenda\\\/mykalle-bielinski-presente-warm-up\\\/\",\"name\":\"Mykalle Bielinski pr\u00e9sente Warm up - PAN M 360\",\"isPartOf\":{\"@id\":\"https:\\\/\\\/panm360.com\\\/en\\\/#website\"},\"datePublished\":\"2023-02-21T11:50:00+00:00\",\"dateModified\":\"2023-02-21T12:46:32+00:00\",\"breadcrumb\":{\"@id\":\"https:\\\/\\\/panm360.com\\\/en\\\/agenda\\\/mykalle-bielinski-presente-warm-up\\\/#breadcrumb\"},\"inLanguage\":\"en-US\",\"potentialAction\":[{\"@type\":\"ReadAction\",\"target\":[\"https:\\\/\\\/panm360.com\\\/en\\\/agenda\\\/mykalle-bielinski-presente-warm-up\\\/\"]}]},{\"@type\":\"BreadcrumbList\",\"@id\":\"https:\\\/\\\/panm360.com\\\/en\\\/agenda\\\/mykalle-bielinski-presente-warm-up\\\/#breadcrumb\",\"itemListElement\":[{\"@type\":\"ListItem\",\"position\":1,\"name\":\"Accueil\",\"item\":\"https:\\\/\\\/panm360.com\\\/en\\\/\"},{\"@type\":\"ListItem\",\"position\":2,\"name\":\"Listings\",\"item\":\"https:\\\/\\\/panm360.com\\\/en\\\/agenda\\\/\"},{\"@type\":\"ListItem\",\"position\":3,\"name\":\"Mykalle Bielinski pr\u00e9sente Warm up\"}]},{\"@type\":\"WebSite\",\"@id\":\"https:\\\/\\\/panm360.com\\\/en\\\/#website\",\"url\":\"https:\\\/\\\/panm360.com\\\/en\\\/\",\"name\":\"PAN M 360\",\"description\":\"Le m\u00e9dia num\u00e9rique de la musique !\",\"publisher\":{\"@id\":\"https:\\\/\\\/panm360.com\\\/en\\\/#organization\"},\"potentialAction\":[{\"@type\":\"SearchAction\",\"target\":{\"@type\":\"EntryPoint\",\"urlTemplate\":\"https:\\\/\\\/panm360.com\\\/en\\\/?s={search_term_string}\"},\"query-input\":{\"@type\":\"PropertyValueSpecification\",\"valueRequired\":true,\"valueName\":\"search_term_string\"}}],\"inLanguage\":\"en-US\"},{\"@type\":\"Organization\",\"@id\":\"https:\\\/\\\/panm360.com\\\/en\\\/#organization\",\"name\":\"PAN M 360\",\"url\":\"https:\\\/\\\/panm360.com\\\/en\\\/\",\"logo\":{\"@type\":\"ImageObject\",\"inLanguage\":\"en-US\",\"@id\":\"https:\\\/\\\/panm360.com\\\/en\\\/#\\\/schema\\\/logo\\\/image\\\/\",\"url\":\"https:\\\/\\\/panm360.com\\\/wp-content\\\/uploads\\\/2019\\\/12\\\/PAN-M360_Logo_RGB.jpg\",\"contentUrl\":\"https:\\\/\\\/panm360.com\\\/wp-content\\\/uploads\\\/2019\\\/12\\\/PAN-M360_Logo_RGB.jpg\",\"width\":1663,\"height\":631,\"caption\":\"PAN M 360\"},\"image\":{\"@id\":\"https:\\\/\\\/panm360.com\\\/en\\\/#\\\/schema\\\/logo\\\/image\\\/\"},\"sameAs\":[\"https:\\\/\\\/www.facebook.com\\\/panm360\\\/\",\"https:\\\/\\\/x.com\\\/PANM360\",\"https:\\\/\\\/www.instagram.com\\\/panm360\\\/\",\"https:\\\/\\\/www.linkedin.com\\\/company\\\/panm360\\\/\",\"https:\\\/\\\/www.youtube.com\\\/channel\\\/UCHEFHd3UhIrV6EJ3ltzVKOA?view_as=subscriber\"]}]}<\/script>\n<!-- \/ Yoast SEO plugin. -->","yoast_head_json":{"title":"Mykalle Bielinski pr\u00e9sente Warm up - PAN M 360","robots":{"index":"index","follow":"follow","max-snippet":"max-snippet:-1","max-image-preview":"max-image-preview:large","max-video-preview":"max-video-preview:-1"},"canonical":"https:\/\/panm360.com\/en\/agenda\/mykalle-bielinski-presente-warm-up\/","og_locale":"en_US","og_type":"article","og_title":"Mykalle Bielinski pr\u00e9sente Warm up - PAN M 360","og_description":"Sur un v\u00e9lo branch\u00e9 \u00e0 une batterie, Mykalle p\u00e9dale pour chanter. Mais l\u2019\u00e9puisement de son corps est corr\u00e9latif \u00e0 celui de la plan\u00e8te et l\u2019artiste doit questionner sa surconsommation pour \u00e9viter la surchauffe. Performance sportive, manifeste, concert et m\u00e9ditation, Warm up explore les d\u00e9croissances n\u00e9cessaires pour reconstruire le sacr\u00e9 de notre lien \u00e0 la nature [&hellip;]","og_url":"https:\/\/panm360.com\/en\/agenda\/mykalle-bielinski-presente-warm-up\/","og_site_name":"PAN M 360","article_publisher":"https:\/\/www.facebook.com\/panm360\/","article_modified_time":"2023-02-21T12:46:32+00:00","og_image":[{"width":1440,"height":958,"url":"https:\/\/panm360.com\/wp-content\/uploads\/2023\/02\/warm-up-maxime-cote-5.jpg","type":"image\/jpeg"}],"twitter_card":"summary_large_image","twitter_site":"@PANM360","twitter_misc":{"Est. reading time":"2 minutes"},"schema":{"@context":"https:\/\/schema.org","@graph":[{"@type":"WebPage","@id":"https:\/\/panm360.com\/en\/agenda\/mykalle-bielinski-presente-warm-up\/","url":"https:\/\/panm360.com\/en\/agenda\/mykalle-bielinski-presente-warm-up\/","name":"Mykalle Bielinski pr\u00e9sente Warm up - PAN M 360","isPartOf":{"@id":"https:\/\/panm360.com\/en\/#website"},"datePublished":"2023-02-21T11:50:00+00:00","dateModified":"2023-02-21T12:46:32+00:00","breadcrumb":{"@id":"https:\/\/panm360.com\/en\/agenda\/mykalle-bielinski-presente-warm-up\/#breadcrumb"},"inLanguage":"en-US","potentialAction":[{"@type":"ReadAction","target":["https:\/\/panm360.com\/en\/agenda\/mykalle-bielinski-presente-warm-up\/"]}]},{"@type":"BreadcrumbList","@id":"https:\/\/panm360.com\/en\/agenda\/mykalle-bielinski-presente-warm-up\/#breadcrumb","itemListElement":[{"@type":"ListItem","position":1,"name":"Accueil","item":"https:\/\/panm360.com\/en\/"},{"@type":"ListItem","position":2,"name":"Listings","item":"https:\/\/panm360.com\/en\/agenda\/"},{"@type":"ListItem","position":3,"name":"Mykalle Bielinski pr\u00e9sente Warm up"}]},{"@type":"WebSite","@id":"https:\/\/panm360.com\/en\/#website","url":"https:\/\/panm360.com\/en\/","name":"PAN M 360","description":"Le m\u00e9dia num\u00e9rique de la musique !","publisher":{"@id":"https:\/\/panm360.com\/en\/#organization"},"potentialAction":[{"@type":"SearchAction","target":{"@type":"EntryPoint","urlTemplate":"https:\/\/panm360.com\/en\/?s={search_term_string}"},"query-input":{"@type":"PropertyValueSpecification","valueRequired":true,"valueName":"search_term_string"}}],"inLanguage":"en-US"},{"@type":"Organization","@id":"https:\/\/panm360.com\/en\/#organization","name":"PAN M 360","url":"https:\/\/panm360.com\/en\/","logo":{"@type":"ImageObject","inLanguage":"en-US","@id":"https:\/\/panm360.com\/en\/#\/schema\/logo\/image\/","url":"https:\/\/panm360.com\/wp-content\/uploads\/2019\/12\/PAN-M360_Logo_RGB.jpg","contentUrl":"https:\/\/panm360.com\/wp-content\/uploads\/2019\/12\/PAN-M360_Logo_RGB.jpg","width":1663,"height":631,"caption":"PAN M 360"},"image":{"@id":"https:\/\/panm360.com\/en\/#\/schema\/logo\/image\/"},"sameAs":["https:\/\/www.facebook.com\/panm360\/","https:\/\/x.com\/PANM360","https:\/\/www.instagram.com\/panm360\/","https:\/\/www.linkedin.com\/company\/panm360\/","https:\/\/www.youtube.com\/channel\/UCHEFHd3UhIrV6EJ3ltzVKOA?view_as=subscriber"]}]}},"_links":{"self":[{"href":"https:\/\/panm360.com\/en\/wp-json\/wp\/v2\/agenda\/90033","targetHints":{"allow":["GET"]}}],"collection":[{"href":"https:\/\/panm360.com\/en\/wp-json\/wp\/v2\/agenda"}],"about":[{"href":"https:\/\/panm360.com\/en\/wp-json\/wp\/v2\/types\/agenda"}],"author":[{"embeddable":true,"href":"https:\/\/panm360.com\/en\/wp-json\/wp\/v2\/users\/936"}],"wp:attachment":[{"href":"https:\/\/panm360.com\/en\/wp-json\/wp\/v2\/media?parent=90033"}],"wp:term":[{"taxonomy":"category","embeddable":true,"href":"https:\/\/panm360.com\/en\/wp-json\/wp\/v2\/categories?post=90033"},{"taxonomy":"post_tag","embeddable":true,"href":"https:\/\/panm360.com\/en\/wp-json\/wp\/v2\/tags?post=90033"},{"taxonomy":"generale","embeddable":true,"href":"https:\/\/panm360.com\/en\/wp-json\/wp\/v2\/generale?post=90033"},{"taxonomy":"genre","embeddable":true,"href":"https:\/\/panm360.com\/en\/wp-json\/wp\/v2\/genre?post=90033"},{"taxonomy":"pays","embeddable":true,"href":"https:\/\/panm360.com\/en\/wp-json\/wp\/v2\/pays?post=90033"},{"taxonomy":"salle","embeddable":true,"href":"https:\/\/panm360.com\/en\/wp-json\/wp\/v2\/salle?post=90033"},{"taxonomy":"ville","embeddable":true,"href":"https:\/\/panm360.com\/en\/wp-json\/wp\/v2\/ville?post=90033"}],"curies":[{"name":"wp","href":"https:\/\/api.w.org\/{rel}","templated":true}]}}

Mykalle Bielinski présente Warm up

<p class="wp-block-paragraph">Sur un vélo branché à une batterie, Mykalle pédale pour chanter. Mais l’épuisement de son corps est corrélatif à celui de la planète et l’artiste doit questionner sa surconsommation pour éviter la surchauffe.</p>



<p class="wp-block-paragraph">Performance sportive, manifeste, concert et méditation, Warm up explore les décroissances nécessaires pour reconstruire le sacré de notre lien à la nature et à l’énergie.</p>



<p class="wp-block-paragraph">Dans les chants et les gestes rituels, le spectacle révèle le rôle clé que peuvent jouer les artistes pour sensibiliser l’auditoire aux enjeux environnementaux et politiques actuels.</p>



<p class="wp-block-paragraph">Faced with climate change, a challenge: do without natural resources and use her body to produce the electricity for her show.</p>



<p class="wp-block-paragraph">On a bicycle attached to a battery, Mykalle pedals to sing. But her exhaustion mirrors the planet’s and the artist must question her overconsumption to avoid overheating.</p>



<p class="wp-block-paragraph">Athletic performance, manifesto, concert and meditation, Warm up explores the degrowth required to rebuild our connection to nature and energy.</p>



<p class="wp-block-paragraph">The piece invites us to come together and offers a reflection on the deeper meaning of commitment, living together and the role of the artist.</p>



<p class="wp-block-paragraph"><strong><a href="https://st-laurent.tuxedobillet.com/Salle%20emile-Legault/warm-up" target="_blank" rel="noreferrer noopener">POUR RÉSERVER VOTRE PLACE, C’EST ICI!</a></strong></p>



<iframe loading="lazy" width="668" height="376" src="https://www.youtube.com/embed/mnbyD7qMaqQ" title="WARM UP_Bande annonce_Une performance écologique" frameborder="0" allow="accelerometer; autoplay; clipboard-write; encrypted-media; gyroscope; picture-in-picture; web-share" allowfullscreen=""></iframe>



<p class="wp-block-paragraph"><strong><em>Ce contenu provient de la ville de Montréal et est adapté par PAN M 360.</em></strong></p>

<p>Sur un vélo branché à une batterie, Mykalle pédale pour chanter. Mais l’épuisement de son corps est corrélatif à celui de la planète et l’artiste doit questionner sa surconsommation pour éviter la surchauffe. Performance sportive, manifeste, concert et méditation, Warm up explore les décroissances nécessaires pour reconstruire le sacré de notre lien à la nature [&hellip;]</p>

<!-- This site is optimized with the Yoast SEO plugin v27.4 - https://yoast.com/product/yoast-seo-wordpress/ -->
<title>Mykalle Bielinski présente Warm up - PAN M 360</title>
<meta name="robots" content="index, follow, max-snippet:-1, max-image-preview:large, max-video-preview:-1" />
<link rel="canonical" href="https://panm360.com/en/agenda/mykalle-bielinski-presente-warm-up/" />
<meta property="og:locale" content="en_US" />
<meta property="og:type" content="article" />
<meta property="og:title" content="Mykalle Bielinski présente Warm up - PAN M 360" />
<meta property="og:description" content="Sur un vélo branché à une batterie, Mykalle pédale pour chanter. Mais l’épuisement de son corps est corrélatif à celui de la planète et l’artiste doit questionner sa surconsommation pour éviter la surchauffe. Performance sportive, manifeste, concert et méditation, Warm up explore les décroissances nécessaires pour reconstruire le sacré de notre lien à la nature [&hellip;]" />
<meta property="og:url" content="https://panm360.com/en/agenda/mykalle-bielinski-presente-warm-up/" />
<meta property="og:site_name" content="PAN M 360" />
<meta property="article:publisher" content="https://www.facebook.com/panm360/" />
<meta property="article:modified_time" content="2023-02-21T12:46:32+00:00" />
<meta property="og:image" content="https://panm360.com/wp-content/uploads/2023/02/warm-up-maxime-cote-5.jpg" />
	<meta property="og:image:width" content="1440" />
	<meta property="og:image:height" content="958" />
	<meta property="og:image:type" content="image/jpeg" />
<meta name="twitter:card" content="summary_large_image" />
<meta name="twitter:site" content="@PANM360" />
<meta name="twitter:label1" content="Est. reading time" />
	<meta name="twitter:data1" content="2 minutes" />
<script type="application/ld+json" class="yoast-schema-graph">{"@context":"https:\/\/schema.org","@graph":[{"@type":"WebPage","@id":"https:\/\/panm360.com\/en\/agenda\/mykalle-bielinski-presente-warm-up\/","url":"https:\/\/panm360.com\/en\/agenda\/mykalle-bielinski-presente-warm-up\/","name":"Mykalle Bielinski présente Warm up - PAN M 360","isPartOf":{"@id":"https:\/\/panm360.com\/en\/#website"},"datePublished":"2023-02-21T11:50:00+00:00","dateModified":"2023-02-21T12:46:32+00:00","breadcrumb":{"@id":"https:\/\/panm360.com\/en\/agenda\/mykalle-bielinski-presente-warm-up\/#breadcrumb"},"inLanguage":"en-US","potentialAction":[{"@type":"ReadAction","target":["https:\/\/panm360.com\/en\/agenda\/mykalle-bielinski-presente-warm-up\/"]}]},{"@type":"BreadcrumbList","@id":"https:\/\/panm360.com\/en\/agenda\/mykalle-bielinski-presente-warm-up\/#breadcrumb","itemListElement":[{"@type":"ListItem","position":1,"name":"Accueil","item":"https:\/\/panm360.com\/en\/"},{"@type":"ListItem","position":2,"name":"Listings","item":"https:\/\/panm360.com\/en\/agenda\/"},{"@type":"ListItem","position":3,"name":"Mykalle Bielinski présente Warm up"}]},{"@type":"WebSite","@id":"https:\/\/panm360.com\/en\/#website","url":"https:\/\/panm360.com\/en\/","name":"PAN M 360","description":"Le média numérique de la musique !","publisher":{"@id":"https:\/\/panm360.com\/en\/#organization"},"potentialAction":[{"@type":"SearchAction","target":{"@type":"EntryPoint","urlTemplate":"https:\/\/panm360.com\/en\/?s={search_term_string}"},"query-input":{"@type":"PropertyValueSpecification","valueRequired":true,"valueName":"search_term_string"}}],"inLanguage":"en-US"},{"@type":"Organization","@id":"https:\/\/panm360.com\/en\/#organization","name":"PAN M 360","url":"https:\/\/panm360.com\/en\/","logo":{"@type":"ImageObject","inLanguage":"en-US","@id":"https:\/\/panm360.com\/en\/#\/schema\/logo\/image\/","url":"https:\/\/panm360.com\/wp-content\/uploads\/2019\/12\/PAN-M360_Logo_RGB.jpg","contentUrl":"https:\/\/panm360.com\/wp-content\/uploads\/2019\/12\/PAN-M360_Logo_RGB.jpg","width":1663,"height":631,"caption":"PAN M 360"},"image":{"@id":"https:\/\/panm360.com\/en\/#\/schema\/logo\/image\/"},"sameAs":["https:\/\/www.facebook.com\/panm360\/","https:\/\/x.com\/PANM360","https:\/\/www.instagram.com\/panm360\/","https:\/\/www.linkedin.com\/company\/panm360\/","https:\/\/www.youtube.com\/channel\/UCHEFHd3UhIrV6EJ3ltzVKOA?view_as=subscriber"]}]}</script>
<!-- / Yoast SEO plugin. -->

Mykalle Bielinski présente Warm up - PAN M 360

Sur un vélo branché à une batterie, Mykalle pédale pour chanter. Mais l’épuisement de son corps est corrélatif à celui de la planète et l’artiste doit questionner sa surconsommation pour éviter la surchauffe. Performance sportive, manifeste, concert et méditation, Warm up explore les décroissances nécessaires pour reconstruire le sacré de notre lien à la nature [&hellip;]

Le média numérique de la musique !
