{"id":88337,"date":"2023-02-03T08:20:00","date_gmt":"2023-02-03T13:20:00","guid":{"rendered":"https:\/\/panm360.com\/?post_type=agenda&#038;p=88337"},"modified":"2023-02-03T09:36:07","modified_gmt":"2023-02-03T14:36:07","slug":"the-charlatans-au-theatre-corona","status":"publish","type":"agenda","link":"https:\/\/panm360.com\/en\/agenda\/the-charlatans-au-theatre-corona\/","title":{"rendered":"The Charlatans au Th\u00e9\u00e2tre Corona"},"content":{"rendered":"\n<p class=\"wp-block-paragraph\">Les Charlatans ont atteint un stade de gloire sup\u00e9rieur. Vingt-sept ans apr\u00e8s leur premier album num\u00e9ro un avec &#8220;Some Friendly&#8221;, ils atteignent toujours de nouveaux sommets dans leur carri\u00e8re, imaginent de nouvelles musiques qui redessinent leur propre carte, et sont de plus en plus s\u00fbrs de leur identit\u00e9 en tant que groupe.<\/p>\n\n\n\n<p class=\"wp-block-paragraph\">Le succ\u00e8s sans cesse grandissant des Charlatans est un triomphe sur l&#8217;adversit\u00e9. Apr\u00e8s avoir perdu non pas un, mais deux membres (suite \u00e0 un accident de voiture et \u00e0 une tumeur au cerveau) au cours de leur histoire, ce groupe tr\u00e8s r\u00e9silient est parvenu \u00e0 se red\u00e9finir en tant que groupe du peuple, dont le passage mortel dans la vie refl\u00e8te \u00e9galement le n\u00f4tre.<\/p>\n\n\n\n<p class=\"wp-block-paragraph\">The Charlatans have reached a higher state of grace. Twenty-seven years since they first bagged a Number One album with \u2018Some Friendly\u2019, they\u2019re still achieving fresh career highs, dreaming up new music that redraws their own map, increasingly assured of who they are as a band.<\/p>\n\n\n\n<p class=\"wp-block-paragraph\">The Charlatans\u2019 own ever-spiralling success has itself been a triumph over adversity. After losing not one but two members (to a car crash, and a brain tumour) in their rollercoaster history, this most resilient outfit have somehow soldiered onto greater heights \u2013 a people\u2019s band, whose embattled mortal passage through life also mirrors our own.<\/p>\n\n\n\n<p class=\"wp-block-paragraph\"><strong><a href=\"https:\/\/www.ticketmaster.ca\/event\/31005D788867242E?lang=en-ca&amp;brand=evenko\" target=\"_blank\" rel=\"noreferrer noopener\">POUR ACHETER VOTRE BILLET, C\u2019EST ICI!<\/a><\/strong><\/p>\n\n\n\n<iframe style=\"border-radius:12px\" src=\"https:\/\/open.spotify.com\/embed\/album\/3kSjmsheSS3A7A0jcF6U9X?utm_source=generator\" width=\"100%\" height=\"352\" frameborder=\"0\" allowfullscreen=\"\" allow=\"autoplay; clipboard-write; encrypted-media; fullscreen; picture-in-picture\" loading=\"lazy\"><\/iframe>\n\n\n\n<p class=\"wp-block-paragraph\"><strong><em>Ce contenu provient de Wasserman Music et est adapt\u00e9 par PAN M 360.<\/em><\/strong><\/p>\n","protected":false},"excerpt":{"rendered":"<p>Les Charlatans ont atteint un stade de gloire sup\u00e9rieur. Vingt-sept ans apr\u00e8s leur premier album num\u00e9ro un avec &#8220;Some Friendly&#8221;, ils atteignent toujours de nouveaux sommets dans leur carri\u00e8re, imaginent de nouvelles musiques qui redessinent leur propre carte, et sont de plus en plus s\u00fbrs de leur identit\u00e9 en tant que groupe. Le succ\u00e8s sans [&hellip;]<\/p>\n","protected":false},"author":936,"featured_media":0,"menu_order":0,"template":"","format":"standard","meta":{"_acf_changed":false,"_crdt_document":""},"categories":[4322],"tags":[],"generale":[3814],"genre":[3274],"pays":[7460],"salle":[7018],"ville":[7246],"class_list":["post-88337","agenda","type-agenda","status-publish","format-standard","hentry","category-listings-360","generale-lire-en","genre-alternative-rock","pays-angleterre-en","salle-theatre-corona-en","ville-montreal-en"],"acf":[],"yoast_head":"<!-- This site is optimized with the Yoast SEO plugin v27.4 - https:\/\/yoast.com\/product\/yoast-seo-wordpress\/ -->\n<title>The Charlatans au Th\u00e9\u00e2tre Corona - PAN M 360<\/title>\n<meta name=\"robots\" content=\"index, follow, max-snippet:-1, max-image-preview:large, max-video-preview:-1\" \/>\n<link rel=\"canonical\" href=\"https:\/\/panm360.com\/en\/agenda\/the-charlatans-au-theatre-corona\/\" \/>\n<meta property=\"og:locale\" content=\"en_US\" \/>\n<meta property=\"og:type\" content=\"article\" \/>\n<meta property=\"og:title\" content=\"The Charlatans au Th\u00e9\u00e2tre Corona - PAN M 360\" \/>\n<meta property=\"og:description\" content=\"Les Charlatans ont atteint un stade de gloire sup\u00e9rieur. Vingt-sept ans apr\u00e8s leur premier album num\u00e9ro un avec &#8220;Some Friendly&#8221;, ils atteignent toujours de nouveaux sommets dans leur carri\u00e8re, imaginent de nouvelles musiques qui redessinent leur propre carte, et sont de plus en plus s\u00fbrs de leur identit\u00e9 en tant que groupe. Le succ\u00e8s sans [&hellip;]\" \/>\n<meta property=\"og:url\" content=\"https:\/\/panm360.com\/en\/agenda\/the-charlatans-au-theatre-corona\/\" \/>\n<meta property=\"og:site_name\" content=\"PAN M 360\" \/>\n<meta property=\"article:publisher\" content=\"https:\/\/www.facebook.com\/panm360\/\" \/>\n<meta property=\"article:modified_time\" content=\"2023-02-03T14:36:07+00:00\" \/>\n<meta property=\"og:image\" content=\"https:\/\/panm360.com\/wp-content\/uploads\/2023\/01\/the-charlatans-radio-X-scaled.jpg\" \/>\n\t<meta property=\"og:image:width\" content=\"2560\" \/>\n\t<meta property=\"og:image:height\" content=\"1919\" \/>\n\t<meta property=\"og:image:type\" content=\"image\/jpeg\" \/>\n<meta name=\"twitter:card\" content=\"summary_large_image\" \/>\n<meta name=\"twitter:site\" content=\"@PANM360\" \/>\n<meta name=\"twitter:label1\" content=\"Est. reading time\" \/>\n\t<meta name=\"twitter:data1\" content=\"2 minutes\" \/>\n<script type=\"application\/ld+json\" class=\"yoast-schema-graph\">{\"@context\":\"https:\\\/\\\/schema.org\",\"@graph\":[{\"@type\":\"WebPage\",\"@id\":\"https:\\\/\\\/panm360.com\\\/en\\\/agenda\\\/the-charlatans-au-theatre-corona\\\/\",\"url\":\"https:\\\/\\\/panm360.com\\\/en\\\/agenda\\\/the-charlatans-au-theatre-corona\\\/\",\"name\":\"The Charlatans au Th\u00e9\u00e2tre Corona - PAN M 360\",\"isPartOf\":{\"@id\":\"https:\\\/\\\/panm360.com\\\/en\\\/#website\"},\"datePublished\":\"2023-02-03T13:20:00+00:00\",\"dateModified\":\"2023-02-03T14:36:07+00:00\",\"breadcrumb\":{\"@id\":\"https:\\\/\\\/panm360.com\\\/en\\\/agenda\\\/the-charlatans-au-theatre-corona\\\/#breadcrumb\"},\"inLanguage\":\"en-US\",\"potentialAction\":[{\"@type\":\"ReadAction\",\"target\":[\"https:\\\/\\\/panm360.com\\\/en\\\/agenda\\\/the-charlatans-au-theatre-corona\\\/\"]}]},{\"@type\":\"BreadcrumbList\",\"@id\":\"https:\\\/\\\/panm360.com\\\/en\\\/agenda\\\/the-charlatans-au-theatre-corona\\\/#breadcrumb\",\"itemListElement\":[{\"@type\":\"ListItem\",\"position\":1,\"name\":\"Accueil\",\"item\":\"https:\\\/\\\/panm360.com\\\/en\\\/\"},{\"@type\":\"ListItem\",\"position\":2,\"name\":\"Listings\",\"item\":\"https:\\\/\\\/panm360.com\\\/en\\\/agenda\\\/\"},{\"@type\":\"ListItem\",\"position\":3,\"name\":\"The Charlatans au Th\u00e9\u00e2tre Corona\"}]},{\"@type\":\"WebSite\",\"@id\":\"https:\\\/\\\/panm360.com\\\/en\\\/#website\",\"url\":\"https:\\\/\\\/panm360.com\\\/en\\\/\",\"name\":\"PAN M 360\",\"description\":\"Le m\u00e9dia num\u00e9rique de la musique !\",\"publisher\":{\"@id\":\"https:\\\/\\\/panm360.com\\\/en\\\/#organization\"},\"potentialAction\":[{\"@type\":\"SearchAction\",\"target\":{\"@type\":\"EntryPoint\",\"urlTemplate\":\"https:\\\/\\\/panm360.com\\\/en\\\/?s={search_term_string}\"},\"query-input\":{\"@type\":\"PropertyValueSpecification\",\"valueRequired\":true,\"valueName\":\"search_term_string\"}}],\"inLanguage\":\"en-US\"},{\"@type\":\"Organization\",\"@id\":\"https:\\\/\\\/panm360.com\\\/en\\\/#organization\",\"name\":\"PAN M 360\",\"url\":\"https:\\\/\\\/panm360.com\\\/en\\\/\",\"logo\":{\"@type\":\"ImageObject\",\"inLanguage\":\"en-US\",\"@id\":\"https:\\\/\\\/panm360.com\\\/en\\\/#\\\/schema\\\/logo\\\/image\\\/\",\"url\":\"https:\\\/\\\/panm360.com\\\/wp-content\\\/uploads\\\/2019\\\/12\\\/PAN-M360_Logo_RGB.jpg\",\"contentUrl\":\"https:\\\/\\\/panm360.com\\\/wp-content\\\/uploads\\\/2019\\\/12\\\/PAN-M360_Logo_RGB.jpg\",\"width\":1663,\"height\":631,\"caption\":\"PAN M 360\"},\"image\":{\"@id\":\"https:\\\/\\\/panm360.com\\\/en\\\/#\\\/schema\\\/logo\\\/image\\\/\"},\"sameAs\":[\"https:\\\/\\\/www.facebook.com\\\/panm360\\\/\",\"https:\\\/\\\/x.com\\\/PANM360\",\"https:\\\/\\\/www.instagram.com\\\/panm360\\\/\",\"https:\\\/\\\/www.linkedin.com\\\/company\\\/panm360\\\/\",\"https:\\\/\\\/www.youtube.com\\\/channel\\\/UCHEFHd3UhIrV6EJ3ltzVKOA?view_as=subscriber\"]}]}<\/script>\n<!-- \/ Yoast SEO plugin. -->","yoast_head_json":{"title":"The Charlatans au Th\u00e9\u00e2tre Corona - PAN M 360","robots":{"index":"index","follow":"follow","max-snippet":"max-snippet:-1","max-image-preview":"max-image-preview:large","max-video-preview":"max-video-preview:-1"},"canonical":"https:\/\/panm360.com\/en\/agenda\/the-charlatans-au-theatre-corona\/","og_locale":"en_US","og_type":"article","og_title":"The Charlatans au Th\u00e9\u00e2tre Corona - PAN M 360","og_description":"Les Charlatans ont atteint un stade de gloire sup\u00e9rieur. Vingt-sept ans apr\u00e8s leur premier album num\u00e9ro un avec &#8220;Some Friendly&#8221;, ils atteignent toujours de nouveaux sommets dans leur carri\u00e8re, imaginent de nouvelles musiques qui redessinent leur propre carte, et sont de plus en plus s\u00fbrs de leur identit\u00e9 en tant que groupe. Le succ\u00e8s sans [&hellip;]","og_url":"https:\/\/panm360.com\/en\/agenda\/the-charlatans-au-theatre-corona\/","og_site_name":"PAN M 360","article_publisher":"https:\/\/www.facebook.com\/panm360\/","article_modified_time":"2023-02-03T14:36:07+00:00","og_image":[{"width":2560,"height":1919,"url":"https:\/\/panm360.com\/wp-content\/uploads\/2023\/01\/the-charlatans-radio-X-scaled.jpg","type":"image\/jpeg"}],"twitter_card":"summary_large_image","twitter_site":"@PANM360","twitter_misc":{"Est. reading time":"2 minutes"},"schema":{"@context":"https:\/\/schema.org","@graph":[{"@type":"WebPage","@id":"https:\/\/panm360.com\/en\/agenda\/the-charlatans-au-theatre-corona\/","url":"https:\/\/panm360.com\/en\/agenda\/the-charlatans-au-theatre-corona\/","name":"The Charlatans au Th\u00e9\u00e2tre Corona - PAN M 360","isPartOf":{"@id":"https:\/\/panm360.com\/en\/#website"},"datePublished":"2023-02-03T13:20:00+00:00","dateModified":"2023-02-03T14:36:07+00:00","breadcrumb":{"@id":"https:\/\/panm360.com\/en\/agenda\/the-charlatans-au-theatre-corona\/#breadcrumb"},"inLanguage":"en-US","potentialAction":[{"@type":"ReadAction","target":["https:\/\/panm360.com\/en\/agenda\/the-charlatans-au-theatre-corona\/"]}]},{"@type":"BreadcrumbList","@id":"https:\/\/panm360.com\/en\/agenda\/the-charlatans-au-theatre-corona\/#breadcrumb","itemListElement":[{"@type":"ListItem","position":1,"name":"Accueil","item":"https:\/\/panm360.com\/en\/"},{"@type":"ListItem","position":2,"name":"Listings","item":"https:\/\/panm360.com\/en\/agenda\/"},{"@type":"ListItem","position":3,"name":"The Charlatans au Th\u00e9\u00e2tre Corona"}]},{"@type":"WebSite","@id":"https:\/\/panm360.com\/en\/#website","url":"https:\/\/panm360.com\/en\/","name":"PAN M 360","description":"Le m\u00e9dia num\u00e9rique de la musique !","publisher":{"@id":"https:\/\/panm360.com\/en\/#organization"},"potentialAction":[{"@type":"SearchAction","target":{"@type":"EntryPoint","urlTemplate":"https:\/\/panm360.com\/en\/?s={search_term_string}"},"query-input":{"@type":"PropertyValueSpecification","valueRequired":true,"valueName":"search_term_string"}}],"inLanguage":"en-US"},{"@type":"Organization","@id":"https:\/\/panm360.com\/en\/#organization","name":"PAN M 360","url":"https:\/\/panm360.com\/en\/","logo":{"@type":"ImageObject","inLanguage":"en-US","@id":"https:\/\/panm360.com\/en\/#\/schema\/logo\/image\/","url":"https:\/\/panm360.com\/wp-content\/uploads\/2019\/12\/PAN-M360_Logo_RGB.jpg","contentUrl":"https:\/\/panm360.com\/wp-content\/uploads\/2019\/12\/PAN-M360_Logo_RGB.jpg","width":1663,"height":631,"caption":"PAN M 360"},"image":{"@id":"https:\/\/panm360.com\/en\/#\/schema\/logo\/image\/"},"sameAs":["https:\/\/www.facebook.com\/panm360\/","https:\/\/x.com\/PANM360","https:\/\/www.instagram.com\/panm360\/","https:\/\/www.linkedin.com\/company\/panm360\/","https:\/\/www.youtube.com\/channel\/UCHEFHd3UhIrV6EJ3ltzVKOA?view_as=subscriber"]}]}},"_links":{"self":[{"href":"https:\/\/panm360.com\/en\/wp-json\/wp\/v2\/agenda\/88337","targetHints":{"allow":["GET"]}}],"collection":[{"href":"https:\/\/panm360.com\/en\/wp-json\/wp\/v2\/agenda"}],"about":[{"href":"https:\/\/panm360.com\/en\/wp-json\/wp\/v2\/types\/agenda"}],"author":[{"embeddable":true,"href":"https:\/\/panm360.com\/en\/wp-json\/wp\/v2\/users\/936"}],"wp:attachment":[{"href":"https:\/\/panm360.com\/en\/wp-json\/wp\/v2\/media?parent=88337"}],"wp:term":[{"taxonomy":"category","embeddable":true,"href":"https:\/\/panm360.com\/en\/wp-json\/wp\/v2\/categories?post=88337"},{"taxonomy":"post_tag","embeddable":true,"href":"https:\/\/panm360.com\/en\/wp-json\/wp\/v2\/tags?post=88337"},{"taxonomy":"generale","embeddable":true,"href":"https:\/\/panm360.com\/en\/wp-json\/wp\/v2\/generale?post=88337"},{"taxonomy":"genre","embeddable":true,"href":"https:\/\/panm360.com\/en\/wp-json\/wp\/v2\/genre?post=88337"},{"taxonomy":"pays","embeddable":true,"href":"https:\/\/panm360.com\/en\/wp-json\/wp\/v2\/pays?post=88337"},{"taxonomy":"salle","embeddable":true,"href":"https:\/\/panm360.com\/en\/wp-json\/wp\/v2\/salle?post=88337"},{"taxonomy":"ville","embeddable":true,"href":"https:\/\/panm360.com\/en\/wp-json\/wp\/v2\/ville?post=88337"}],"curies":[{"name":"wp","href":"https:\/\/api.w.org\/{rel}","templated":true}]}}

The Charlatans au Théâtre Corona

<p class="wp-block-paragraph">Les Charlatans ont atteint un stade de gloire supérieur. Vingt-sept ans après leur premier album numéro un avec &#8220;Some Friendly&#8221;, ils atteignent toujours de nouveaux sommets dans leur carrière, imaginent de nouvelles musiques qui redessinent leur propre carte, et sont de plus en plus sûrs de leur identité en tant que groupe.</p>



<p class="wp-block-paragraph">Le succès sans cesse grandissant des Charlatans est un triomphe sur l&#8217;adversité. Après avoir perdu non pas un, mais deux membres (suite à un accident de voiture et à une tumeur au cerveau) au cours de leur histoire, ce groupe très résilient est parvenu à se redéfinir en tant que groupe du peuple, dont le passage mortel dans la vie reflète également le nôtre.</p>



<p class="wp-block-paragraph">The Charlatans have reached a higher state of grace. Twenty-seven years since they first bagged a Number One album with ‘Some Friendly’, they’re still achieving fresh career highs, dreaming up new music that redraws their own map, increasingly assured of who they are as a band.</p>



<p class="wp-block-paragraph">The Charlatans’ own ever-spiralling success has itself been a triumph over adversity. After losing not one but two members (to a car crash, and a brain tumour) in their rollercoaster history, this most resilient outfit have somehow soldiered onto greater heights – a people’s band, whose embattled mortal passage through life also mirrors our own.</p>



<p class="wp-block-paragraph"><strong><a href="https://www.ticketmaster.ca/event/31005D788867242E?lang=en-ca&amp;brand=evenko" target="_blank" rel="noreferrer noopener">POUR ACHETER VOTRE BILLET, C’EST ICI!</a></strong></p>



<iframe style="border-radius:12px" src="https://open.spotify.com/embed/album/3kSjmsheSS3A7A0jcF6U9X?utm_source=generator" width="100%" height="352" frameborder="0" allowfullscreen="" allow="autoplay; clipboard-write; encrypted-media; fullscreen; picture-in-picture" loading="lazy"></iframe>



<p class="wp-block-paragraph"><strong><em>Ce contenu provient de Wasserman Music et est adapté par PAN M 360.</em></strong></p>

<p>Les Charlatans ont atteint un stade de gloire supérieur. Vingt-sept ans après leur premier album numéro un avec &#8220;Some Friendly&#8221;, ils atteignent toujours de nouveaux sommets dans leur carrière, imaginent de nouvelles musiques qui redessinent leur propre carte, et sont de plus en plus sûrs de leur identité en tant que groupe. Le succès sans [&hellip;]</p>

<!-- This site is optimized with the Yoast SEO plugin v27.4 - https://yoast.com/product/yoast-seo-wordpress/ -->
<title>The Charlatans au Théâtre Corona - PAN M 360</title>
<meta name="robots" content="index, follow, max-snippet:-1, max-image-preview:large, max-video-preview:-1" />
<link rel="canonical" href="https://panm360.com/en/agenda/the-charlatans-au-theatre-corona/" />
<meta property="og:locale" content="en_US" />
<meta property="og:type" content="article" />
<meta property="og:title" content="The Charlatans au Théâtre Corona - PAN M 360" />
<meta property="og:description" content="Les Charlatans ont atteint un stade de gloire supérieur. Vingt-sept ans après leur premier album numéro un avec &#8220;Some Friendly&#8221;, ils atteignent toujours de nouveaux sommets dans leur carrière, imaginent de nouvelles musiques qui redessinent leur propre carte, et sont de plus en plus sûrs de leur identité en tant que groupe. Le succès sans [&hellip;]" />
<meta property="og:url" content="https://panm360.com/en/agenda/the-charlatans-au-theatre-corona/" />
<meta property="og:site_name" content="PAN M 360" />
<meta property="article:publisher" content="https://www.facebook.com/panm360/" />
<meta property="article:modified_time" content="2023-02-03T14:36:07+00:00" />
<meta property="og:image" content="https://panm360.com/wp-content/uploads/2023/01/the-charlatans-radio-X-scaled.jpg" />
	<meta property="og:image:width" content="2560" />
	<meta property="og:image:height" content="1919" />
	<meta property="og:image:type" content="image/jpeg" />
<meta name="twitter:card" content="summary_large_image" />
<meta name="twitter:site" content="@PANM360" />
<meta name="twitter:label1" content="Est. reading time" />
	<meta name="twitter:data1" content="2 minutes" />
<script type="application/ld+json" class="yoast-schema-graph">{"@context":"https:\/\/schema.org","@graph":[{"@type":"WebPage","@id":"https:\/\/panm360.com\/en\/agenda\/the-charlatans-au-theatre-corona\/","url":"https:\/\/panm360.com\/en\/agenda\/the-charlatans-au-theatre-corona\/","name":"The Charlatans au Théâtre Corona - PAN M 360","isPartOf":{"@id":"https:\/\/panm360.com\/en\/#website"},"datePublished":"2023-02-03T13:20:00+00:00","dateModified":"2023-02-03T14:36:07+00:00","breadcrumb":{"@id":"https:\/\/panm360.com\/en\/agenda\/the-charlatans-au-theatre-corona\/#breadcrumb"},"inLanguage":"en-US","potentialAction":[{"@type":"ReadAction","target":["https:\/\/panm360.com\/en\/agenda\/the-charlatans-au-theatre-corona\/"]}]},{"@type":"BreadcrumbList","@id":"https:\/\/panm360.com\/en\/agenda\/the-charlatans-au-theatre-corona\/#breadcrumb","itemListElement":[{"@type":"ListItem","position":1,"name":"Accueil","item":"https:\/\/panm360.com\/en\/"},{"@type":"ListItem","position":2,"name":"Listings","item":"https:\/\/panm360.com\/en\/agenda\/"},{"@type":"ListItem","position":3,"name":"The Charlatans au Théâtre Corona"}]},{"@type":"WebSite","@id":"https:\/\/panm360.com\/en\/#website","url":"https:\/\/panm360.com\/en\/","name":"PAN M 360","description":"Le média numérique de la musique !","publisher":{"@id":"https:\/\/panm360.com\/en\/#organization"},"potentialAction":[{"@type":"SearchAction","target":{"@type":"EntryPoint","urlTemplate":"https:\/\/panm360.com\/en\/?s={search_term_string}"},"query-input":{"@type":"PropertyValueSpecification","valueRequired":true,"valueName":"search_term_string"}}],"inLanguage":"en-US"},{"@type":"Organization","@id":"https:\/\/panm360.com\/en\/#organization","name":"PAN M 360","url":"https:\/\/panm360.com\/en\/","logo":{"@type":"ImageObject","inLanguage":"en-US","@id":"https:\/\/panm360.com\/en\/#\/schema\/logo\/image\/","url":"https:\/\/panm360.com\/wp-content\/uploads\/2019\/12\/PAN-M360_Logo_RGB.jpg","contentUrl":"https:\/\/panm360.com\/wp-content\/uploads\/2019\/12\/PAN-M360_Logo_RGB.jpg","width":1663,"height":631,"caption":"PAN M 360"},"image":{"@id":"https:\/\/panm360.com\/en\/#\/schema\/logo\/image\/"},"sameAs":["https:\/\/www.facebook.com\/panm360\/","https:\/\/x.com\/PANM360","https:\/\/www.instagram.com\/panm360\/","https:\/\/www.linkedin.com\/company\/panm360\/","https:\/\/www.youtube.com\/channel\/UCHEFHd3UhIrV6EJ3ltzVKOA?view_as=subscriber"]}]}</script>
<!-- / Yoast SEO plugin. -->

The Charlatans au Théâtre Corona - PAN M 360

Les Charlatans ont atteint un stade de gloire supérieur. Vingt-sept ans après leur premier album numéro un avec &#8220;Some Friendly&#8221;, ils atteignent toujours de nouveaux sommets dans leur carrière, imaginent de nouvelles musiques qui redessinent leur propre carte, et sont de plus en plus sûrs de leur identité en tant que groupe. Le succès sans [&hellip;]

Le média numérique de la musique !
