{"id":74883,"date":"2022-07-16T10:24:00","date_gmt":"2022-07-16T14:24:00","guid":{"rendered":"https:\/\/panm360.com\/?post_type=agenda&#038;p=74883"},"modified":"2022-07-19T10:51:28","modified_gmt":"2022-07-19T14:51:28","slug":"nuits-dafrique-presente-lara-klaus","status":"publish","type":"agenda","link":"https:\/\/panm360.com\/en\/agenda\/nuits-dafrique-presente-lara-klaus\/","title":{"rendered":"Nuits d&#8217;Afrique presents Lara Klaus"},"content":{"rendered":"\n<p class=\"wp-block-paragraph\"><br>\u00ab Remarquablement polyvalente, elle passe de la guitare \u00e0 la batterie en chantant ses compositions et celles de ses collaborateurs \u00bb (Le Devoir, 2021). Lors des Syli d\u2019or 2021 de la musique du monde, Lara Klaus a remport\u00e9 la 2e place du concours ainsi que le prix Coup de c\u0153ur du Conseil des arts de Montr\u00e9al. Empreinte des sons tant\u00f4t feutr\u00e9s, tant\u00f4t \u00e9nergiques, qu\u2019elle tire d\u2019une vaste gamme de percussions br\u00e9siliennes telles que les pandeiro, alfaia et zabumba, la musique de Lara Klaus agence divinement les rythmes de sa r\u00e9gion natale du nord-est du Br\u00e9sil, la Soul am\u00e9ricaine et les intonations afro-latines.<\/p>\n\n\n\n<p class=\"wp-block-paragraph\">\u201cRemarkably versatile, she can switch from guitar to drums while singing the music that she or others have composed.\u201d (Le Devoir, 2021). In 2021, Lara Klaus earned Silver at the Syli de la musique du monde as well as the Conseil des arts de Montr\u00e9al\u2019s Coup de c\u0153ur prize. Imbued with both muted and energetic beats, which she draws from a wide range of Brazilian percussion instruments such as the pandeiro, alfaia and zabumba, Lara Klaus\u2019s music divinely combines rhythms from her native northeastern Brazil with American soul and Afro-Latin inflections.<\/p>\n\n\n\n<p class=\"wp-block-paragraph\"><strong>GRATUIT!<\/strong><\/p>\n\n\n\n<iframe loading=\"lazy\" width=\"1349\" height=\"500\" src=\"https:\/\/www.youtube.com\/embed\/WixxIkI-aMg\" title=\"Poema e Concreto | Lara Klaus\" frameborder=\"0\" allow=\"accelerometer; autoplay; clipboard-write; encrypted-media; gyroscope; picture-in-picture\" allowfullscreen><\/iframe>\n\n\n\n<p class=\"wp-block-paragraph\"><strong><em>Ce contenu provient des Productions Nuits d\u2019Afrique et est adapt\u00e9 par PAN M 360.<\/em><\/strong><\/p>\n","protected":false},"excerpt":{"rendered":"<p>\u00ab Remarquablement polyvalente, elle passe de la guitare \u00e0 la batterie en chantant ses compositions et celles de ses collaborateurs \u00bb (Le Devoir, 2021). Lors des Syli d\u2019or 2021 de la musique du monde, Lara Klaus a remport\u00e9 la 2e place du concours ainsi que le prix Coup de c\u0153ur du Conseil des arts de [&hellip;]<\/p>\n","protected":false},"author":936,"featured_media":0,"menu_order":0,"template":"","format":"standard","meta":{"_acf_changed":false,"_crdt_document":""},"categories":[4322],"tags":[],"generale":[3814],"genre":[4561],"pays":[4609],"salle":[7884],"ville":[4415],"class_list":["post-74883","agenda","type-agenda","status-publish","format-standard","hentry","category-listings-360","generale-lire-en","genre-afro-latin-en","pays-brazil","salle-scene-loto-quebec-de-lesplanade-en","ville-montreal-2"],"acf":[],"yoast_head":"<!-- This site is optimized with the Yoast SEO plugin v27.4 - https:\/\/yoast.com\/product\/yoast-seo-wordpress\/ -->\n<title>Nuits d&#039;Afrique presents Lara Klaus - PAN M 360<\/title>\n<meta name=\"robots\" content=\"index, follow, max-snippet:-1, max-image-preview:large, max-video-preview:-1\" \/>\n<link rel=\"canonical\" href=\"https:\/\/panm360.com\/en\/agenda\/nuits-dafrique-presente-lara-klaus\/\" \/>\n<meta property=\"og:locale\" content=\"en_US\" \/>\n<meta property=\"og:type\" content=\"article\" \/>\n<meta property=\"og:title\" content=\"Nuits d&#039;Afrique presents Lara Klaus - PAN M 360\" \/>\n<meta property=\"og:description\" content=\"\u00ab Remarquablement polyvalente, elle passe de la guitare \u00e0 la batterie en chantant ses compositions et celles de ses collaborateurs \u00bb (Le Devoir, 2021). Lors des Syli d\u2019or 2021 de la musique du monde, Lara Klaus a remport\u00e9 la 2e place du concours ainsi que le prix Coup de c\u0153ur du Conseil des arts de [&hellip;]\" \/>\n<meta property=\"og:url\" content=\"https:\/\/panm360.com\/en\/agenda\/nuits-dafrique-presente-lara-klaus\/\" \/>\n<meta property=\"og:site_name\" content=\"PAN M 360\" \/>\n<meta property=\"article:publisher\" content=\"https:\/\/www.facebook.com\/panm360\/\" \/>\n<meta property=\"article:modified_time\" content=\"2022-07-19T14:51:28+00:00\" \/>\n<meta property=\"og:image\" content=\"https:\/\/panm360.com\/wp-content\/uploads\/2022\/07\/laraklaus-scaled-1.jpg\" \/>\n\t<meta property=\"og:image:width\" content=\"1200\" \/>\n\t<meta property=\"og:image:height\" content=\"675\" \/>\n\t<meta property=\"og:image:type\" content=\"image\/jpeg\" \/>\n<meta name=\"twitter:card\" content=\"summary_large_image\" \/>\n<meta name=\"twitter:site\" content=\"@PANM360\" \/>\n<meta name=\"twitter:label1\" content=\"Est. reading time\" \/>\n\t<meta name=\"twitter:data1\" content=\"2 minutes\" \/>\n<script type=\"application\/ld+json\" class=\"yoast-schema-graph\">{\"@context\":\"https:\\\/\\\/schema.org\",\"@graph\":[{\"@type\":\"WebPage\",\"@id\":\"https:\\\/\\\/panm360.com\\\/en\\\/agenda\\\/nuits-dafrique-presente-lara-klaus\\\/\",\"url\":\"https:\\\/\\\/panm360.com\\\/en\\\/agenda\\\/nuits-dafrique-presente-lara-klaus\\\/\",\"name\":\"Nuits d'Afrique presents Lara Klaus - PAN M 360\",\"isPartOf\":{\"@id\":\"https:\\\/\\\/panm360.com\\\/en\\\/#website\"},\"datePublished\":\"2022-07-16T14:24:00+00:00\",\"dateModified\":\"2022-07-19T14:51:28+00:00\",\"breadcrumb\":{\"@id\":\"https:\\\/\\\/panm360.com\\\/en\\\/agenda\\\/nuits-dafrique-presente-lara-klaus\\\/#breadcrumb\"},\"inLanguage\":\"en-US\",\"potentialAction\":[{\"@type\":\"ReadAction\",\"target\":[\"https:\\\/\\\/panm360.com\\\/en\\\/agenda\\\/nuits-dafrique-presente-lara-klaus\\\/\"]}]},{\"@type\":\"BreadcrumbList\",\"@id\":\"https:\\\/\\\/panm360.com\\\/en\\\/agenda\\\/nuits-dafrique-presente-lara-klaus\\\/#breadcrumb\",\"itemListElement\":[{\"@type\":\"ListItem\",\"position\":1,\"name\":\"Accueil\",\"item\":\"https:\\\/\\\/panm360.com\\\/en\\\/\"},{\"@type\":\"ListItem\",\"position\":2,\"name\":\"Listings\",\"item\":\"https:\\\/\\\/panm360.com\\\/en\\\/agenda\\\/\"},{\"@type\":\"ListItem\",\"position\":3,\"name\":\"Nuits d&#8217;Afrique presents Lara Klaus\"}]},{\"@type\":\"WebSite\",\"@id\":\"https:\\\/\\\/panm360.com\\\/en\\\/#website\",\"url\":\"https:\\\/\\\/panm360.com\\\/en\\\/\",\"name\":\"PAN M 360\",\"description\":\"Le m\u00e9dia num\u00e9rique de la musique !\",\"publisher\":{\"@id\":\"https:\\\/\\\/panm360.com\\\/en\\\/#organization\"},\"potentialAction\":[{\"@type\":\"SearchAction\",\"target\":{\"@type\":\"EntryPoint\",\"urlTemplate\":\"https:\\\/\\\/panm360.com\\\/en\\\/?s={search_term_string}\"},\"query-input\":{\"@type\":\"PropertyValueSpecification\",\"valueRequired\":true,\"valueName\":\"search_term_string\"}}],\"inLanguage\":\"en-US\"},{\"@type\":\"Organization\",\"@id\":\"https:\\\/\\\/panm360.com\\\/en\\\/#organization\",\"name\":\"PAN M 360\",\"url\":\"https:\\\/\\\/panm360.com\\\/en\\\/\",\"logo\":{\"@type\":\"ImageObject\",\"inLanguage\":\"en-US\",\"@id\":\"https:\\\/\\\/panm360.com\\\/en\\\/#\\\/schema\\\/logo\\\/image\\\/\",\"url\":\"https:\\\/\\\/panm360.com\\\/wp-content\\\/uploads\\\/2019\\\/12\\\/PAN-M360_Logo_RGB.jpg\",\"contentUrl\":\"https:\\\/\\\/panm360.com\\\/wp-content\\\/uploads\\\/2019\\\/12\\\/PAN-M360_Logo_RGB.jpg\",\"width\":1663,\"height\":631,\"caption\":\"PAN M 360\"},\"image\":{\"@id\":\"https:\\\/\\\/panm360.com\\\/en\\\/#\\\/schema\\\/logo\\\/image\\\/\"},\"sameAs\":[\"https:\\\/\\\/www.facebook.com\\\/panm360\\\/\",\"https:\\\/\\\/x.com\\\/PANM360\",\"https:\\\/\\\/www.instagram.com\\\/panm360\\\/\",\"https:\\\/\\\/www.linkedin.com\\\/company\\\/panm360\\\/\",\"https:\\\/\\\/www.youtube.com\\\/channel\\\/UCHEFHd3UhIrV6EJ3ltzVKOA?view_as=subscriber\"]}]}<\/script>\n<!-- \/ Yoast SEO plugin. -->","yoast_head_json":{"title":"Nuits d'Afrique presents Lara Klaus - PAN M 360","robots":{"index":"index","follow":"follow","max-snippet":"max-snippet:-1","max-image-preview":"max-image-preview:large","max-video-preview":"max-video-preview:-1"},"canonical":"https:\/\/panm360.com\/en\/agenda\/nuits-dafrique-presente-lara-klaus\/","og_locale":"en_US","og_type":"article","og_title":"Nuits d'Afrique presents Lara Klaus - PAN M 360","og_description":"\u00ab Remarquablement polyvalente, elle passe de la guitare \u00e0 la batterie en chantant ses compositions et celles de ses collaborateurs \u00bb (Le Devoir, 2021). Lors des Syli d\u2019or 2021 de la musique du monde, Lara Klaus a remport\u00e9 la 2e place du concours ainsi que le prix Coup de c\u0153ur du Conseil des arts de [&hellip;]","og_url":"https:\/\/panm360.com\/en\/agenda\/nuits-dafrique-presente-lara-klaus\/","og_site_name":"PAN M 360","article_publisher":"https:\/\/www.facebook.com\/panm360\/","article_modified_time":"2022-07-19T14:51:28+00:00","og_image":[{"width":1200,"height":675,"url":"https:\/\/panm360.com\/wp-content\/uploads\/2022\/07\/laraklaus-scaled-1.jpg","type":"image\/jpeg"}],"twitter_card":"summary_large_image","twitter_site":"@PANM360","twitter_misc":{"Est. reading time":"2 minutes"},"schema":{"@context":"https:\/\/schema.org","@graph":[{"@type":"WebPage","@id":"https:\/\/panm360.com\/en\/agenda\/nuits-dafrique-presente-lara-klaus\/","url":"https:\/\/panm360.com\/en\/agenda\/nuits-dafrique-presente-lara-klaus\/","name":"Nuits d'Afrique presents Lara Klaus - PAN M 360","isPartOf":{"@id":"https:\/\/panm360.com\/en\/#website"},"datePublished":"2022-07-16T14:24:00+00:00","dateModified":"2022-07-19T14:51:28+00:00","breadcrumb":{"@id":"https:\/\/panm360.com\/en\/agenda\/nuits-dafrique-presente-lara-klaus\/#breadcrumb"},"inLanguage":"en-US","potentialAction":[{"@type":"ReadAction","target":["https:\/\/panm360.com\/en\/agenda\/nuits-dafrique-presente-lara-klaus\/"]}]},{"@type":"BreadcrumbList","@id":"https:\/\/panm360.com\/en\/agenda\/nuits-dafrique-presente-lara-klaus\/#breadcrumb","itemListElement":[{"@type":"ListItem","position":1,"name":"Accueil","item":"https:\/\/panm360.com\/en\/"},{"@type":"ListItem","position":2,"name":"Listings","item":"https:\/\/panm360.com\/en\/agenda\/"},{"@type":"ListItem","position":3,"name":"Nuits d&#8217;Afrique presents Lara Klaus"}]},{"@type":"WebSite","@id":"https:\/\/panm360.com\/en\/#website","url":"https:\/\/panm360.com\/en\/","name":"PAN M 360","description":"Le m\u00e9dia num\u00e9rique de la musique !","publisher":{"@id":"https:\/\/panm360.com\/en\/#organization"},"potentialAction":[{"@type":"SearchAction","target":{"@type":"EntryPoint","urlTemplate":"https:\/\/panm360.com\/en\/?s={search_term_string}"},"query-input":{"@type":"PropertyValueSpecification","valueRequired":true,"valueName":"search_term_string"}}],"inLanguage":"en-US"},{"@type":"Organization","@id":"https:\/\/panm360.com\/en\/#organization","name":"PAN M 360","url":"https:\/\/panm360.com\/en\/","logo":{"@type":"ImageObject","inLanguage":"en-US","@id":"https:\/\/panm360.com\/en\/#\/schema\/logo\/image\/","url":"https:\/\/panm360.com\/wp-content\/uploads\/2019\/12\/PAN-M360_Logo_RGB.jpg","contentUrl":"https:\/\/panm360.com\/wp-content\/uploads\/2019\/12\/PAN-M360_Logo_RGB.jpg","width":1663,"height":631,"caption":"PAN M 360"},"image":{"@id":"https:\/\/panm360.com\/en\/#\/schema\/logo\/image\/"},"sameAs":["https:\/\/www.facebook.com\/panm360\/","https:\/\/x.com\/PANM360","https:\/\/www.instagram.com\/panm360\/","https:\/\/www.linkedin.com\/company\/panm360\/","https:\/\/www.youtube.com\/channel\/UCHEFHd3UhIrV6EJ3ltzVKOA?view_as=subscriber"]}]}},"_links":{"self":[{"href":"https:\/\/panm360.com\/en\/wp-json\/wp\/v2\/agenda\/74883","targetHints":{"allow":["GET"]}}],"collection":[{"href":"https:\/\/panm360.com\/en\/wp-json\/wp\/v2\/agenda"}],"about":[{"href":"https:\/\/panm360.com\/en\/wp-json\/wp\/v2\/types\/agenda"}],"author":[{"embeddable":true,"href":"https:\/\/panm360.com\/en\/wp-json\/wp\/v2\/users\/936"}],"wp:attachment":[{"href":"https:\/\/panm360.com\/en\/wp-json\/wp\/v2\/media?parent=74883"}],"wp:term":[{"taxonomy":"category","embeddable":true,"href":"https:\/\/panm360.com\/en\/wp-json\/wp\/v2\/categories?post=74883"},{"taxonomy":"post_tag","embeddable":true,"href":"https:\/\/panm360.com\/en\/wp-json\/wp\/v2\/tags?post=74883"},{"taxonomy":"generale","embeddable":true,"href":"https:\/\/panm360.com\/en\/wp-json\/wp\/v2\/generale?post=74883"},{"taxonomy":"genre","embeddable":true,"href":"https:\/\/panm360.com\/en\/wp-json\/wp\/v2\/genre?post=74883"},{"taxonomy":"pays","embeddable":true,"href":"https:\/\/panm360.com\/en\/wp-json\/wp\/v2\/pays?post=74883"},{"taxonomy":"salle","embeddable":true,"href":"https:\/\/panm360.com\/en\/wp-json\/wp\/v2\/salle?post=74883"},{"taxonomy":"ville","embeddable":true,"href":"https:\/\/panm360.com\/en\/wp-json\/wp\/v2\/ville?post=74883"}],"curies":[{"name":"wp","href":"https:\/\/api.w.org\/{rel}","templated":true}]}}

<p class="wp-block-paragraph"><br>« Remarquablement polyvalente, elle passe de la guitare à la batterie en chantant ses compositions et celles de ses collaborateurs » (Le Devoir, 2021). Lors des Syli d’or 2021 de la musique du monde, Lara Klaus a remporté la 2e place du concours ainsi que le prix Coup de cœur du Conseil des arts de Montréal. Empreinte des sons tantôt feutrés, tantôt énergiques, qu’elle tire d’une vaste gamme de percussions brésiliennes telles que les pandeiro, alfaia et zabumba, la musique de Lara Klaus agence divinement les rythmes de sa région natale du nord-est du Brésil, la Soul américaine et les intonations afro-latines.</p>



<p class="wp-block-paragraph">“Remarkably versatile, she can switch from guitar to drums while singing the music that she or others have composed.” (Le Devoir, 2021). In 2021, Lara Klaus earned Silver at the Syli de la musique du monde as well as the Conseil des arts de Montréal’s Coup de cœur prize. Imbued with both muted and energetic beats, which she draws from a wide range of Brazilian percussion instruments such as the pandeiro, alfaia and zabumba, Lara Klaus’s music divinely combines rhythms from her native northeastern Brazil with American soul and Afro-Latin inflections.</p>



<p class="wp-block-paragraph"><strong>GRATUIT!</strong></p>



<iframe loading="lazy" width="1349" height="500" src="https://www.youtube.com/embed/WixxIkI-aMg" title="Poema e Concreto | Lara Klaus" frameborder="0" allow="accelerometer; autoplay; clipboard-write; encrypted-media; gyroscope; picture-in-picture" allowfullscreen></iframe>



<p class="wp-block-paragraph"><strong><em>Ce contenu provient des Productions Nuits d’Afrique et est adapté par PAN M 360.</em></strong></p>

<p>« Remarquablement polyvalente, elle passe de la guitare à la batterie en chantant ses compositions et celles de ses collaborateurs » (Le Devoir, 2021). Lors des Syli d’or 2021 de la musique du monde, Lara Klaus a remporté la 2e place du concours ainsi que le prix Coup de cœur du Conseil des arts de [&hellip;]</p>

<!-- This site is optimized with the Yoast SEO plugin v27.4 - https://yoast.com/product/yoast-seo-wordpress/ -->
<title>Nuits d&#039;Afrique presents Lara Klaus - PAN M 360</title>
<meta name="robots" content="index, follow, max-snippet:-1, max-image-preview:large, max-video-preview:-1" />
<link rel="canonical" href="https://panm360.com/en/agenda/nuits-dafrique-presente-lara-klaus/" />
<meta property="og:locale" content="en_US" />
<meta property="og:type" content="article" />
<meta property="og:title" content="Nuits d&#039;Afrique presents Lara Klaus - PAN M 360" />
<meta property="og:description" content="« Remarquablement polyvalente, elle passe de la guitare à la batterie en chantant ses compositions et celles de ses collaborateurs » (Le Devoir, 2021). Lors des Syli d’or 2021 de la musique du monde, Lara Klaus a remporté la 2e place du concours ainsi que le prix Coup de cœur du Conseil des arts de [&hellip;]" />
<meta property="og:url" content="https://panm360.com/en/agenda/nuits-dafrique-presente-lara-klaus/" />
<meta property="og:site_name" content="PAN M 360" />
<meta property="article:publisher" content="https://www.facebook.com/panm360/" />
<meta property="article:modified_time" content="2022-07-19T14:51:28+00:00" />
<meta property="og:image" content="https://panm360.com/wp-content/uploads/2022/07/laraklaus-scaled-1.jpg" />
	<meta property="og:image:width" content="1200" />
	<meta property="og:image:height" content="675" />
	<meta property="og:image:type" content="image/jpeg" />
<meta name="twitter:card" content="summary_large_image" />
<meta name="twitter:site" content="@PANM360" />
<meta name="twitter:label1" content="Est. reading time" />
	<meta name="twitter:data1" content="2 minutes" />
<script type="application/ld+json" class="yoast-schema-graph">{"@context":"https:\/\/schema.org","@graph":[{"@type":"WebPage","@id":"https:\/\/panm360.com\/en\/agenda\/nuits-dafrique-presente-lara-klaus\/","url":"https:\/\/panm360.com\/en\/agenda\/nuits-dafrique-presente-lara-klaus\/","name":"Nuits d'Afrique presents Lara Klaus - PAN M 360","isPartOf":{"@id":"https:\/\/panm360.com\/en\/#website"},"datePublished":"2022-07-16T14:24:00+00:00","dateModified":"2022-07-19T14:51:28+00:00","breadcrumb":{"@id":"https:\/\/panm360.com\/en\/agenda\/nuits-dafrique-presente-lara-klaus\/#breadcrumb"},"inLanguage":"en-US","potentialAction":[{"@type":"ReadAction","target":["https:\/\/panm360.com\/en\/agenda\/nuits-dafrique-presente-lara-klaus\/"]}]},{"@type":"BreadcrumbList","@id":"https:\/\/panm360.com\/en\/agenda\/nuits-dafrique-presente-lara-klaus\/#breadcrumb","itemListElement":[{"@type":"ListItem","position":1,"name":"Accueil","item":"https:\/\/panm360.com\/en\/"},{"@type":"ListItem","position":2,"name":"Listings","item":"https:\/\/panm360.com\/en\/agenda\/"},{"@type":"ListItem","position":3,"name":"Nuits d&#8217;Afrique presents Lara Klaus"}]},{"@type":"WebSite","@id":"https:\/\/panm360.com\/en\/#website","url":"https:\/\/panm360.com\/en\/","name":"PAN M 360","description":"Le média numérique de la musique !","publisher":{"@id":"https:\/\/panm360.com\/en\/#organization"},"potentialAction":[{"@type":"SearchAction","target":{"@type":"EntryPoint","urlTemplate":"https:\/\/panm360.com\/en\/?s={search_term_string}"},"query-input":{"@type":"PropertyValueSpecification","valueRequired":true,"valueName":"search_term_string"}}],"inLanguage":"en-US"},{"@type":"Organization","@id":"https:\/\/panm360.com\/en\/#organization","name":"PAN M 360","url":"https:\/\/panm360.com\/en\/","logo":{"@type":"ImageObject","inLanguage":"en-US","@id":"https:\/\/panm360.com\/en\/#\/schema\/logo\/image\/","url":"https:\/\/panm360.com\/wp-content\/uploads\/2019\/12\/PAN-M360_Logo_RGB.jpg","contentUrl":"https:\/\/panm360.com\/wp-content\/uploads\/2019\/12\/PAN-M360_Logo_RGB.jpg","width":1663,"height":631,"caption":"PAN M 360"},"image":{"@id":"https:\/\/panm360.com\/en\/#\/schema\/logo\/image\/"},"sameAs":["https:\/\/www.facebook.com\/panm360\/","https:\/\/x.com\/PANM360","https:\/\/www.instagram.com\/panm360\/","https:\/\/www.linkedin.com\/company\/panm360\/","https:\/\/www.youtube.com\/channel\/UCHEFHd3UhIrV6EJ3ltzVKOA?view_as=subscriber"]}]}</script>
<!-- / Yoast SEO plugin. -->

« Remarquablement polyvalente, elle passe de la guitare à la batterie en chantant ses compositions et celles de ses collaborateurs » (Le Devoir, 2021). Lors des Syli d’or 2021 de la musique du monde, Lara Klaus a remporté la 2e place du concours ainsi que le prix Coup de cœur du Conseil des arts de [&hellip;]

Le média numérique de la musique !
