{"id":74862,"date":"2022-07-22T10:04:00","date_gmt":"2022-07-22T14:04:00","guid":{"rendered":"https:\/\/panm360.com\/?post_type=agenda&#038;p=74862"},"modified":"2022-07-22T10:20:55","modified_gmt":"2022-07-22T14:20:55","slug":"mike-paul-kuekuatsheu-au-festival-nuits-dafrique","status":"publish","type":"agenda","link":"https:\/\/panm360.com\/en\/agenda\/mike-paul-kuekuatsheu-au-festival-nuits-dafrique\/","title":{"rendered":"Mike Paul Kuekuatsheu au Festival Nuits d&#8217;Afrique"},"content":{"rendered":"\n<p class=\"wp-block-paragraph\">\u00ab\u00a0Guid\u00e9e par la rivi\u00e8re et l\u2019esprit des vents, sa voix r\u00e9sonne dans l\u2019univers pour la protection du vivant sur assi (terre) et pour la fiert\u00e9 de la culture mill\u00e9naire de son peuple ilnu de chasseurs-cueilleurs \u00bb. Cette phrase, qu\u2019on trouve sur son site web, r\u00e9sume la d\u00e9marche de Mike Paul, le \u00ab Carcajou \u00bb. Depuis presque 30 ans, sa Country Folk tendance Indie Rock est la voix de la Terre M\u00e8re. Elle rappelle l\u2019\u00e9cho de la rivi\u00e8re, la parole des anciens, le retour aux sources, le respect du vivant. Elle donne espoir aux jeunes des communaut\u00e9s autochtones. Le 3e\u00a0et r\u00e9cent album de cet auteur-compositeur de la nation Innu,\u00a0<em>Ashuapmushuan<\/em>\u00a0(l\u00e0 o\u00f9 on guette l\u2019orignal), t\u00e9moigne de son engagement \u00e0 la fois authentique et contemporain.\u00a0\u00a0\u00a0\u00a0<\/p>\n\n\n\n<p class=\"wp-block-paragraph\">\u201cGuided by the river and the spirit of the winds, his voice resonates in the universe for the protection of the living on Assi (land) and for the pride of the millennial culture of its Ilnu people of huntergatherers.\u201d This quote from his website summarizes Mike Paul \u201cWolverine\u2019\u2019 Kuekuatsheu\u2019s musical process. For almost 30 years his folk country\/indie rock music has been speaking for Mother Earth like an echo of the river and ancient legends, a return to the source and respect for all living things, sharing his hope with the youth of Indigenous communities. The singer-songwriter\u2019s 3rd album, Ashuapmushuan (meaning the place where we watch for moose), is a testament to his commitment to authenticity in modern times.<\/p>\n\n\n\n<p class=\"wp-block-paragraph\"><strong>GRATUIT!<\/strong><\/p>\n\n\n\n<iframe loading=\"lazy\" width=\"1349\" height=\"500\" src=\"https:\/\/www.youtube.com\/embed\/nrw3lNxYGE0\" title=\"Mike Paul Kuekuatsheu - Ashinetau - vid\u00e9oclip officiel\" frameborder=\"0\" allow=\"accelerometer; autoplay; clipboard-write; encrypted-media; gyroscope; picture-in-picture\" allowfullscreen><\/iframe>\n\n\n\n<p class=\"wp-block-paragraph\"><strong><em>Ce contenu provient des Productions Nuits d\u2019Afrique et est adapt\u00e9 par PAN M 360.<\/em><\/strong><\/p>\n","protected":false},"excerpt":{"rendered":"<p>\u00ab\u00a0Guid\u00e9e par la rivi\u00e8re et l\u2019esprit des vents, sa voix r\u00e9sonne dans l\u2019univers pour la protection du vivant sur assi (terre) et pour la fiert\u00e9 de la culture mill\u00e9naire de son peuple ilnu de chasseurs-cueilleurs \u00bb. Cette phrase, qu\u2019on trouve sur son site web, r\u00e9sume la d\u00e9marche de Mike Paul, le \u00ab Carcajou \u00bb. Depuis [&hellip;]<\/p>\n","protected":false},"author":936,"featured_media":0,"menu_order":0,"template":"","format":"standard","meta":{"_acf_changed":false,"_crdt_document":""},"categories":[4322],"tags":[],"generale":[3814],"genre":[7591,3200],"pays":[7559],"salle":[],"ville":[4415],"class_list":["post-74862","agenda","type-agenda","status-publish","format-standard","hentry","category-listings-360","generale-lire-en","genre-country-folk-en","genre-indie-rock-2","pays-premieres-nations-ilnu-en","ville-montreal-2"],"acf":[],"yoast_head":"<!-- This site is optimized with the Yoast SEO plugin v27.4 - https:\/\/yoast.com\/product\/yoast-seo-wordpress\/ -->\n<title>Mike Paul Kuekuatsheu au Festival Nuits d&#039;Afrique - PAN M 360<\/title>\n<meta name=\"robots\" content=\"index, follow, max-snippet:-1, max-image-preview:large, max-video-preview:-1\" \/>\n<link rel=\"canonical\" href=\"https:\/\/panm360.com\/en\/agenda\/mike-paul-kuekuatsheu-au-festival-nuits-dafrique\/\" \/>\n<meta property=\"og:locale\" content=\"en_US\" \/>\n<meta property=\"og:type\" content=\"article\" \/>\n<meta property=\"og:title\" content=\"Mike Paul Kuekuatsheu au Festival Nuits d&#039;Afrique - PAN M 360\" \/>\n<meta property=\"og:description\" content=\"\u00ab\u00a0Guid\u00e9e par la rivi\u00e8re et l\u2019esprit des vents, sa voix r\u00e9sonne dans l\u2019univers pour la protection du vivant sur assi (terre) et pour la fiert\u00e9 de la culture mill\u00e9naire de son peuple ilnu de chasseurs-cueilleurs \u00bb. Cette phrase, qu\u2019on trouve sur son site web, r\u00e9sume la d\u00e9marche de Mike Paul, le \u00ab Carcajou \u00bb. Depuis [&hellip;]\" \/>\n<meta property=\"og:url\" content=\"https:\/\/panm360.com\/en\/agenda\/mike-paul-kuekuatsheu-au-festival-nuits-dafrique\/\" \/>\n<meta property=\"og:site_name\" content=\"PAN M 360\" \/>\n<meta property=\"article:publisher\" content=\"https:\/\/www.facebook.com\/panm360\/\" \/>\n<meta property=\"article:modified_time\" content=\"2022-07-22T14:20:55+00:00\" \/>\n<meta property=\"og:image\" content=\"https:\/\/panm360.com\/wp-content\/uploads\/2022\/07\/maxresdefault-5-scaled.jpg\" \/>\n\t<meta property=\"og:image:width\" content=\"1200\" \/>\n\t<meta property=\"og:image:height\" content=\"675\" \/>\n\t<meta property=\"og:image:type\" content=\"image\/jpeg\" \/>\n<meta name=\"twitter:card\" content=\"summary_large_image\" \/>\n<meta name=\"twitter:site\" content=\"@PANM360\" \/>\n<meta name=\"twitter:label1\" content=\"Est. reading time\" \/>\n\t<meta name=\"twitter:data1\" content=\"2 minutes\" \/>\n<script type=\"application\/ld+json\" class=\"yoast-schema-graph\">{\"@context\":\"https:\\\/\\\/schema.org\",\"@graph\":[{\"@type\":\"WebPage\",\"@id\":\"https:\\\/\\\/panm360.com\\\/en\\\/agenda\\\/mike-paul-kuekuatsheu-au-festival-nuits-dafrique\\\/\",\"url\":\"https:\\\/\\\/panm360.com\\\/en\\\/agenda\\\/mike-paul-kuekuatsheu-au-festival-nuits-dafrique\\\/\",\"name\":\"Mike Paul Kuekuatsheu au Festival Nuits d'Afrique - PAN M 360\",\"isPartOf\":{\"@id\":\"https:\\\/\\\/panm360.com\\\/en\\\/#website\"},\"datePublished\":\"2022-07-22T14:04:00+00:00\",\"dateModified\":\"2022-07-22T14:20:55+00:00\",\"breadcrumb\":{\"@id\":\"https:\\\/\\\/panm360.com\\\/en\\\/agenda\\\/mike-paul-kuekuatsheu-au-festival-nuits-dafrique\\\/#breadcrumb\"},\"inLanguage\":\"en-US\",\"potentialAction\":[{\"@type\":\"ReadAction\",\"target\":[\"https:\\\/\\\/panm360.com\\\/en\\\/agenda\\\/mike-paul-kuekuatsheu-au-festival-nuits-dafrique\\\/\"]}]},{\"@type\":\"BreadcrumbList\",\"@id\":\"https:\\\/\\\/panm360.com\\\/en\\\/agenda\\\/mike-paul-kuekuatsheu-au-festival-nuits-dafrique\\\/#breadcrumb\",\"itemListElement\":[{\"@type\":\"ListItem\",\"position\":1,\"name\":\"Accueil\",\"item\":\"https:\\\/\\\/panm360.com\\\/en\\\/\"},{\"@type\":\"ListItem\",\"position\":2,\"name\":\"Listings\",\"item\":\"https:\\\/\\\/panm360.com\\\/en\\\/agenda\\\/\"},{\"@type\":\"ListItem\",\"position\":3,\"name\":\"Mike Paul Kuekuatsheu au Festival Nuits d&#8217;Afrique\"}]},{\"@type\":\"WebSite\",\"@id\":\"https:\\\/\\\/panm360.com\\\/en\\\/#website\",\"url\":\"https:\\\/\\\/panm360.com\\\/en\\\/\",\"name\":\"PAN M 360\",\"description\":\"Le m\u00e9dia num\u00e9rique de la musique !\",\"publisher\":{\"@id\":\"https:\\\/\\\/panm360.com\\\/en\\\/#organization\"},\"potentialAction\":[{\"@type\":\"SearchAction\",\"target\":{\"@type\":\"EntryPoint\",\"urlTemplate\":\"https:\\\/\\\/panm360.com\\\/en\\\/?s={search_term_string}\"},\"query-input\":{\"@type\":\"PropertyValueSpecification\",\"valueRequired\":true,\"valueName\":\"search_term_string\"}}],\"inLanguage\":\"en-US\"},{\"@type\":\"Organization\",\"@id\":\"https:\\\/\\\/panm360.com\\\/en\\\/#organization\",\"name\":\"PAN M 360\",\"url\":\"https:\\\/\\\/panm360.com\\\/en\\\/\",\"logo\":{\"@type\":\"ImageObject\",\"inLanguage\":\"en-US\",\"@id\":\"https:\\\/\\\/panm360.com\\\/en\\\/#\\\/schema\\\/logo\\\/image\\\/\",\"url\":\"https:\\\/\\\/panm360.com\\\/wp-content\\\/uploads\\\/2019\\\/12\\\/PAN-M360_Logo_RGB.jpg\",\"contentUrl\":\"https:\\\/\\\/panm360.com\\\/wp-content\\\/uploads\\\/2019\\\/12\\\/PAN-M360_Logo_RGB.jpg\",\"width\":1663,\"height\":631,\"caption\":\"PAN M 360\"},\"image\":{\"@id\":\"https:\\\/\\\/panm360.com\\\/en\\\/#\\\/schema\\\/logo\\\/image\\\/\"},\"sameAs\":[\"https:\\\/\\\/www.facebook.com\\\/panm360\\\/\",\"https:\\\/\\\/x.com\\\/PANM360\",\"https:\\\/\\\/www.instagram.com\\\/panm360\\\/\",\"https:\\\/\\\/www.linkedin.com\\\/company\\\/panm360\\\/\",\"https:\\\/\\\/www.youtube.com\\\/channel\\\/UCHEFHd3UhIrV6EJ3ltzVKOA?view_as=subscriber\"]}]}<\/script>\n<!-- \/ Yoast SEO plugin. -->","yoast_head_json":{"title":"Mike Paul Kuekuatsheu au Festival Nuits d'Afrique - PAN M 360","robots":{"index":"index","follow":"follow","max-snippet":"max-snippet:-1","max-image-preview":"max-image-preview:large","max-video-preview":"max-video-preview:-1"},"canonical":"https:\/\/panm360.com\/en\/agenda\/mike-paul-kuekuatsheu-au-festival-nuits-dafrique\/","og_locale":"en_US","og_type":"article","og_title":"Mike Paul Kuekuatsheu au Festival Nuits d'Afrique - PAN M 360","og_description":"\u00ab\u00a0Guid\u00e9e par la rivi\u00e8re et l\u2019esprit des vents, sa voix r\u00e9sonne dans l\u2019univers pour la protection du vivant sur assi (terre) et pour la fiert\u00e9 de la culture mill\u00e9naire de son peuple ilnu de chasseurs-cueilleurs \u00bb. Cette phrase, qu\u2019on trouve sur son site web, r\u00e9sume la d\u00e9marche de Mike Paul, le \u00ab Carcajou \u00bb. Depuis [&hellip;]","og_url":"https:\/\/panm360.com\/en\/agenda\/mike-paul-kuekuatsheu-au-festival-nuits-dafrique\/","og_site_name":"PAN M 360","article_publisher":"https:\/\/www.facebook.com\/panm360\/","article_modified_time":"2022-07-22T14:20:55+00:00","og_image":[{"width":1200,"height":675,"url":"https:\/\/panm360.com\/wp-content\/uploads\/2022\/07\/maxresdefault-5-scaled.jpg","type":"image\/jpeg"}],"twitter_card":"summary_large_image","twitter_site":"@PANM360","twitter_misc":{"Est. reading time":"2 minutes"},"schema":{"@context":"https:\/\/schema.org","@graph":[{"@type":"WebPage","@id":"https:\/\/panm360.com\/en\/agenda\/mike-paul-kuekuatsheu-au-festival-nuits-dafrique\/","url":"https:\/\/panm360.com\/en\/agenda\/mike-paul-kuekuatsheu-au-festival-nuits-dafrique\/","name":"Mike Paul Kuekuatsheu au Festival Nuits d'Afrique - PAN M 360","isPartOf":{"@id":"https:\/\/panm360.com\/en\/#website"},"datePublished":"2022-07-22T14:04:00+00:00","dateModified":"2022-07-22T14:20:55+00:00","breadcrumb":{"@id":"https:\/\/panm360.com\/en\/agenda\/mike-paul-kuekuatsheu-au-festival-nuits-dafrique\/#breadcrumb"},"inLanguage":"en-US","potentialAction":[{"@type":"ReadAction","target":["https:\/\/panm360.com\/en\/agenda\/mike-paul-kuekuatsheu-au-festival-nuits-dafrique\/"]}]},{"@type":"BreadcrumbList","@id":"https:\/\/panm360.com\/en\/agenda\/mike-paul-kuekuatsheu-au-festival-nuits-dafrique\/#breadcrumb","itemListElement":[{"@type":"ListItem","position":1,"name":"Accueil","item":"https:\/\/panm360.com\/en\/"},{"@type":"ListItem","position":2,"name":"Listings","item":"https:\/\/panm360.com\/en\/agenda\/"},{"@type":"ListItem","position":3,"name":"Mike Paul Kuekuatsheu au Festival Nuits d&#8217;Afrique"}]},{"@type":"WebSite","@id":"https:\/\/panm360.com\/en\/#website","url":"https:\/\/panm360.com\/en\/","name":"PAN M 360","description":"Le m\u00e9dia num\u00e9rique de la musique !","publisher":{"@id":"https:\/\/panm360.com\/en\/#organization"},"potentialAction":[{"@type":"SearchAction","target":{"@type":"EntryPoint","urlTemplate":"https:\/\/panm360.com\/en\/?s={search_term_string}"},"query-input":{"@type":"PropertyValueSpecification","valueRequired":true,"valueName":"search_term_string"}}],"inLanguage":"en-US"},{"@type":"Organization","@id":"https:\/\/panm360.com\/en\/#organization","name":"PAN M 360","url":"https:\/\/panm360.com\/en\/","logo":{"@type":"ImageObject","inLanguage":"en-US","@id":"https:\/\/panm360.com\/en\/#\/schema\/logo\/image\/","url":"https:\/\/panm360.com\/wp-content\/uploads\/2019\/12\/PAN-M360_Logo_RGB.jpg","contentUrl":"https:\/\/panm360.com\/wp-content\/uploads\/2019\/12\/PAN-M360_Logo_RGB.jpg","width":1663,"height":631,"caption":"PAN M 360"},"image":{"@id":"https:\/\/panm360.com\/en\/#\/schema\/logo\/image\/"},"sameAs":["https:\/\/www.facebook.com\/panm360\/","https:\/\/x.com\/PANM360","https:\/\/www.instagram.com\/panm360\/","https:\/\/www.linkedin.com\/company\/panm360\/","https:\/\/www.youtube.com\/channel\/UCHEFHd3UhIrV6EJ3ltzVKOA?view_as=subscriber"]}]}},"_links":{"self":[{"href":"https:\/\/panm360.com\/en\/wp-json\/wp\/v2\/agenda\/74862","targetHints":{"allow":["GET"]}}],"collection":[{"href":"https:\/\/panm360.com\/en\/wp-json\/wp\/v2\/agenda"}],"about":[{"href":"https:\/\/panm360.com\/en\/wp-json\/wp\/v2\/types\/agenda"}],"author":[{"embeddable":true,"href":"https:\/\/panm360.com\/en\/wp-json\/wp\/v2\/users\/936"}],"wp:attachment":[{"href":"https:\/\/panm360.com\/en\/wp-json\/wp\/v2\/media?parent=74862"}],"wp:term":[{"taxonomy":"category","embeddable":true,"href":"https:\/\/panm360.com\/en\/wp-json\/wp\/v2\/categories?post=74862"},{"taxonomy":"post_tag","embeddable":true,"href":"https:\/\/panm360.com\/en\/wp-json\/wp\/v2\/tags?post=74862"},{"taxonomy":"generale","embeddable":true,"href":"https:\/\/panm360.com\/en\/wp-json\/wp\/v2\/generale?post=74862"},{"taxonomy":"genre","embeddable":true,"href":"https:\/\/panm360.com\/en\/wp-json\/wp\/v2\/genre?post=74862"},{"taxonomy":"pays","embeddable":true,"href":"https:\/\/panm360.com\/en\/wp-json\/wp\/v2\/pays?post=74862"},{"taxonomy":"salle","embeddable":true,"href":"https:\/\/panm360.com\/en\/wp-json\/wp\/v2\/salle?post=74862"},{"taxonomy":"ville","embeddable":true,"href":"https:\/\/panm360.com\/en\/wp-json\/wp\/v2\/ville?post=74862"}],"curies":[{"name":"wp","href":"https:\/\/api.w.org\/{rel}","templated":true}]}}

<p class="wp-block-paragraph">« Guidée par la rivière et l’esprit des vents, sa voix résonne dans l’univers pour la protection du vivant sur assi (terre) et pour la fierté de la culture millénaire de son peuple ilnu de chasseurs-cueilleurs ». Cette phrase, qu’on trouve sur son site web, résume la démarche de Mike Paul, le « Carcajou ». Depuis presque 30 ans, sa Country Folk tendance Indie Rock est la voix de la Terre Mère. Elle rappelle l’écho de la rivière, la parole des anciens, le retour aux sources, le respect du vivant. Elle donne espoir aux jeunes des communautés autochtones. Le 3e et récent album de cet auteur-compositeur de la nation Innu, <em>Ashuapmushuan</em> (là où on guette l’orignal), témoigne de son engagement à la fois authentique et contemporain.    </p>



<p class="wp-block-paragraph">“Guided by the river and the spirit of the winds, his voice resonates in the universe for the protection of the living on Assi (land) and for the pride of the millennial culture of its Ilnu people of huntergatherers.” This quote from his website summarizes Mike Paul “Wolverine’’ Kuekuatsheu’s musical process. For almost 30 years his folk country/indie rock music has been speaking for Mother Earth like an echo of the river and ancient legends, a return to the source and respect for all living things, sharing his hope with the youth of Indigenous communities. The singer-songwriter’s 3rd album, Ashuapmushuan (meaning the place where we watch for moose), is a testament to his commitment to authenticity in modern times.</p>



<p class="wp-block-paragraph"><strong>GRATUIT!</strong></p>



<iframe loading="lazy" width="1349" height="500" src="https://www.youtube.com/embed/nrw3lNxYGE0" title="Mike Paul Kuekuatsheu - Ashinetau - vidéoclip officiel" frameborder="0" allow="accelerometer; autoplay; clipboard-write; encrypted-media; gyroscope; picture-in-picture" allowfullscreen></iframe>



<p class="wp-block-paragraph"><strong><em>Ce contenu provient des Productions Nuits d’Afrique et est adapté par PAN M 360.</em></strong></p>

<p>« Guidée par la rivière et l’esprit des vents, sa voix résonne dans l’univers pour la protection du vivant sur assi (terre) et pour la fierté de la culture millénaire de son peuple ilnu de chasseurs-cueilleurs ». Cette phrase, qu’on trouve sur son site web, résume la démarche de Mike Paul, le « Carcajou ». Depuis [&hellip;]</p>

<!-- This site is optimized with the Yoast SEO plugin v27.4 - https://yoast.com/product/yoast-seo-wordpress/ -->
<title>Mike Paul Kuekuatsheu au Festival Nuits d&#039;Afrique - PAN M 360</title>
<meta name="robots" content="index, follow, max-snippet:-1, max-image-preview:large, max-video-preview:-1" />
<link rel="canonical" href="https://panm360.com/en/agenda/mike-paul-kuekuatsheu-au-festival-nuits-dafrique/" />
<meta property="og:locale" content="en_US" />
<meta property="og:type" content="article" />
<meta property="og:title" content="Mike Paul Kuekuatsheu au Festival Nuits d&#039;Afrique - PAN M 360" />
<meta property="og:description" content="« Guidée par la rivière et l’esprit des vents, sa voix résonne dans l’univers pour la protection du vivant sur assi (terre) et pour la fierté de la culture millénaire de son peuple ilnu de chasseurs-cueilleurs ». Cette phrase, qu’on trouve sur son site web, résume la démarche de Mike Paul, le « Carcajou ». Depuis [&hellip;]" />
<meta property="og:url" content="https://panm360.com/en/agenda/mike-paul-kuekuatsheu-au-festival-nuits-dafrique/" />
<meta property="og:site_name" content="PAN M 360" />
<meta property="article:publisher" content="https://www.facebook.com/panm360/" />
<meta property="article:modified_time" content="2022-07-22T14:20:55+00:00" />
<meta property="og:image" content="https://panm360.com/wp-content/uploads/2022/07/maxresdefault-5-scaled.jpg" />
	<meta property="og:image:width" content="1200" />
	<meta property="og:image:height" content="675" />
	<meta property="og:image:type" content="image/jpeg" />
<meta name="twitter:card" content="summary_large_image" />
<meta name="twitter:site" content="@PANM360" />
<meta name="twitter:label1" content="Est. reading time" />
	<meta name="twitter:data1" content="2 minutes" />
<script type="application/ld+json" class="yoast-schema-graph">{"@context":"https:\/\/schema.org","@graph":[{"@type":"WebPage","@id":"https:\/\/panm360.com\/en\/agenda\/mike-paul-kuekuatsheu-au-festival-nuits-dafrique\/","url":"https:\/\/panm360.com\/en\/agenda\/mike-paul-kuekuatsheu-au-festival-nuits-dafrique\/","name":"Mike Paul Kuekuatsheu au Festival Nuits d'Afrique - PAN M 360","isPartOf":{"@id":"https:\/\/panm360.com\/en\/#website"},"datePublished":"2022-07-22T14:04:00+00:00","dateModified":"2022-07-22T14:20:55+00:00","breadcrumb":{"@id":"https:\/\/panm360.com\/en\/agenda\/mike-paul-kuekuatsheu-au-festival-nuits-dafrique\/#breadcrumb"},"inLanguage":"en-US","potentialAction":[{"@type":"ReadAction","target":["https:\/\/panm360.com\/en\/agenda\/mike-paul-kuekuatsheu-au-festival-nuits-dafrique\/"]}]},{"@type":"BreadcrumbList","@id":"https:\/\/panm360.com\/en\/agenda\/mike-paul-kuekuatsheu-au-festival-nuits-dafrique\/#breadcrumb","itemListElement":[{"@type":"ListItem","position":1,"name":"Accueil","item":"https:\/\/panm360.com\/en\/"},{"@type":"ListItem","position":2,"name":"Listings","item":"https:\/\/panm360.com\/en\/agenda\/"},{"@type":"ListItem","position":3,"name":"Mike Paul Kuekuatsheu au Festival Nuits d&#8217;Afrique"}]},{"@type":"WebSite","@id":"https:\/\/panm360.com\/en\/#website","url":"https:\/\/panm360.com\/en\/","name":"PAN M 360","description":"Le média numérique de la musique !","publisher":{"@id":"https:\/\/panm360.com\/en\/#organization"},"potentialAction":[{"@type":"SearchAction","target":{"@type":"EntryPoint","urlTemplate":"https:\/\/panm360.com\/en\/?s={search_term_string}"},"query-input":{"@type":"PropertyValueSpecification","valueRequired":true,"valueName":"search_term_string"}}],"inLanguage":"en-US"},{"@type":"Organization","@id":"https:\/\/panm360.com\/en\/#organization","name":"PAN M 360","url":"https:\/\/panm360.com\/en\/","logo":{"@type":"ImageObject","inLanguage":"en-US","@id":"https:\/\/panm360.com\/en\/#\/schema\/logo\/image\/","url":"https:\/\/panm360.com\/wp-content\/uploads\/2019\/12\/PAN-M360_Logo_RGB.jpg","contentUrl":"https:\/\/panm360.com\/wp-content\/uploads\/2019\/12\/PAN-M360_Logo_RGB.jpg","width":1663,"height":631,"caption":"PAN M 360"},"image":{"@id":"https:\/\/panm360.com\/en\/#\/schema\/logo\/image\/"},"sameAs":["https:\/\/www.facebook.com\/panm360\/","https:\/\/x.com\/PANM360","https:\/\/www.instagram.com\/panm360\/","https:\/\/www.linkedin.com\/company\/panm360\/","https:\/\/www.youtube.com\/channel\/UCHEFHd3UhIrV6EJ3ltzVKOA?view_as=subscriber"]}]}</script>
<!-- / Yoast SEO plugin. -->

« Guidée par la rivière et l’esprit des vents, sa voix résonne dans l’univers pour la protection du vivant sur assi (terre) et pour la fierté de la culture millénaire de son peuple ilnu de chasseurs-cueilleurs ». Cette phrase, qu’on trouve sur son site web, résume la démarche de Mike Paul, le « Carcajou ». Depuis [&hellip;]

Le média numérique de la musique !
