{"id":74484,"date":"2022-07-19T08:26:00","date_gmt":"2022-07-19T12:26:00","guid":{"rendered":"https:\/\/panm360.com\/?post_type=agenda&#038;p=74484"},"modified":"2022-07-19T08:40:20","modified_gmt":"2022-07-19T12:40:20","slug":"nuits-dafrique-presente-kabey-konate-et-farafina-roots","status":"publish","type":"agenda","link":"https:\/\/panm360.com\/en\/agenda\/nuits-dafrique-presente-kabey-konate-et-farafina-roots\/","title":{"rendered":"Nuits d&#8217;Afrique pr\u00e9sente Kabey Konate et Farafina Roots"},"content":{"rendered":"\n<p class=\"wp-block-paragraph\">N\u2019est pas n\u2019importe qui qui fait les premi\u00e8res parties d\u2019Alpha Blondy et de Tiken Jah Fakoly ! Le Reggae du charismatique Kabey Konate, \u00e9tabli \u00e0 Montr\u00e9al depuis 2017, est ponctu\u00e9 de sonorit\u00e9s traditionnelles mandingues qui lui donnent une saveur particuli\u00e8re, celle d\u2019\u00eatre impr\u00e9gn\u00e9 par la sagesse des anciens. Celui qui se d\u00e9finit comme le Griot du Reggae offre des prestations hautes en couleur, ses propos engag\u00e9s pour la paix et l\u2019unit\u00e9 \u00e9tant port\u00e9s par un enthousiasme contagieux, par l\u2019entrain et la gaiet\u00e9 dans sa voix. L\u2019an dernier, \u00e0 l\u2019occasion du 35e Festival international Nuits d\u2019Afrique, il a compos\u00e9 une chanson hommage \u00e0 l\u2019\u00e9v\u00e9nement avec les artistes Kayiri et King Shadrock.<\/p>\n\n\n\n<p class=\"wp-block-paragraph\">It\u2019s not just anyone who gets to be the opening act for the likes of Alpha Blondy or Tiken Jah Fakoly! The reggae style of this charismatic musician, who has been living in Montreal since 2017, is punctuated with Mandinka rhythms, giving it a unique flavour\u2014that of being steeped in the wisdom of the Old Ones. Considered the griot of reggae, Kabey Konate delivers an extremely colourful performance, while his lyrics advocating unity are carried by the infectious enthusiasm in his voice and his spirited joyful presence. Last year, Konate, along with artists Kayiri and King Shadrock, composed and performed a song in honour of Nuits d\u2019Afrique\u2019s 35th anniversary.<\/p>\n\n\n\n<p class=\"wp-block-paragraph\"><strong>GRATUIT!<\/strong><\/p>\n\n\n\n<iframe loading=\"lazy\" width=\"1349\" height=\"500\" src=\"https:\/\/www.youtube.com\/embed\/nhPt22_VCuU\" title=\"Kabey konate Africa foly ( feat Joey le soldat)\" frameborder=\"0\" allow=\"accelerometer; autoplay; clipboard-write; encrypted-media; gyroscope; picture-in-picture\" allowfullscreen><\/iframe>\n\n\n\n<p class=\"wp-block-paragraph\"><strong><em>Ce contenu provient des Productions Nuits d\u2019Afrique et est adapt\u00e9 par PAN M 360.<\/em><\/strong><\/p>\n","protected":false},"excerpt":{"rendered":"<p>N\u2019est pas n\u2019importe qui qui fait les premi\u00e8res parties d\u2019Alpha Blondy et de Tiken Jah Fakoly ! Le Reggae du charismatique Kabey Konate, \u00e9tabli \u00e0 Montr\u00e9al depuis 2017, est ponctu\u00e9 de sonorit\u00e9s traditionnelles mandingues qui lui donnent une saveur particuli\u00e8re, celle d\u2019\u00eatre impr\u00e9gn\u00e9 par la sagesse des anciens. Celui qui se d\u00e9finit comme le Griot [&hellip;]<\/p>\n","protected":false},"author":936,"featured_media":0,"menu_order":0,"template":"","format":"standard","meta":{"_acf_changed":false,"_crdt_document":""},"categories":[4322],"tags":[],"generale":[3814],"genre":[3272],"pays":[4778],"salle":[7886],"ville":[4415],"class_list":["post-74484","agenda","type-agenda","status-publish","format-standard","hentry","category-listings-360","generale-lire-en","genre-reggae-2","pays-burkina-faso-en","salle-scene-td-radio-canada-en","ville-montreal-2"],"acf":[],"yoast_head":"<!-- This site is optimized with the Yoast SEO plugin v27.4 - https:\/\/yoast.com\/product\/yoast-seo-wordpress\/ -->\n<title>Nuits d&#039;Afrique pr\u00e9sente Kabey Konate et Farafina Roots - PAN M 360<\/title>\n<meta name=\"robots\" content=\"index, follow, max-snippet:-1, max-image-preview:large, max-video-preview:-1\" \/>\n<link rel=\"canonical\" href=\"https:\/\/panm360.com\/en\/agenda\/nuits-dafrique-presente-kabey-konate-et-farafina-roots\/\" \/>\n<meta property=\"og:locale\" content=\"en_US\" \/>\n<meta property=\"og:type\" content=\"article\" \/>\n<meta property=\"og:title\" content=\"Nuits d&#039;Afrique pr\u00e9sente Kabey Konate et Farafina Roots - PAN M 360\" \/>\n<meta property=\"og:description\" content=\"N\u2019est pas n\u2019importe qui qui fait les premi\u00e8res parties d\u2019Alpha Blondy et de Tiken Jah Fakoly ! Le Reggae du charismatique Kabey Konate, \u00e9tabli \u00e0 Montr\u00e9al depuis 2017, est ponctu\u00e9 de sonorit\u00e9s traditionnelles mandingues qui lui donnent une saveur particuli\u00e8re, celle d\u2019\u00eatre impr\u00e9gn\u00e9 par la sagesse des anciens. Celui qui se d\u00e9finit comme le Griot [&hellip;]\" \/>\n<meta property=\"og:url\" content=\"https:\/\/panm360.com\/en\/agenda\/nuits-dafrique-presente-kabey-konate-et-farafina-roots\/\" \/>\n<meta property=\"og:site_name\" content=\"PAN M 360\" \/>\n<meta property=\"article:publisher\" content=\"https:\/\/www.facebook.com\/panm360\/\" \/>\n<meta property=\"article:modified_time\" content=\"2022-07-19T12:40:20+00:00\" \/>\n<meta property=\"og:image\" content=\"https:\/\/panm360.com\/wp-content\/uploads\/2022\/07\/kabey.jpg\" \/>\n\t<meta property=\"og:image:width\" content=\"800\" \/>\n\t<meta property=\"og:image:height\" content=\"435\" \/>\n\t<meta property=\"og:image:type\" content=\"image\/jpeg\" \/>\n<meta name=\"twitter:card\" content=\"summary_large_image\" \/>\n<meta name=\"twitter:site\" content=\"@PANM360\" \/>\n<meta name=\"twitter:label1\" content=\"Est. reading time\" \/>\n\t<meta name=\"twitter:data1\" content=\"2 minutes\" \/>\n<script type=\"application\/ld+json\" class=\"yoast-schema-graph\">{\"@context\":\"https:\\\/\\\/schema.org\",\"@graph\":[{\"@type\":\"WebPage\",\"@id\":\"https:\\\/\\\/panm360.com\\\/en\\\/agenda\\\/nuits-dafrique-presente-kabey-konate-et-farafina-roots\\\/\",\"url\":\"https:\\\/\\\/panm360.com\\\/en\\\/agenda\\\/nuits-dafrique-presente-kabey-konate-et-farafina-roots\\\/\",\"name\":\"Nuits d'Afrique pr\u00e9sente Kabey Konate et Farafina Roots - PAN M 360\",\"isPartOf\":{\"@id\":\"https:\\\/\\\/panm360.com\\\/en\\\/#website\"},\"datePublished\":\"2022-07-19T12:26:00+00:00\",\"dateModified\":\"2022-07-19T12:40:20+00:00\",\"breadcrumb\":{\"@id\":\"https:\\\/\\\/panm360.com\\\/en\\\/agenda\\\/nuits-dafrique-presente-kabey-konate-et-farafina-roots\\\/#breadcrumb\"},\"inLanguage\":\"en-US\",\"potentialAction\":[{\"@type\":\"ReadAction\",\"target\":[\"https:\\\/\\\/panm360.com\\\/en\\\/agenda\\\/nuits-dafrique-presente-kabey-konate-et-farafina-roots\\\/\"]}]},{\"@type\":\"BreadcrumbList\",\"@id\":\"https:\\\/\\\/panm360.com\\\/en\\\/agenda\\\/nuits-dafrique-presente-kabey-konate-et-farafina-roots\\\/#breadcrumb\",\"itemListElement\":[{\"@type\":\"ListItem\",\"position\":1,\"name\":\"Accueil\",\"item\":\"https:\\\/\\\/panm360.com\\\/en\\\/\"},{\"@type\":\"ListItem\",\"position\":2,\"name\":\"Listings\",\"item\":\"https:\\\/\\\/panm360.com\\\/en\\\/agenda\\\/\"},{\"@type\":\"ListItem\",\"position\":3,\"name\":\"Nuits d&#8217;Afrique pr\u00e9sente Kabey Konate et Farafina Roots\"}]},{\"@type\":\"WebSite\",\"@id\":\"https:\\\/\\\/panm360.com\\\/en\\\/#website\",\"url\":\"https:\\\/\\\/panm360.com\\\/en\\\/\",\"name\":\"PAN M 360\",\"description\":\"Le m\u00e9dia num\u00e9rique de la musique !\",\"publisher\":{\"@id\":\"https:\\\/\\\/panm360.com\\\/en\\\/#organization\"},\"potentialAction\":[{\"@type\":\"SearchAction\",\"target\":{\"@type\":\"EntryPoint\",\"urlTemplate\":\"https:\\\/\\\/panm360.com\\\/en\\\/?s={search_term_string}\"},\"query-input\":{\"@type\":\"PropertyValueSpecification\",\"valueRequired\":true,\"valueName\":\"search_term_string\"}}],\"inLanguage\":\"en-US\"},{\"@type\":\"Organization\",\"@id\":\"https:\\\/\\\/panm360.com\\\/en\\\/#organization\",\"name\":\"PAN M 360\",\"url\":\"https:\\\/\\\/panm360.com\\\/en\\\/\",\"logo\":{\"@type\":\"ImageObject\",\"inLanguage\":\"en-US\",\"@id\":\"https:\\\/\\\/panm360.com\\\/en\\\/#\\\/schema\\\/logo\\\/image\\\/\",\"url\":\"https:\\\/\\\/panm360.com\\\/wp-content\\\/uploads\\\/2019\\\/12\\\/PAN-M360_Logo_RGB.jpg\",\"contentUrl\":\"https:\\\/\\\/panm360.com\\\/wp-content\\\/uploads\\\/2019\\\/12\\\/PAN-M360_Logo_RGB.jpg\",\"width\":1663,\"height\":631,\"caption\":\"PAN M 360\"},\"image\":{\"@id\":\"https:\\\/\\\/panm360.com\\\/en\\\/#\\\/schema\\\/logo\\\/image\\\/\"},\"sameAs\":[\"https:\\\/\\\/www.facebook.com\\\/panm360\\\/\",\"https:\\\/\\\/x.com\\\/PANM360\",\"https:\\\/\\\/www.instagram.com\\\/panm360\\\/\",\"https:\\\/\\\/www.linkedin.com\\\/company\\\/panm360\\\/\",\"https:\\\/\\\/www.youtube.com\\\/channel\\\/UCHEFHd3UhIrV6EJ3ltzVKOA?view_as=subscriber\"]}]}<\/script>\n<!-- \/ Yoast SEO plugin. -->","yoast_head_json":{"title":"Nuits d'Afrique pr\u00e9sente Kabey Konate et Farafina Roots - PAN M 360","robots":{"index":"index","follow":"follow","max-snippet":"max-snippet:-1","max-image-preview":"max-image-preview:large","max-video-preview":"max-video-preview:-1"},"canonical":"https:\/\/panm360.com\/en\/agenda\/nuits-dafrique-presente-kabey-konate-et-farafina-roots\/","og_locale":"en_US","og_type":"article","og_title":"Nuits d'Afrique pr\u00e9sente Kabey Konate et Farafina Roots - PAN M 360","og_description":"N\u2019est pas n\u2019importe qui qui fait les premi\u00e8res parties d\u2019Alpha Blondy et de Tiken Jah Fakoly ! Le Reggae du charismatique Kabey Konate, \u00e9tabli \u00e0 Montr\u00e9al depuis 2017, est ponctu\u00e9 de sonorit\u00e9s traditionnelles mandingues qui lui donnent une saveur particuli\u00e8re, celle d\u2019\u00eatre impr\u00e9gn\u00e9 par la sagesse des anciens. Celui qui se d\u00e9finit comme le Griot [&hellip;]","og_url":"https:\/\/panm360.com\/en\/agenda\/nuits-dafrique-presente-kabey-konate-et-farafina-roots\/","og_site_name":"PAN M 360","article_publisher":"https:\/\/www.facebook.com\/panm360\/","article_modified_time":"2022-07-19T12:40:20+00:00","og_image":[{"width":800,"height":435,"url":"https:\/\/panm360.com\/wp-content\/uploads\/2022\/07\/kabey.jpg","type":"image\/jpeg"}],"twitter_card":"summary_large_image","twitter_site":"@PANM360","twitter_misc":{"Est. reading time":"2 minutes"},"schema":{"@context":"https:\/\/schema.org","@graph":[{"@type":"WebPage","@id":"https:\/\/panm360.com\/en\/agenda\/nuits-dafrique-presente-kabey-konate-et-farafina-roots\/","url":"https:\/\/panm360.com\/en\/agenda\/nuits-dafrique-presente-kabey-konate-et-farafina-roots\/","name":"Nuits d'Afrique pr\u00e9sente Kabey Konate et Farafina Roots - PAN M 360","isPartOf":{"@id":"https:\/\/panm360.com\/en\/#website"},"datePublished":"2022-07-19T12:26:00+00:00","dateModified":"2022-07-19T12:40:20+00:00","breadcrumb":{"@id":"https:\/\/panm360.com\/en\/agenda\/nuits-dafrique-presente-kabey-konate-et-farafina-roots\/#breadcrumb"},"inLanguage":"en-US","potentialAction":[{"@type":"ReadAction","target":["https:\/\/panm360.com\/en\/agenda\/nuits-dafrique-presente-kabey-konate-et-farafina-roots\/"]}]},{"@type":"BreadcrumbList","@id":"https:\/\/panm360.com\/en\/agenda\/nuits-dafrique-presente-kabey-konate-et-farafina-roots\/#breadcrumb","itemListElement":[{"@type":"ListItem","position":1,"name":"Accueil","item":"https:\/\/panm360.com\/en\/"},{"@type":"ListItem","position":2,"name":"Listings","item":"https:\/\/panm360.com\/en\/agenda\/"},{"@type":"ListItem","position":3,"name":"Nuits d&#8217;Afrique pr\u00e9sente Kabey Konate et Farafina Roots"}]},{"@type":"WebSite","@id":"https:\/\/panm360.com\/en\/#website","url":"https:\/\/panm360.com\/en\/","name":"PAN M 360","description":"Le m\u00e9dia num\u00e9rique de la musique !","publisher":{"@id":"https:\/\/panm360.com\/en\/#organization"},"potentialAction":[{"@type":"SearchAction","target":{"@type":"EntryPoint","urlTemplate":"https:\/\/panm360.com\/en\/?s={search_term_string}"},"query-input":{"@type":"PropertyValueSpecification","valueRequired":true,"valueName":"search_term_string"}}],"inLanguage":"en-US"},{"@type":"Organization","@id":"https:\/\/panm360.com\/en\/#organization","name":"PAN M 360","url":"https:\/\/panm360.com\/en\/","logo":{"@type":"ImageObject","inLanguage":"en-US","@id":"https:\/\/panm360.com\/en\/#\/schema\/logo\/image\/","url":"https:\/\/panm360.com\/wp-content\/uploads\/2019\/12\/PAN-M360_Logo_RGB.jpg","contentUrl":"https:\/\/panm360.com\/wp-content\/uploads\/2019\/12\/PAN-M360_Logo_RGB.jpg","width":1663,"height":631,"caption":"PAN M 360"},"image":{"@id":"https:\/\/panm360.com\/en\/#\/schema\/logo\/image\/"},"sameAs":["https:\/\/www.facebook.com\/panm360\/","https:\/\/x.com\/PANM360","https:\/\/www.instagram.com\/panm360\/","https:\/\/www.linkedin.com\/company\/panm360\/","https:\/\/www.youtube.com\/channel\/UCHEFHd3UhIrV6EJ3ltzVKOA?view_as=subscriber"]}]}},"_links":{"self":[{"href":"https:\/\/panm360.com\/en\/wp-json\/wp\/v2\/agenda\/74484","targetHints":{"allow":["GET"]}}],"collection":[{"href":"https:\/\/panm360.com\/en\/wp-json\/wp\/v2\/agenda"}],"about":[{"href":"https:\/\/panm360.com\/en\/wp-json\/wp\/v2\/types\/agenda"}],"author":[{"embeddable":true,"href":"https:\/\/panm360.com\/en\/wp-json\/wp\/v2\/users\/936"}],"wp:attachment":[{"href":"https:\/\/panm360.com\/en\/wp-json\/wp\/v2\/media?parent=74484"}],"wp:term":[{"taxonomy":"category","embeddable":true,"href":"https:\/\/panm360.com\/en\/wp-json\/wp\/v2\/categories?post=74484"},{"taxonomy":"post_tag","embeddable":true,"href":"https:\/\/panm360.com\/en\/wp-json\/wp\/v2\/tags?post=74484"},{"taxonomy":"generale","embeddable":true,"href":"https:\/\/panm360.com\/en\/wp-json\/wp\/v2\/generale?post=74484"},{"taxonomy":"genre","embeddable":true,"href":"https:\/\/panm360.com\/en\/wp-json\/wp\/v2\/genre?post=74484"},{"taxonomy":"pays","embeddable":true,"href":"https:\/\/panm360.com\/en\/wp-json\/wp\/v2\/pays?post=74484"},{"taxonomy":"salle","embeddable":true,"href":"https:\/\/panm360.com\/en\/wp-json\/wp\/v2\/salle?post=74484"},{"taxonomy":"ville","embeddable":true,"href":"https:\/\/panm360.com\/en\/wp-json\/wp\/v2\/ville?post=74484"}],"curies":[{"name":"wp","href":"https:\/\/api.w.org\/{rel}","templated":true}]}}

Nuits d&#8217;Afrique présente Kabey Konate et Farafina Roots

<p class="wp-block-paragraph">N’est pas n’importe qui qui fait les premières parties d’Alpha Blondy et de Tiken Jah Fakoly ! Le Reggae du charismatique Kabey Konate, établi à Montréal depuis 2017, est ponctué de sonorités traditionnelles mandingues qui lui donnent une saveur particulière, celle d’être imprégné par la sagesse des anciens. Celui qui se définit comme le Griot du Reggae offre des prestations hautes en couleur, ses propos engagés pour la paix et l’unité étant portés par un enthousiasme contagieux, par l’entrain et la gaieté dans sa voix. L’an dernier, à l’occasion du 35e Festival international Nuits d’Afrique, il a composé une chanson hommage à l’événement avec les artistes Kayiri et King Shadrock.</p>



<p class="wp-block-paragraph">It’s not just anyone who gets to be the opening act for the likes of Alpha Blondy or Tiken Jah Fakoly! The reggae style of this charismatic musician, who has been living in Montreal since 2017, is punctuated with Mandinka rhythms, giving it a unique flavour—that of being steeped in the wisdom of the Old Ones. Considered the griot of reggae, Kabey Konate delivers an extremely colourful performance, while his lyrics advocating unity are carried by the infectious enthusiasm in his voice and his spirited joyful presence. Last year, Konate, along with artists Kayiri and King Shadrock, composed and performed a song in honour of Nuits d’Afrique’s 35th anniversary.</p>



<p class="wp-block-paragraph"><strong>GRATUIT!</strong></p>



<iframe loading="lazy" width="1349" height="500" src="https://www.youtube.com/embed/nhPt22_VCuU" title="Kabey konate Africa foly ( feat Joey le soldat)" frameborder="0" allow="accelerometer; autoplay; clipboard-write; encrypted-media; gyroscope; picture-in-picture" allowfullscreen></iframe>



<p class="wp-block-paragraph"><strong><em>Ce contenu provient des Productions Nuits d’Afrique et est adapté par PAN M 360.</em></strong></p>

<p>N’est pas n’importe qui qui fait les premières parties d’Alpha Blondy et de Tiken Jah Fakoly ! Le Reggae du charismatique Kabey Konate, établi à Montréal depuis 2017, est ponctué de sonorités traditionnelles mandingues qui lui donnent une saveur particulière, celle d’être imprégné par la sagesse des anciens. Celui qui se définit comme le Griot [&hellip;]</p>

<!-- This site is optimized with the Yoast SEO plugin v27.4 - https://yoast.com/product/yoast-seo-wordpress/ -->
<title>Nuits d&#039;Afrique présente Kabey Konate et Farafina Roots - PAN M 360</title>
<meta name="robots" content="index, follow, max-snippet:-1, max-image-preview:large, max-video-preview:-1" />
<link rel="canonical" href="https://panm360.com/en/agenda/nuits-dafrique-presente-kabey-konate-et-farafina-roots/" />
<meta property="og:locale" content="en_US" />
<meta property="og:type" content="article" />
<meta property="og:title" content="Nuits d&#039;Afrique présente Kabey Konate et Farafina Roots - PAN M 360" />
<meta property="og:description" content="N’est pas n’importe qui qui fait les premières parties d’Alpha Blondy et de Tiken Jah Fakoly ! Le Reggae du charismatique Kabey Konate, établi à Montréal depuis 2017, est ponctué de sonorités traditionnelles mandingues qui lui donnent une saveur particulière, celle d’être imprégné par la sagesse des anciens. Celui qui se définit comme le Griot [&hellip;]" />
<meta property="og:url" content="https://panm360.com/en/agenda/nuits-dafrique-presente-kabey-konate-et-farafina-roots/" />
<meta property="og:site_name" content="PAN M 360" />
<meta property="article:publisher" content="https://www.facebook.com/panm360/" />
<meta property="article:modified_time" content="2022-07-19T12:40:20+00:00" />
<meta property="og:image" content="https://panm360.com/wp-content/uploads/2022/07/kabey.jpg" />
	<meta property="og:image:width" content="800" />
	<meta property="og:image:height" content="435" />
	<meta property="og:image:type" content="image/jpeg" />
<meta name="twitter:card" content="summary_large_image" />
<meta name="twitter:site" content="@PANM360" />
<meta name="twitter:label1" content="Est. reading time" />
	<meta name="twitter:data1" content="2 minutes" />
<script type="application/ld+json" class="yoast-schema-graph">{"@context":"https:\/\/schema.org","@graph":[{"@type":"WebPage","@id":"https:\/\/panm360.com\/en\/agenda\/nuits-dafrique-presente-kabey-konate-et-farafina-roots\/","url":"https:\/\/panm360.com\/en\/agenda\/nuits-dafrique-presente-kabey-konate-et-farafina-roots\/","name":"Nuits d'Afrique présente Kabey Konate et Farafina Roots - PAN M 360","isPartOf":{"@id":"https:\/\/panm360.com\/en\/#website"},"datePublished":"2022-07-19T12:26:00+00:00","dateModified":"2022-07-19T12:40:20+00:00","breadcrumb":{"@id":"https:\/\/panm360.com\/en\/agenda\/nuits-dafrique-presente-kabey-konate-et-farafina-roots\/#breadcrumb"},"inLanguage":"en-US","potentialAction":[{"@type":"ReadAction","target":["https:\/\/panm360.com\/en\/agenda\/nuits-dafrique-presente-kabey-konate-et-farafina-roots\/"]}]},{"@type":"BreadcrumbList","@id":"https:\/\/panm360.com\/en\/agenda\/nuits-dafrique-presente-kabey-konate-et-farafina-roots\/#breadcrumb","itemListElement":[{"@type":"ListItem","position":1,"name":"Accueil","item":"https:\/\/panm360.com\/en\/"},{"@type":"ListItem","position":2,"name":"Listings","item":"https:\/\/panm360.com\/en\/agenda\/"},{"@type":"ListItem","position":3,"name":"Nuits d&#8217;Afrique présente Kabey Konate et Farafina Roots"}]},{"@type":"WebSite","@id":"https:\/\/panm360.com\/en\/#website","url":"https:\/\/panm360.com\/en\/","name":"PAN M 360","description":"Le média numérique de la musique !","publisher":{"@id":"https:\/\/panm360.com\/en\/#organization"},"potentialAction":[{"@type":"SearchAction","target":{"@type":"EntryPoint","urlTemplate":"https:\/\/panm360.com\/en\/?s={search_term_string}"},"query-input":{"@type":"PropertyValueSpecification","valueRequired":true,"valueName":"search_term_string"}}],"inLanguage":"en-US"},{"@type":"Organization","@id":"https:\/\/panm360.com\/en\/#organization","name":"PAN M 360","url":"https:\/\/panm360.com\/en\/","logo":{"@type":"ImageObject","inLanguage":"en-US","@id":"https:\/\/panm360.com\/en\/#\/schema\/logo\/image\/","url":"https:\/\/panm360.com\/wp-content\/uploads\/2019\/12\/PAN-M360_Logo_RGB.jpg","contentUrl":"https:\/\/panm360.com\/wp-content\/uploads\/2019\/12\/PAN-M360_Logo_RGB.jpg","width":1663,"height":631,"caption":"PAN M 360"},"image":{"@id":"https:\/\/panm360.com\/en\/#\/schema\/logo\/image\/"},"sameAs":["https:\/\/www.facebook.com\/panm360\/","https:\/\/x.com\/PANM360","https:\/\/www.instagram.com\/panm360\/","https:\/\/www.linkedin.com\/company\/panm360\/","https:\/\/www.youtube.com\/channel\/UCHEFHd3UhIrV6EJ3ltzVKOA?view_as=subscriber"]}]}</script>
<!-- / Yoast SEO plugin. -->

Nuits d'Afrique présente Kabey Konate et Farafina Roots - PAN M 360

N’est pas n’importe qui qui fait les premières parties d’Alpha Blondy et de Tiken Jah Fakoly ! Le Reggae du charismatique Kabey Konate, établi à Montréal depuis 2017, est ponctué de sonorités traditionnelles mandingues qui lui donnent une saveur particulière, celle d’être imprégné par la sagesse des anciens. Celui qui se définit comme le Griot [&hellip;]

Le média numérique de la musique !
