{"id":74452,"date":"2022-07-19T08:22:00","date_gmt":"2022-07-19T12:22:00","guid":{"rendered":"https:\/\/panm360.com\/?post_type=agenda&#038;p=74452"},"modified":"2022-07-19T08:41:40","modified_gmt":"2022-07-19T12:41:40","slug":"le-festival-nuits-dafrique-presente-emde","status":"publish","type":"agenda","link":"https:\/\/panm360.com\/en\/agenda\/le-festival-nuits-dafrique-presente-emde\/","title":{"rendered":"Le Festival Nuits d&#8217;Afrique pr\u00e9sente Emde"},"content":{"rendered":"\n<p class=\"wp-block-paragraph\">De \u00ab riches chansons, ex\u00e9cut\u00e9es avec \u00e9nergie et confiance \u00bb (Le Devoir, 2019).\u00a0Son instrument \u00e0 15 cordes, qu\u2019il nomme \u00ab bahouinou \u00bb (les cordes d\u2019un homme), entre la kora et le n\u2019goni, EMDE l\u2019a fa\u00e7onn\u00e9 de ses propres mains. Le blues mandingue qu\u2019il en tire habilement, brod\u00e9 de nuances Jazz, Funk et Reggae, souligne parfaitement la douce voix du jeune griot, descendant Bwa. \u00c9galement percussionniste, le laur\u00e9at du Syli d\u2019or de la musique du monde en 2019 use tout aussi adroitement des tamani, djemb\u00e9, dunduns, calebasse, karinyan, filen et autre yabara. Une exp\u00e9rience musicale immersive au c\u0153ur du Mali.<\/p>\n\n\n\n<p class=\"wp-block-paragraph\">The \u201crichness of the songs, delivered with energy and confidence.\u201d (Le Devoir, 2019). His 15-string\u00a0instrument, which he made himself and calls the \u201cbahouinou\u201d (the strings of a man), is something\u00a0between a kora and a ngoni. The Mandinka blues EMDE plays, woven from jazz, funk and reggae,\u00a0perfectly accompanies the soft voice of this young griot of Bwa ancestry. And this grand winner of the 2019 Syli d\u2019or de la musique du monde is also a percussionist who is just as adept when playing the tamani, djembe, dundun, calabash, karinyan, filen and yaraba. His is music that brings you straight to the musical heart of Mali.<\/p>\n\n\n\n<p class=\"wp-block-paragraph\"><strong>GRATUIT!<\/strong><\/p>\n\n\n\n<iframe loading=\"lazy\" width=\"1349\" height=\"500\" src=\"https:\/\/www.youtube.com\/embed\/930D_EFnqzU\" title=\"EMDE   GRAND GAGNANT DU SYLI D'OR 2019\" frameborder=\"0\" allow=\"accelerometer; autoplay; clipboard-write; encrypted-media; gyroscope; picture-in-picture\" allowfullscreen><\/iframe>\n\n\n\n<p class=\"wp-block-paragraph\"><strong><em>Ce contenu provient des Productions Nuits d\u2019Afrique et est adapt\u00e9 par PAN M 360.<\/em><\/strong><\/p>\n","protected":false},"excerpt":{"rendered":"<p>De \u00ab riches chansons, ex\u00e9cut\u00e9es avec \u00e9nergie et confiance \u00bb (Le Devoir, 2019).\u00a0Son instrument \u00e0 15 cordes, qu\u2019il nomme \u00ab bahouinou \u00bb (les cordes d\u2019un homme), entre la kora et le n\u2019goni, EMDE l\u2019a fa\u00e7onn\u00e9 de ses propres mains. Le blues mandingue qu\u2019il en tire habilement, brod\u00e9 de nuances Jazz, Funk et Reggae, souligne parfaitement [&hellip;]<\/p>\n","protected":false},"author":936,"featured_media":0,"menu_order":0,"template":"","format":"standard","meta":{"_acf_changed":false,"_crdt_document":""},"categories":[4322],"tags":[],"generale":[3814],"genre":[3210,3272],"pays":[3846],"salle":[7884],"ville":[4415],"class_list":["post-74452","agenda","type-agenda","status-publish","format-standard","hentry","category-listings-360","generale-lire-en","genre-jazz-funk-2","genre-reggae-2","pays-mali-en","salle-scene-loto-quebec-de-lesplanade-en","ville-montreal-2"],"acf":[],"yoast_head":"<!-- This site is optimized with the Yoast SEO plugin v27.4 - https:\/\/yoast.com\/product\/yoast-seo-wordpress\/ -->\n<title>Le Festival Nuits d&#039;Afrique pr\u00e9sente Emde - PAN M 360<\/title>\n<meta name=\"robots\" content=\"index, follow, max-snippet:-1, max-image-preview:large, max-video-preview:-1\" \/>\n<link rel=\"canonical\" href=\"https:\/\/panm360.com\/en\/agenda\/le-festival-nuits-dafrique-presente-emde\/\" \/>\n<meta property=\"og:locale\" content=\"en_US\" \/>\n<meta property=\"og:type\" content=\"article\" \/>\n<meta property=\"og:title\" content=\"Le Festival Nuits d&#039;Afrique pr\u00e9sente Emde - PAN M 360\" \/>\n<meta property=\"og:description\" content=\"De \u00ab riches chansons, ex\u00e9cut\u00e9es avec \u00e9nergie et confiance \u00bb (Le Devoir, 2019).\u00a0Son instrument \u00e0 15 cordes, qu\u2019il nomme \u00ab bahouinou \u00bb (les cordes d\u2019un homme), entre la kora et le n\u2019goni, EMDE l\u2019a fa\u00e7onn\u00e9 de ses propres mains. Le blues mandingue qu\u2019il en tire habilement, brod\u00e9 de nuances Jazz, Funk et Reggae, souligne parfaitement [&hellip;]\" \/>\n<meta property=\"og:url\" content=\"https:\/\/panm360.com\/en\/agenda\/le-festival-nuits-dafrique-presente-emde\/\" \/>\n<meta property=\"og:site_name\" content=\"PAN M 360\" \/>\n<meta property=\"article:publisher\" content=\"https:\/\/www.facebook.com\/panm360\/\" \/>\n<meta property=\"article:modified_time\" content=\"2022-07-19T12:41:40+00:00\" \/>\n<meta property=\"og:image\" content=\"https:\/\/panm360.com\/wp-content\/uploads\/2022\/07\/syli-dor-16-scaled.jpg\" \/>\n\t<meta property=\"og:image:width\" content=\"1200\" \/>\n\t<meta property=\"og:image:height\" content=\"795\" \/>\n\t<meta property=\"og:image:type\" content=\"image\/jpeg\" \/>\n<meta name=\"twitter:card\" content=\"summary_large_image\" \/>\n<meta name=\"twitter:site\" content=\"@PANM360\" \/>\n<meta name=\"twitter:label1\" content=\"Est. reading time\" \/>\n\t<meta name=\"twitter:data1\" content=\"2 minutes\" \/>\n<script type=\"application\/ld+json\" class=\"yoast-schema-graph\">{\"@context\":\"https:\\\/\\\/schema.org\",\"@graph\":[{\"@type\":\"WebPage\",\"@id\":\"https:\\\/\\\/panm360.com\\\/en\\\/agenda\\\/le-festival-nuits-dafrique-presente-emde\\\/\",\"url\":\"https:\\\/\\\/panm360.com\\\/en\\\/agenda\\\/le-festival-nuits-dafrique-presente-emde\\\/\",\"name\":\"Le Festival Nuits d'Afrique pr\u00e9sente Emde - PAN M 360\",\"isPartOf\":{\"@id\":\"https:\\\/\\\/panm360.com\\\/en\\\/#website\"},\"datePublished\":\"2022-07-19T12:22:00+00:00\",\"dateModified\":\"2022-07-19T12:41:40+00:00\",\"breadcrumb\":{\"@id\":\"https:\\\/\\\/panm360.com\\\/en\\\/agenda\\\/le-festival-nuits-dafrique-presente-emde\\\/#breadcrumb\"},\"inLanguage\":\"en-US\",\"potentialAction\":[{\"@type\":\"ReadAction\",\"target\":[\"https:\\\/\\\/panm360.com\\\/en\\\/agenda\\\/le-festival-nuits-dafrique-presente-emde\\\/\"]}]},{\"@type\":\"BreadcrumbList\",\"@id\":\"https:\\\/\\\/panm360.com\\\/en\\\/agenda\\\/le-festival-nuits-dafrique-presente-emde\\\/#breadcrumb\",\"itemListElement\":[{\"@type\":\"ListItem\",\"position\":1,\"name\":\"Accueil\",\"item\":\"https:\\\/\\\/panm360.com\\\/en\\\/\"},{\"@type\":\"ListItem\",\"position\":2,\"name\":\"Listings\",\"item\":\"https:\\\/\\\/panm360.com\\\/en\\\/agenda\\\/\"},{\"@type\":\"ListItem\",\"position\":3,\"name\":\"Le Festival Nuits d&#8217;Afrique pr\u00e9sente Emde\"}]},{\"@type\":\"WebSite\",\"@id\":\"https:\\\/\\\/panm360.com\\\/en\\\/#website\",\"url\":\"https:\\\/\\\/panm360.com\\\/en\\\/\",\"name\":\"PAN M 360\",\"description\":\"Le m\u00e9dia num\u00e9rique de la musique !\",\"publisher\":{\"@id\":\"https:\\\/\\\/panm360.com\\\/en\\\/#organization\"},\"potentialAction\":[{\"@type\":\"SearchAction\",\"target\":{\"@type\":\"EntryPoint\",\"urlTemplate\":\"https:\\\/\\\/panm360.com\\\/en\\\/?s={search_term_string}\"},\"query-input\":{\"@type\":\"PropertyValueSpecification\",\"valueRequired\":true,\"valueName\":\"search_term_string\"}}],\"inLanguage\":\"en-US\"},{\"@type\":\"Organization\",\"@id\":\"https:\\\/\\\/panm360.com\\\/en\\\/#organization\",\"name\":\"PAN M 360\",\"url\":\"https:\\\/\\\/panm360.com\\\/en\\\/\",\"logo\":{\"@type\":\"ImageObject\",\"inLanguage\":\"en-US\",\"@id\":\"https:\\\/\\\/panm360.com\\\/en\\\/#\\\/schema\\\/logo\\\/image\\\/\",\"url\":\"https:\\\/\\\/panm360.com\\\/wp-content\\\/uploads\\\/2019\\\/12\\\/PAN-M360_Logo_RGB.jpg\",\"contentUrl\":\"https:\\\/\\\/panm360.com\\\/wp-content\\\/uploads\\\/2019\\\/12\\\/PAN-M360_Logo_RGB.jpg\",\"width\":1663,\"height\":631,\"caption\":\"PAN M 360\"},\"image\":{\"@id\":\"https:\\\/\\\/panm360.com\\\/en\\\/#\\\/schema\\\/logo\\\/image\\\/\"},\"sameAs\":[\"https:\\\/\\\/www.facebook.com\\\/panm360\\\/\",\"https:\\\/\\\/x.com\\\/PANM360\",\"https:\\\/\\\/www.instagram.com\\\/panm360\\\/\",\"https:\\\/\\\/www.linkedin.com\\\/company\\\/panm360\\\/\",\"https:\\\/\\\/www.youtube.com\\\/channel\\\/UCHEFHd3UhIrV6EJ3ltzVKOA?view_as=subscriber\"]}]}<\/script>\n<!-- \/ Yoast SEO plugin. -->","yoast_head_json":{"title":"Le Festival Nuits d'Afrique pr\u00e9sente Emde - PAN M 360","robots":{"index":"index","follow":"follow","max-snippet":"max-snippet:-1","max-image-preview":"max-image-preview:large","max-video-preview":"max-video-preview:-1"},"canonical":"https:\/\/panm360.com\/en\/agenda\/le-festival-nuits-dafrique-presente-emde\/","og_locale":"en_US","og_type":"article","og_title":"Le Festival Nuits d'Afrique pr\u00e9sente Emde - PAN M 360","og_description":"De \u00ab riches chansons, ex\u00e9cut\u00e9es avec \u00e9nergie et confiance \u00bb (Le Devoir, 2019).\u00a0Son instrument \u00e0 15 cordes, qu\u2019il nomme \u00ab bahouinou \u00bb (les cordes d\u2019un homme), entre la kora et le n\u2019goni, EMDE l\u2019a fa\u00e7onn\u00e9 de ses propres mains. Le blues mandingue qu\u2019il en tire habilement, brod\u00e9 de nuances Jazz, Funk et Reggae, souligne parfaitement [&hellip;]","og_url":"https:\/\/panm360.com\/en\/agenda\/le-festival-nuits-dafrique-presente-emde\/","og_site_name":"PAN M 360","article_publisher":"https:\/\/www.facebook.com\/panm360\/","article_modified_time":"2022-07-19T12:41:40+00:00","og_image":[{"width":1200,"height":795,"url":"https:\/\/panm360.com\/wp-content\/uploads\/2022\/07\/syli-dor-16-scaled.jpg","type":"image\/jpeg"}],"twitter_card":"summary_large_image","twitter_site":"@PANM360","twitter_misc":{"Est. reading time":"2 minutes"},"schema":{"@context":"https:\/\/schema.org","@graph":[{"@type":"WebPage","@id":"https:\/\/panm360.com\/en\/agenda\/le-festival-nuits-dafrique-presente-emde\/","url":"https:\/\/panm360.com\/en\/agenda\/le-festival-nuits-dafrique-presente-emde\/","name":"Le Festival Nuits d'Afrique pr\u00e9sente Emde - PAN M 360","isPartOf":{"@id":"https:\/\/panm360.com\/en\/#website"},"datePublished":"2022-07-19T12:22:00+00:00","dateModified":"2022-07-19T12:41:40+00:00","breadcrumb":{"@id":"https:\/\/panm360.com\/en\/agenda\/le-festival-nuits-dafrique-presente-emde\/#breadcrumb"},"inLanguage":"en-US","potentialAction":[{"@type":"ReadAction","target":["https:\/\/panm360.com\/en\/agenda\/le-festival-nuits-dafrique-presente-emde\/"]}]},{"@type":"BreadcrumbList","@id":"https:\/\/panm360.com\/en\/agenda\/le-festival-nuits-dafrique-presente-emde\/#breadcrumb","itemListElement":[{"@type":"ListItem","position":1,"name":"Accueil","item":"https:\/\/panm360.com\/en\/"},{"@type":"ListItem","position":2,"name":"Listings","item":"https:\/\/panm360.com\/en\/agenda\/"},{"@type":"ListItem","position":3,"name":"Le Festival Nuits d&#8217;Afrique pr\u00e9sente Emde"}]},{"@type":"WebSite","@id":"https:\/\/panm360.com\/en\/#website","url":"https:\/\/panm360.com\/en\/","name":"PAN M 360","description":"Le m\u00e9dia num\u00e9rique de la musique !","publisher":{"@id":"https:\/\/panm360.com\/en\/#organization"},"potentialAction":[{"@type":"SearchAction","target":{"@type":"EntryPoint","urlTemplate":"https:\/\/panm360.com\/en\/?s={search_term_string}"},"query-input":{"@type":"PropertyValueSpecification","valueRequired":true,"valueName":"search_term_string"}}],"inLanguage":"en-US"},{"@type":"Organization","@id":"https:\/\/panm360.com\/en\/#organization","name":"PAN M 360","url":"https:\/\/panm360.com\/en\/","logo":{"@type":"ImageObject","inLanguage":"en-US","@id":"https:\/\/panm360.com\/en\/#\/schema\/logo\/image\/","url":"https:\/\/panm360.com\/wp-content\/uploads\/2019\/12\/PAN-M360_Logo_RGB.jpg","contentUrl":"https:\/\/panm360.com\/wp-content\/uploads\/2019\/12\/PAN-M360_Logo_RGB.jpg","width":1663,"height":631,"caption":"PAN M 360"},"image":{"@id":"https:\/\/panm360.com\/en\/#\/schema\/logo\/image\/"},"sameAs":["https:\/\/www.facebook.com\/panm360\/","https:\/\/x.com\/PANM360","https:\/\/www.instagram.com\/panm360\/","https:\/\/www.linkedin.com\/company\/panm360\/","https:\/\/www.youtube.com\/channel\/UCHEFHd3UhIrV6EJ3ltzVKOA?view_as=subscriber"]}]}},"_links":{"self":[{"href":"https:\/\/panm360.com\/en\/wp-json\/wp\/v2\/agenda\/74452","targetHints":{"allow":["GET"]}}],"collection":[{"href":"https:\/\/panm360.com\/en\/wp-json\/wp\/v2\/agenda"}],"about":[{"href":"https:\/\/panm360.com\/en\/wp-json\/wp\/v2\/types\/agenda"}],"author":[{"embeddable":true,"href":"https:\/\/panm360.com\/en\/wp-json\/wp\/v2\/users\/936"}],"wp:attachment":[{"href":"https:\/\/panm360.com\/en\/wp-json\/wp\/v2\/media?parent=74452"}],"wp:term":[{"taxonomy":"category","embeddable":true,"href":"https:\/\/panm360.com\/en\/wp-json\/wp\/v2\/categories?post=74452"},{"taxonomy":"post_tag","embeddable":true,"href":"https:\/\/panm360.com\/en\/wp-json\/wp\/v2\/tags?post=74452"},{"taxonomy":"generale","embeddable":true,"href":"https:\/\/panm360.com\/en\/wp-json\/wp\/v2\/generale?post=74452"},{"taxonomy":"genre","embeddable":true,"href":"https:\/\/panm360.com\/en\/wp-json\/wp\/v2\/genre?post=74452"},{"taxonomy":"pays","embeddable":true,"href":"https:\/\/panm360.com\/en\/wp-json\/wp\/v2\/pays?post=74452"},{"taxonomy":"salle","embeddable":true,"href":"https:\/\/panm360.com\/en\/wp-json\/wp\/v2\/salle?post=74452"},{"taxonomy":"ville","embeddable":true,"href":"https:\/\/panm360.com\/en\/wp-json\/wp\/v2\/ville?post=74452"}],"curies":[{"name":"wp","href":"https:\/\/api.w.org\/{rel}","templated":true}]}}

Le Festival Nuits d&#8217;Afrique présente Emde

<p class="wp-block-paragraph">De « riches chansons, exécutées avec énergie et confiance » (Le Devoir, 2019). Son instrument à 15 cordes, qu’il nomme « bahouinou » (les cordes d’un homme), entre la kora et le n’goni, EMDE l’a façonné de ses propres mains. Le blues mandingue qu’il en tire habilement, brodé de nuances Jazz, Funk et Reggae, souligne parfaitement la douce voix du jeune griot, descendant Bwa. Également percussionniste, le lauréat du Syli d’or de la musique du monde en 2019 use tout aussi adroitement des tamani, djembé, dunduns, calebasse, karinyan, filen et autre yabara. Une expérience musicale immersive au cœur du Mali.</p>



<p class="wp-block-paragraph">The “richness of the songs, delivered with energy and confidence.” (Le Devoir, 2019). His 15-string instrument, which he made himself and calls the “bahouinou” (the strings of a man), is something between a kora and a ngoni. The Mandinka blues EMDE plays, woven from jazz, funk and reggae, perfectly accompanies the soft voice of this young griot of Bwa ancestry. And this grand winner of the 2019 Syli d’or de la musique du monde is also a percussionist who is just as adept when playing the tamani, djembe, dundun, calabash, karinyan, filen and yaraba. His is music that brings you straight to the musical heart of Mali.</p>



<p class="wp-block-paragraph"><strong>GRATUIT!</strong></p>



<iframe loading="lazy" width="1349" height="500" src="https://www.youtube.com/embed/930D_EFnqzU" title="EMDE   GRAND GAGNANT DU SYLI D'OR 2019" frameborder="0" allow="accelerometer; autoplay; clipboard-write; encrypted-media; gyroscope; picture-in-picture" allowfullscreen></iframe>



<p class="wp-block-paragraph"><strong><em>Ce contenu provient des Productions Nuits d’Afrique et est adapté par PAN M 360.</em></strong></p>

<p>De « riches chansons, exécutées avec énergie et confiance » (Le Devoir, 2019). Son instrument à 15 cordes, qu’il nomme « bahouinou » (les cordes d’un homme), entre la kora et le n’goni, EMDE l’a façonné de ses propres mains. Le blues mandingue qu’il en tire habilement, brodé de nuances Jazz, Funk et Reggae, souligne parfaitement [&hellip;]</p>

<!-- This site is optimized with the Yoast SEO plugin v27.4 - https://yoast.com/product/yoast-seo-wordpress/ -->
<title>Le Festival Nuits d&#039;Afrique présente Emde - PAN M 360</title>
<meta name="robots" content="index, follow, max-snippet:-1, max-image-preview:large, max-video-preview:-1" />
<link rel="canonical" href="https://panm360.com/en/agenda/le-festival-nuits-dafrique-presente-emde/" />
<meta property="og:locale" content="en_US" />
<meta property="og:type" content="article" />
<meta property="og:title" content="Le Festival Nuits d&#039;Afrique présente Emde - PAN M 360" />
<meta property="og:description" content="De « riches chansons, exécutées avec énergie et confiance » (Le Devoir, 2019). Son instrument à 15 cordes, qu’il nomme « bahouinou » (les cordes d’un homme), entre la kora et le n’goni, EMDE l’a façonné de ses propres mains. Le blues mandingue qu’il en tire habilement, brodé de nuances Jazz, Funk et Reggae, souligne parfaitement [&hellip;]" />
<meta property="og:url" content="https://panm360.com/en/agenda/le-festival-nuits-dafrique-presente-emde/" />
<meta property="og:site_name" content="PAN M 360" />
<meta property="article:publisher" content="https://www.facebook.com/panm360/" />
<meta property="article:modified_time" content="2022-07-19T12:41:40+00:00" />
<meta property="og:image" content="https://panm360.com/wp-content/uploads/2022/07/syli-dor-16-scaled.jpg" />
	<meta property="og:image:width" content="1200" />
	<meta property="og:image:height" content="795" />
	<meta property="og:image:type" content="image/jpeg" />
<meta name="twitter:card" content="summary_large_image" />
<meta name="twitter:site" content="@PANM360" />
<meta name="twitter:label1" content="Est. reading time" />
	<meta name="twitter:data1" content="2 minutes" />
<script type="application/ld+json" class="yoast-schema-graph">{"@context":"https:\/\/schema.org","@graph":[{"@type":"WebPage","@id":"https:\/\/panm360.com\/en\/agenda\/le-festival-nuits-dafrique-presente-emde\/","url":"https:\/\/panm360.com\/en\/agenda\/le-festival-nuits-dafrique-presente-emde\/","name":"Le Festival Nuits d'Afrique présente Emde - PAN M 360","isPartOf":{"@id":"https:\/\/panm360.com\/en\/#website"},"datePublished":"2022-07-19T12:22:00+00:00","dateModified":"2022-07-19T12:41:40+00:00","breadcrumb":{"@id":"https:\/\/panm360.com\/en\/agenda\/le-festival-nuits-dafrique-presente-emde\/#breadcrumb"},"inLanguage":"en-US","potentialAction":[{"@type":"ReadAction","target":["https:\/\/panm360.com\/en\/agenda\/le-festival-nuits-dafrique-presente-emde\/"]}]},{"@type":"BreadcrumbList","@id":"https:\/\/panm360.com\/en\/agenda\/le-festival-nuits-dafrique-presente-emde\/#breadcrumb","itemListElement":[{"@type":"ListItem","position":1,"name":"Accueil","item":"https:\/\/panm360.com\/en\/"},{"@type":"ListItem","position":2,"name":"Listings","item":"https:\/\/panm360.com\/en\/agenda\/"},{"@type":"ListItem","position":3,"name":"Le Festival Nuits d&#8217;Afrique présente Emde"}]},{"@type":"WebSite","@id":"https:\/\/panm360.com\/en\/#website","url":"https:\/\/panm360.com\/en\/","name":"PAN M 360","description":"Le média numérique de la musique !","publisher":{"@id":"https:\/\/panm360.com\/en\/#organization"},"potentialAction":[{"@type":"SearchAction","target":{"@type":"EntryPoint","urlTemplate":"https:\/\/panm360.com\/en\/?s={search_term_string}"},"query-input":{"@type":"PropertyValueSpecification","valueRequired":true,"valueName":"search_term_string"}}],"inLanguage":"en-US"},{"@type":"Organization","@id":"https:\/\/panm360.com\/en\/#organization","name":"PAN M 360","url":"https:\/\/panm360.com\/en\/","logo":{"@type":"ImageObject","inLanguage":"en-US","@id":"https:\/\/panm360.com\/en\/#\/schema\/logo\/image\/","url":"https:\/\/panm360.com\/wp-content\/uploads\/2019\/12\/PAN-M360_Logo_RGB.jpg","contentUrl":"https:\/\/panm360.com\/wp-content\/uploads\/2019\/12\/PAN-M360_Logo_RGB.jpg","width":1663,"height":631,"caption":"PAN M 360"},"image":{"@id":"https:\/\/panm360.com\/en\/#\/schema\/logo\/image\/"},"sameAs":["https:\/\/www.facebook.com\/panm360\/","https:\/\/x.com\/PANM360","https:\/\/www.instagram.com\/panm360\/","https:\/\/www.linkedin.com\/company\/panm360\/","https:\/\/www.youtube.com\/channel\/UCHEFHd3UhIrV6EJ3ltzVKOA?view_as=subscriber"]}]}</script>
<!-- / Yoast SEO plugin. -->

Le Festival Nuits d'Afrique présente Emde - PAN M 360

De « riches chansons, exécutées avec énergie et confiance » (Le Devoir, 2019). Son instrument à 15 cordes, qu’il nomme « bahouinou » (les cordes d’un homme), entre la kora et le n’goni, EMDE l’a façonné de ses propres mains. Le blues mandingue qu’il en tire habilement, brodé de nuances Jazz, Funk et Reggae, souligne parfaitement [&hellip;]

Le média numérique de la musique !
