{"id":107654,"date":"2023-09-07T00:08:00","date_gmt":"2023-09-07T04:08:00","guid":{"rendered":"https:\/\/panm360.com\/?post_type=agenda&#038;p=107654"},"modified":"2023-10-07T00:08:54","modified_gmt":"2023-10-07T04:08:54","slug":"nick-cave-a-la-place-des-arts","status":"publish","type":"agenda","link":"https:\/\/panm360.com\/en\/agenda\/nick-cave-a-la-place-des-arts\/","title":{"rendered":"Nick Cave \u00e0 la Place des Arts"},"content":{"rendered":"\n<p class=\"wp-block-paragraph\">Nick Cave sera en&nbsp;tourn\u00e9e nord-am\u00e9ricaine en solo \u00e0 automne 2023! Il sera accompagn\u00e9 de Colin Greenwood \u00e0 la guitare basse et interpr\u00e9tera des chansons de son vaste catalogue.<\/p>\n\n\n\n<p class=\"wp-block-paragraph\">Il joue, \u00e9crit et enregistre de la musique depuis plus de quarante ans. Il est surtout connu comme chanteur et compositeur du groupe Nick Cave and The Bad Seeds. Son \u0153uvre s&#8217;\u00e9tend \u00e0 un large \u00e9ventail de disciplines cr\u00e9atives : composition de partitions, \u00e9criture de livres, de romans et de sc\u00e9narios de films et, plus r\u00e9cemment, art de la c\u00e9ramique.<br><br><\/p>\n\n\n\n<p class=\"wp-block-paragraph\">Nick Cave will be on a North American solo tour in Fall 2023!&nbsp;Performing songs from his extensive catalog, he&nbsp;will be accompanied by Colin Greenwood on bass guitar.<\/p>\n\n\n\n<p class=\"wp-block-paragraph\">He\u00a0has been performing, writing and recording music for more than forty years. He is best known as the lead singer and songwriter of Nick Cave and The Bad Seeds. His body of work extends across a diverse range of creative disciplines &#8211; score composition, writing of books, novels and film scripts, and more recently ceramic art.<\/p>\n\n\n\n<p class=\"wp-block-paragraph\"><\/p>\n\n\n\n<p class=\"wp-block-paragraph\"><strong><a href=\"https:\/\/am.ticketmaster.com\/pda\/fr-ca\/virtual-venue\/UDNXMTAxMg==?_ga=2.5470579.1199363179.1696649344-511893608.1682980639&amp;_gl=1*fhml9c*_ga*NTExODkzNjA4LjE2ODI5ODA2Mzk.*_ga_J8N9JDT8D3*MTY5NjY0OTM0NC4zOC4xLjE2OTY2NTExNTguMzguMC4w*_gcl_au*MTY4NjY5NjUwNS4xNjkxMTcwMjc5\">POUR ACHETER VOTRE BILLET, C\u2019EST ICI!<\/a><\/strong><br><\/p>\n\n\n\n<iframe style=\"border-radius:12px\" src=\"https:\/\/open.spotify.com\/embed\/artist\/1RM5gp0RFfjpJhCYFPB30p?utm_source=generator\" width=\"100%\" height=\"352\" frameBorder=\"0\" allowfullscreen=\"\" allow=\"autoplay; clipboard-write; encrypted-media; fullscreen; picture-in-picture\" loading=\"lazy\"><\/iframe>\n\n\n\n<p class=\"wp-block-paragraph\"><strong><em>Ce contenu provient de la Place des Arts et est adapt\u00e9 par PAN M 360.<\/em><\/strong><\/p>\n","protected":false},"excerpt":{"rendered":"<p>Nick Cave sera en&nbsp;tourn\u00e9e nord-am\u00e9ricaine en solo \u00e0 automne 2023! Il sera accompagn\u00e9 de Colin Greenwood \u00e0 la guitare basse et interpr\u00e9tera des chansons de son vaste catalogue. Il joue, \u00e9crit et enregistre de la musique depuis plus de quarante ans. Il est surtout connu comme chanteur et compositeur du groupe Nick Cave and The [&hellip;]<\/p>\n","protected":false},"author":936,"featured_media":0,"menu_order":0,"template":"","format":"standard","meta":{"_acf_changed":false,"_crdt_document":""},"categories":[4322],"tags":[],"generale":[3814],"genre":[3273],"pays":[3833],"salle":[7078],"ville":[7246],"class_list":["post-107654","agenda","type-agenda","status-publish","format-standard","hentry","category-listings-360","generale-lire-en","genre-rock-2","pays-australie-en","salle-salle-wilfrid-pelletier-en","ville-montreal-en"],"acf":[],"yoast_head":"<!-- This site is optimized with the Yoast SEO plugin v27.4 - https:\/\/yoast.com\/product\/yoast-seo-wordpress\/ -->\n<title>Nick Cave \u00e0 la Place des Arts - PAN M 360<\/title>\n<meta name=\"robots\" content=\"index, follow, max-snippet:-1, max-image-preview:large, max-video-preview:-1\" \/>\n<link rel=\"canonical\" href=\"https:\/\/panm360.com\/en\/agenda\/nick-cave-a-la-place-des-arts\/\" \/>\n<meta property=\"og:locale\" content=\"en_US\" \/>\n<meta property=\"og:type\" content=\"article\" \/>\n<meta property=\"og:title\" content=\"Nick Cave \u00e0 la Place des Arts - PAN M 360\" \/>\n<meta property=\"og:description\" content=\"Nick Cave sera en&nbsp;tourn\u00e9e nord-am\u00e9ricaine en solo \u00e0 automne 2023! Il sera accompagn\u00e9 de Colin Greenwood \u00e0 la guitare basse et interpr\u00e9tera des chansons de son vaste catalogue. Il joue, \u00e9crit et enregistre de la musique depuis plus de quarante ans. Il est surtout connu comme chanteur et compositeur du groupe Nick Cave and The [&hellip;]\" \/>\n<meta property=\"og:url\" content=\"https:\/\/panm360.com\/en\/agenda\/nick-cave-a-la-place-des-arts\/\" \/>\n<meta property=\"og:site_name\" content=\"PAN M 360\" \/>\n<meta property=\"article:publisher\" content=\"https:\/\/www.facebook.com\/panm360\/\" \/>\n<meta property=\"article:modified_time\" content=\"2023-10-07T04:08:54+00:00\" \/>\n<meta property=\"og:image\" content=\"https:\/\/panm360.com\/wp-content\/uploads\/2023\/10\/231012_nick-cave_775-2.jpg\" \/>\n\t<meta property=\"og:image:width\" content=\"775\" \/>\n\t<meta property=\"og:image:height\" content=\"515\" \/>\n\t<meta property=\"og:image:type\" content=\"image\/jpeg\" \/>\n<meta name=\"twitter:card\" content=\"summary_large_image\" \/>\n<meta name=\"twitter:site\" content=\"@PANM360\" \/>\n<meta name=\"twitter:label1\" content=\"Est. reading time\" \/>\n\t<meta name=\"twitter:data1\" content=\"1 minute\" \/>\n<script type=\"application\/ld+json\" class=\"yoast-schema-graph\">{\"@context\":\"https:\\\/\\\/schema.org\",\"@graph\":[{\"@type\":\"WebPage\",\"@id\":\"https:\\\/\\\/panm360.com\\\/en\\\/agenda\\\/nick-cave-a-la-place-des-arts\\\/\",\"url\":\"https:\\\/\\\/panm360.com\\\/en\\\/agenda\\\/nick-cave-a-la-place-des-arts\\\/\",\"name\":\"Nick Cave \u00e0 la Place des Arts - PAN M 360\",\"isPartOf\":{\"@id\":\"https:\\\/\\\/panm360.com\\\/en\\\/#website\"},\"datePublished\":\"2023-09-07T04:08:00+00:00\",\"dateModified\":\"2023-10-07T04:08:54+00:00\",\"breadcrumb\":{\"@id\":\"https:\\\/\\\/panm360.com\\\/en\\\/agenda\\\/nick-cave-a-la-place-des-arts\\\/#breadcrumb\"},\"inLanguage\":\"en-US\",\"potentialAction\":[{\"@type\":\"ReadAction\",\"target\":[\"https:\\\/\\\/panm360.com\\\/en\\\/agenda\\\/nick-cave-a-la-place-des-arts\\\/\"]}]},{\"@type\":\"BreadcrumbList\",\"@id\":\"https:\\\/\\\/panm360.com\\\/en\\\/agenda\\\/nick-cave-a-la-place-des-arts\\\/#breadcrumb\",\"itemListElement\":[{\"@type\":\"ListItem\",\"position\":1,\"name\":\"Accueil\",\"item\":\"https:\\\/\\\/panm360.com\\\/en\\\/\"},{\"@type\":\"ListItem\",\"position\":2,\"name\":\"Listings\",\"item\":\"https:\\\/\\\/panm360.com\\\/en\\\/agenda\\\/\"},{\"@type\":\"ListItem\",\"position\":3,\"name\":\"Nick Cave \u00e0 la Place des Arts\"}]},{\"@type\":\"WebSite\",\"@id\":\"https:\\\/\\\/panm360.com\\\/en\\\/#website\",\"url\":\"https:\\\/\\\/panm360.com\\\/en\\\/\",\"name\":\"PAN M 360\",\"description\":\"Le m\u00e9dia num\u00e9rique de la musique !\",\"publisher\":{\"@id\":\"https:\\\/\\\/panm360.com\\\/en\\\/#organization\"},\"potentialAction\":[{\"@type\":\"SearchAction\",\"target\":{\"@type\":\"EntryPoint\",\"urlTemplate\":\"https:\\\/\\\/panm360.com\\\/en\\\/?s={search_term_string}\"},\"query-input\":{\"@type\":\"PropertyValueSpecification\",\"valueRequired\":true,\"valueName\":\"search_term_string\"}}],\"inLanguage\":\"en-US\"},{\"@type\":\"Organization\",\"@id\":\"https:\\\/\\\/panm360.com\\\/en\\\/#organization\",\"name\":\"PAN M 360\",\"url\":\"https:\\\/\\\/panm360.com\\\/en\\\/\",\"logo\":{\"@type\":\"ImageObject\",\"inLanguage\":\"en-US\",\"@id\":\"https:\\\/\\\/panm360.com\\\/en\\\/#\\\/schema\\\/logo\\\/image\\\/\",\"url\":\"https:\\\/\\\/panm360.com\\\/wp-content\\\/uploads\\\/2019\\\/12\\\/PAN-M360_Logo_RGB.jpg\",\"contentUrl\":\"https:\\\/\\\/panm360.com\\\/wp-content\\\/uploads\\\/2019\\\/12\\\/PAN-M360_Logo_RGB.jpg\",\"width\":1663,\"height\":631,\"caption\":\"PAN M 360\"},\"image\":{\"@id\":\"https:\\\/\\\/panm360.com\\\/en\\\/#\\\/schema\\\/logo\\\/image\\\/\"},\"sameAs\":[\"https:\\\/\\\/www.facebook.com\\\/panm360\\\/\",\"https:\\\/\\\/x.com\\\/PANM360\",\"https:\\\/\\\/www.instagram.com\\\/panm360\\\/\",\"https:\\\/\\\/www.linkedin.com\\\/company\\\/panm360\\\/\",\"https:\\\/\\\/www.youtube.com\\\/channel\\\/UCHEFHd3UhIrV6EJ3ltzVKOA?view_as=subscriber\"]}]}<\/script>\n<!-- \/ Yoast SEO plugin. -->","yoast_head_json":{"title":"Nick Cave \u00e0 la Place des Arts - PAN M 360","robots":{"index":"index","follow":"follow","max-snippet":"max-snippet:-1","max-image-preview":"max-image-preview:large","max-video-preview":"max-video-preview:-1"},"canonical":"https:\/\/panm360.com\/en\/agenda\/nick-cave-a-la-place-des-arts\/","og_locale":"en_US","og_type":"article","og_title":"Nick Cave \u00e0 la Place des Arts - PAN M 360","og_description":"Nick Cave sera en&nbsp;tourn\u00e9e nord-am\u00e9ricaine en solo \u00e0 automne 2023! Il sera accompagn\u00e9 de Colin Greenwood \u00e0 la guitare basse et interpr\u00e9tera des chansons de son vaste catalogue. Il joue, \u00e9crit et enregistre de la musique depuis plus de quarante ans. Il est surtout connu comme chanteur et compositeur du groupe Nick Cave and The [&hellip;]","og_url":"https:\/\/panm360.com\/en\/agenda\/nick-cave-a-la-place-des-arts\/","og_site_name":"PAN M 360","article_publisher":"https:\/\/www.facebook.com\/panm360\/","article_modified_time":"2023-10-07T04:08:54+00:00","og_image":[{"width":775,"height":515,"url":"https:\/\/panm360.com\/wp-content\/uploads\/2023\/10\/231012_nick-cave_775-2.jpg","type":"image\/jpeg"}],"twitter_card":"summary_large_image","twitter_site":"@PANM360","twitter_misc":{"Est. reading time":"1 minute"},"schema":{"@context":"https:\/\/schema.org","@graph":[{"@type":"WebPage","@id":"https:\/\/panm360.com\/en\/agenda\/nick-cave-a-la-place-des-arts\/","url":"https:\/\/panm360.com\/en\/agenda\/nick-cave-a-la-place-des-arts\/","name":"Nick Cave \u00e0 la Place des Arts - PAN M 360","isPartOf":{"@id":"https:\/\/panm360.com\/en\/#website"},"datePublished":"2023-09-07T04:08:00+00:00","dateModified":"2023-10-07T04:08:54+00:00","breadcrumb":{"@id":"https:\/\/panm360.com\/en\/agenda\/nick-cave-a-la-place-des-arts\/#breadcrumb"},"inLanguage":"en-US","potentialAction":[{"@type":"ReadAction","target":["https:\/\/panm360.com\/en\/agenda\/nick-cave-a-la-place-des-arts\/"]}]},{"@type":"BreadcrumbList","@id":"https:\/\/panm360.com\/en\/agenda\/nick-cave-a-la-place-des-arts\/#breadcrumb","itemListElement":[{"@type":"ListItem","position":1,"name":"Accueil","item":"https:\/\/panm360.com\/en\/"},{"@type":"ListItem","position":2,"name":"Listings","item":"https:\/\/panm360.com\/en\/agenda\/"},{"@type":"ListItem","position":3,"name":"Nick Cave \u00e0 la Place des Arts"}]},{"@type":"WebSite","@id":"https:\/\/panm360.com\/en\/#website","url":"https:\/\/panm360.com\/en\/","name":"PAN M 360","description":"Le m\u00e9dia num\u00e9rique de la musique !","publisher":{"@id":"https:\/\/panm360.com\/en\/#organization"},"potentialAction":[{"@type":"SearchAction","target":{"@type":"EntryPoint","urlTemplate":"https:\/\/panm360.com\/en\/?s={search_term_string}"},"query-input":{"@type":"PropertyValueSpecification","valueRequired":true,"valueName":"search_term_string"}}],"inLanguage":"en-US"},{"@type":"Organization","@id":"https:\/\/panm360.com\/en\/#organization","name":"PAN M 360","url":"https:\/\/panm360.com\/en\/","logo":{"@type":"ImageObject","inLanguage":"en-US","@id":"https:\/\/panm360.com\/en\/#\/schema\/logo\/image\/","url":"https:\/\/panm360.com\/wp-content\/uploads\/2019\/12\/PAN-M360_Logo_RGB.jpg","contentUrl":"https:\/\/panm360.com\/wp-content\/uploads\/2019\/12\/PAN-M360_Logo_RGB.jpg","width":1663,"height":631,"caption":"PAN M 360"},"image":{"@id":"https:\/\/panm360.com\/en\/#\/schema\/logo\/image\/"},"sameAs":["https:\/\/www.facebook.com\/panm360\/","https:\/\/x.com\/PANM360","https:\/\/www.instagram.com\/panm360\/","https:\/\/www.linkedin.com\/company\/panm360\/","https:\/\/www.youtube.com\/channel\/UCHEFHd3UhIrV6EJ3ltzVKOA?view_as=subscriber"]}]}},"_links":{"self":[{"href":"https:\/\/panm360.com\/en\/wp-json\/wp\/v2\/agenda\/107654","targetHints":{"allow":["GET"]}}],"collection":[{"href":"https:\/\/panm360.com\/en\/wp-json\/wp\/v2\/agenda"}],"about":[{"href":"https:\/\/panm360.com\/en\/wp-json\/wp\/v2\/types\/agenda"}],"author":[{"embeddable":true,"href":"https:\/\/panm360.com\/en\/wp-json\/wp\/v2\/users\/936"}],"wp:attachment":[{"href":"https:\/\/panm360.com\/en\/wp-json\/wp\/v2\/media?parent=107654"}],"wp:term":[{"taxonomy":"category","embeddable":true,"href":"https:\/\/panm360.com\/en\/wp-json\/wp\/v2\/categories?post=107654"},{"taxonomy":"post_tag","embeddable":true,"href":"https:\/\/panm360.com\/en\/wp-json\/wp\/v2\/tags?post=107654"},{"taxonomy":"generale","embeddable":true,"href":"https:\/\/panm360.com\/en\/wp-json\/wp\/v2\/generale?post=107654"},{"taxonomy":"genre","embeddable":true,"href":"https:\/\/panm360.com\/en\/wp-json\/wp\/v2\/genre?post=107654"},{"taxonomy":"pays","embeddable":true,"href":"https:\/\/panm360.com\/en\/wp-json\/wp\/v2\/pays?post=107654"},{"taxonomy":"salle","embeddable":true,"href":"https:\/\/panm360.com\/en\/wp-json\/wp\/v2\/salle?post=107654"},{"taxonomy":"ville","embeddable":true,"href":"https:\/\/panm360.com\/en\/wp-json\/wp\/v2\/ville?post=107654"}],"curies":[{"name":"wp","href":"https:\/\/api.w.org\/{rel}","templated":true}]}}

Nick Cave à la Place des Arts

<p class="wp-block-paragraph">Nick Cave sera en&nbsp;tournée nord-américaine en solo à automne 2023! Il sera accompagné de Colin Greenwood à la guitare basse et interprétera des chansons de son vaste catalogue.</p>



<p class="wp-block-paragraph">Il joue, écrit et enregistre de la musique depuis plus de quarante ans. Il est surtout connu comme chanteur et compositeur du groupe Nick Cave and The Bad Seeds. Son œuvre s&#8217;étend à un large éventail de disciplines créatives : composition de partitions, écriture de livres, de romans et de scénarios de films et, plus récemment, art de la céramique.<br><br></p>



<p class="wp-block-paragraph">Nick Cave will be on a North American solo tour in Fall 2023!&nbsp;Performing songs from his extensive catalog, he&nbsp;will be accompanied by Colin Greenwood on bass guitar.</p>



<p class="wp-block-paragraph">He has been performing, writing and recording music for more than forty years. He is best known as the lead singer and songwriter of Nick Cave and The Bad Seeds. His body of work extends across a diverse range of creative disciplines &#8211; score composition, writing of books, novels and film scripts, and more recently ceramic art.</p>



<p class="wp-block-paragraph"></p>



<p class="wp-block-paragraph"><strong><a href="https://am.ticketmaster.com/pda/fr-ca/virtual-venue/UDNXMTAxMg==?_ga=2.5470579.1199363179.1696649344-511893608.1682980639&amp;_gl=1*fhml9c*_ga*NTExODkzNjA4LjE2ODI5ODA2Mzk.*_ga_J8N9JDT8D3*MTY5NjY0OTM0NC4zOC4xLjE2OTY2NTExNTguMzguMC4w*_gcl_au*MTY4NjY5NjUwNS4xNjkxMTcwMjc5">POUR ACHETER VOTRE BILLET, C’EST ICI!</a></strong><br></p>



<iframe style="border-radius:12px" src="https://open.spotify.com/embed/artist/1RM5gp0RFfjpJhCYFPB30p?utm_source=generator" width="100%" height="352" frameBorder="0" allowfullscreen="" allow="autoplay; clipboard-write; encrypted-media; fullscreen; picture-in-picture" loading="lazy"></iframe>



<p class="wp-block-paragraph"><strong><em>Ce contenu provient de la Place des Arts et est adapté par PAN M 360.</em></strong></p>

<p>Nick Cave sera en&nbsp;tournée nord-américaine en solo à automne 2023! Il sera accompagné de Colin Greenwood à la guitare basse et interprétera des chansons de son vaste catalogue. Il joue, écrit et enregistre de la musique depuis plus de quarante ans. Il est surtout connu comme chanteur et compositeur du groupe Nick Cave and The [&hellip;]</p>

<!-- This site is optimized with the Yoast SEO plugin v27.4 - https://yoast.com/product/yoast-seo-wordpress/ -->
<title>Nick Cave à la Place des Arts - PAN M 360</title>
<meta name="robots" content="index, follow, max-snippet:-1, max-image-preview:large, max-video-preview:-1" />
<link rel="canonical" href="https://panm360.com/en/agenda/nick-cave-a-la-place-des-arts/" />
<meta property="og:locale" content="en_US" />
<meta property="og:type" content="article" />
<meta property="og:title" content="Nick Cave à la Place des Arts - PAN M 360" />
<meta property="og:description" content="Nick Cave sera en&nbsp;tournée nord-américaine en solo à automne 2023! Il sera accompagné de Colin Greenwood à la guitare basse et interprétera des chansons de son vaste catalogue. Il joue, écrit et enregistre de la musique depuis plus de quarante ans. Il est surtout connu comme chanteur et compositeur du groupe Nick Cave and The [&hellip;]" />
<meta property="og:url" content="https://panm360.com/en/agenda/nick-cave-a-la-place-des-arts/" />
<meta property="og:site_name" content="PAN M 360" />
<meta property="article:publisher" content="https://www.facebook.com/panm360/" />
<meta property="article:modified_time" content="2023-10-07T04:08:54+00:00" />
<meta property="og:image" content="https://panm360.com/wp-content/uploads/2023/10/231012_nick-cave_775-2.jpg" />
	<meta property="og:image:width" content="775" />
	<meta property="og:image:height" content="515" />
	<meta property="og:image:type" content="image/jpeg" />
<meta name="twitter:card" content="summary_large_image" />
<meta name="twitter:site" content="@PANM360" />
<meta name="twitter:label1" content="Est. reading time" />
	<meta name="twitter:data1" content="1 minute" />
<script type="application/ld+json" class="yoast-schema-graph">{"@context":"https:\/\/schema.org","@graph":[{"@type":"WebPage","@id":"https:\/\/panm360.com\/en\/agenda\/nick-cave-a-la-place-des-arts\/","url":"https:\/\/panm360.com\/en\/agenda\/nick-cave-a-la-place-des-arts\/","name":"Nick Cave à la Place des Arts - PAN M 360","isPartOf":{"@id":"https:\/\/panm360.com\/en\/#website"},"datePublished":"2023-09-07T04:08:00+00:00","dateModified":"2023-10-07T04:08:54+00:00","breadcrumb":{"@id":"https:\/\/panm360.com\/en\/agenda\/nick-cave-a-la-place-des-arts\/#breadcrumb"},"inLanguage":"en-US","potentialAction":[{"@type":"ReadAction","target":["https:\/\/panm360.com\/en\/agenda\/nick-cave-a-la-place-des-arts\/"]}]},{"@type":"BreadcrumbList","@id":"https:\/\/panm360.com\/en\/agenda\/nick-cave-a-la-place-des-arts\/#breadcrumb","itemListElement":[{"@type":"ListItem","position":1,"name":"Accueil","item":"https:\/\/panm360.com\/en\/"},{"@type":"ListItem","position":2,"name":"Listings","item":"https:\/\/panm360.com\/en\/agenda\/"},{"@type":"ListItem","position":3,"name":"Nick Cave à la Place des Arts"}]},{"@type":"WebSite","@id":"https:\/\/panm360.com\/en\/#website","url":"https:\/\/panm360.com\/en\/","name":"PAN M 360","description":"Le média numérique de la musique !","publisher":{"@id":"https:\/\/panm360.com\/en\/#organization"},"potentialAction":[{"@type":"SearchAction","target":{"@type":"EntryPoint","urlTemplate":"https:\/\/panm360.com\/en\/?s={search_term_string}"},"query-input":{"@type":"PropertyValueSpecification","valueRequired":true,"valueName":"search_term_string"}}],"inLanguage":"en-US"},{"@type":"Organization","@id":"https:\/\/panm360.com\/en\/#organization","name":"PAN M 360","url":"https:\/\/panm360.com\/en\/","logo":{"@type":"ImageObject","inLanguage":"en-US","@id":"https:\/\/panm360.com\/en\/#\/schema\/logo\/image\/","url":"https:\/\/panm360.com\/wp-content\/uploads\/2019\/12\/PAN-M360_Logo_RGB.jpg","contentUrl":"https:\/\/panm360.com\/wp-content\/uploads\/2019\/12\/PAN-M360_Logo_RGB.jpg","width":1663,"height":631,"caption":"PAN M 360"},"image":{"@id":"https:\/\/panm360.com\/en\/#\/schema\/logo\/image\/"},"sameAs":["https:\/\/www.facebook.com\/panm360\/","https:\/\/x.com\/PANM360","https:\/\/www.instagram.com\/panm360\/","https:\/\/www.linkedin.com\/company\/panm360\/","https:\/\/www.youtube.com\/channel\/UCHEFHd3UhIrV6EJ3ltzVKOA?view_as=subscriber"]}]}</script>
<!-- / Yoast SEO plugin. -->

Nick Cave à la Place des Arts - PAN M 360

Nick Cave sera en&nbsp;tournée nord-américaine en solo à automne 2023! Il sera accompagné de Colin Greenwood à la guitare basse et interprétera des chansons de son vaste catalogue. Il joue, écrit et enregistre de la musique depuis plus de quarante ans. Il est surtout connu comme chanteur et compositeur du groupe Nick Cave and The [&hellip;]

Le média numérique de la musique !
